{"text_format":"1","workbook":"xlsx","n_sheets":10,"sheets":["PSLinkList","PSLink","Custom Design Results","Standard \"Off-Design\" Results","Off-Design Turbine Performance","Pivot Table","Results Comparison","BE Figure","BE Figure (2)","GETEM-Excel Max BE vs. Temp"],"not_rendered":{"charts":12,"images":4,"macros":1,"external_links":0,"defined_names":8,"comments":0,"pivot_tables":1},"unopened":[{"sheet":"Off-Design Turbine Performance","index":4,"reason":"not_a_worksheet"},{"sheet":"BE Figure","index":7,"reason":"not_a_worksheet"},{"sheet":"BE Figure (2)","index":8,"reason":"not_a_worksheet"}],"bounds":{"document_bytes":16777216,"sheet_cells":100000,"rows_first":2000,"rows_last":500,"rows_between":2000,"halvings":0,"cell_chars":16384,"cell_head_chars":4096},"cells_cut":0,"cells_raw":0,"read":"whole","date_system":"1900"}

{"sheet":"PSLinkList","index":0,"n_rows":3,"n_cols":5,"rows_kept":3,"cut":false,"hidden":true,"merged":[]}
["Count:",1]
["Type","Name","Location","Orientation","tmpProtocol"]
["Project",{"$f":"PSLink!B2","v":"ProjectArea1"},"ProjectLoc1","column"]

{"sheet":"PSLink","index":1,"n_rows":74,"n_cols":69,"rows_kept":74,"cut":false,"hidden":false,"merged":[[2,1,2,2],[3,1,3,3],[18,1,18,4]]}
["PS Link Area"]
["Area Name:","ProjectArea1",null,"Project Name:","Geo_ORC_Chad 2018-03-07",null,"Geo_ORC_Chad 2018-03-07","Geo_ORC_Chad 2018-03-07","Geo_ORC_Chad 2018-03-07","Geo_ORC_Chad 2018-03-07","Geo_ORC_Chad 2018-03-07","Geo_ORC_Chad 2018-03-07","Geo_ORC_Chad 2018-03-07","Geo_ORC_Chad 2018-03-07","Geo_ORC_Chad 2018-03-07","Geo_ORC_Chad 2018-03-07","Geo_ORC_Chad 2018-03-07","Geo_ORC_Chad 2018-03-07","Geo_ORC_Chad 2018-03-07","Geo_ORC_Chad 2018-03-07","Geo_ORC_Chad 2018-03-07","Geo_ORC_Chad 2018-03-07","Geo_ORC_Chad 2018-03-07","Geo_ORC_Chad 2018-03-07","Geo_ORC_Chad 2018-03-07","Geo_ORC_Chad 2018-03-07","Geo_ORC_Chad 2018-03-07","Geo_ORC_Chad 2018-03-07","Geo_ORC_Chad 2018-03-07","Geo_ORC_Chad 2018-03-07","Geo_ORC_Chad 2018-03-07","Geo_ORC_Chad 2018-03-07","Geo_ORC_Chad 2018-03-07","Geo_ORC_Chad 2018-03-07","Geo_ORC_Chad 2018-03-07","Geo_ORC_Chad 2018-03-07","Geo_ORC_Chad 2018-03-07","Geo_ORC_Chad 2018-03-07","Geo_ORC_Chad 2018-03-07","Geo_ORC_Chad 2018-03-07","Geo_ORC_Chad 2018-03-07","Geo_ORC_Chad 2018-03-07","Geo_ORC_Chad 2018-03-07","Geo_ORC_Chad 2018-03-07","Geo_ORC_Chad 2018-03-07","Geo_ORC_Chad 2018-03-07","Geo_ORC_Chad 2018-03-07","Geo_ORC_Chad 2018-03-07","Geo_ORC_Chad 2018-03-07","Geo_ORC_Chad 2018-03-07","Geo_ORC_Chad 2018-03-07","Geo_ORC_Chad 2018-03-07","Geo_ORC_Chad 2018-03-07","Geo_ORC_Chad 2018-03-07","Geo_ORC_Chad 2018-03-07","Geo_ORC_Chad 2018-03-07","Geo_ORC_Chad 2018-03-07","Geo_ORC_Chad 2018-03-07","Geo_ORC_Chad 2018-03-07","Geo_ORC_Chad 2018-03-07","Geo_ORC_Chad 2018-03-07","Geo_ORC_Chad 2018-03-07","Geo_ORC_Chad 2018-03-07","Geo_ORC_Chad 2018-03-07","Geo_ORC_Chad 2018-03-07","Geo_ORC_Chad 2018-03-07","Geo_ORC_Chad 2018-03-07","Geo_ORC_Chad 2018-03-07","Geo_ORC_Chad 2018-03-07"]
["Project Location:","C:\\Users\\caugusti\\Desktop\\IPSEpro\\GTO CEMAC Binary Plant",null,"Dataset Id:",1,null,1,1,1,1,1,1,1,1,1,1,1,1,1,1,1,1,1,1,1,1,1,1,1,1,1,1,1,1,1,1,1,1,1,1,1,1,1,1,1,1,1,1,1,1,1,1,1,1,1,1,1,1,1,1,1,1,1,1,1,1,1,1,1]
["Library:","C:\\ProgramData\\SimTech\\IPSEpro 7.0\\LTP_Lib\\LTP_Lib_GTO_CEMAC.IML",null,null,"Off-Design with n-Pentane",null,"Off-Design with n-Pentane","Off-Design with n-Pentane","Off-Design with n-Pentane","Off-Design with n-Pentane","Off-Design with n-Pentane","Off-Design with n-Pentane","Off-Design with n-Pentane","Off-Design with n-Pentane","Off-Design with n-Pentane","Off-Design with n-Pentane","Off-Design with n-Pentane","Off-Design with n-Pentane","Off-Design with n-Pentane","Off-Design with n-Pentane","Off-Design with n-Pentane","Off-Design with n-Pentane","Off-Design with n-Pentane","Off-Design with n-Pentane","Off-Design with n-Pentane","Off-Design with n-Pentane","Off-Design with n-Pentane","Off-Design with n-Pentane","Off-Design with n-Pentane","Off-Design with n-Pentane","Off-Design with n-Pentane","Off-Design with n-Pentane","Off-Design with n-Pentane","Off-Design with n-Pentane","Off-Design with n-Pentane","Off-Design with n-Pentane","Off-Design with n-Pentane","Off-Design with n-Pentane","Off-Design with n-Pentane","Off-Design with n-Pentane","Off-Design with n-Pentane","Off-Design with n-Pentane","Off-Design with n-Pentane","Off-Design with n-Pentane","Off-Design with n-Pentane","Off-Design with n-Pentane","Off-Design with n-Pentane","Off-Design with n-Pentane","Off-Design with n-Pentane","Off-Design with n-Pentane","Off-Design with n-Pentane","Off-Design with n-Pentane","Off-Design with n-Pentane","Off-Design with n-Pentane","Off-Design with n-Pentane","Off-Design with n-Pentane","Off-Design with n-Pentane","Off-Design with n-Pentane","Off-Design with n-Pentane","Off-Design with n-Pentane","Off-Design with n-Pentane","Off-Design with n-Pentane","Off-Design with n-Pentane","Off-Design with n-Pentane","Off-Design with n-Pentane","Off-Design with n-Pentane","Off-Design with n-Pentane","Off-Design with n-Pentane","Off-Design with n-Pentane"]
[null,null,null,"Date:","2018-04-02",null,"2018-03-31","2018-03-31","2018-03-31","2018-03-31","2018-03-31","2018-03-31","2018-03-31","2018-03-31","2018-03-31","2018-03-31","2018-03-31","2018-03-31","2018-03-31","2018-03-31","2018-03-31","2018-03-31","2018-03-31","2018-03-31","2018-03-30","2018-03-30","2018-03-30","2018-03-30","2018-03-30","2018-03-30","2018-03-30","2018-03-30","2018-03-30","2018-03-30","2018-03-30","2018-03-30","2018-03-30","2018-03-30","2018-03-30","2018-03-30","2018-03-30","2018-03-30","2018-03-30","2018-03-30","2018-03-30","2018-03-30","2018-03-30","2018-03-30","2018-03-30","2018-04-02","2018-03-30","2018-03-30","2018-03-30","2018-03-30","2018-03-30","2018-03-30","2018-03-30","2018-03-30","2018-03-30","2018-03-30","2018-03-30","2018-03-30","2018-03-30","2018-03-30","2018-03-30","2018-03-30","2018-03-30","2018-03-30","2018-03-30"]
[null,null,null,"Start Time:","10:23:40",null,"07:39:42","07:38:48","07:38:04","07:37:18","07:36:35","07:35:57","07:35:10","07:34:17","07:32:52","07:32:22","07:31:28","07:31:00","07:30:33","07:29:58","07:29:37","07:29:08","07:28:41","07:27:45","16:47:47","16:46:31","16:45:58","16:45:36","16:45:08","16:43:59","16:43:48","16:43:17","16:42:56","16:33:43","16:33:13","16:32:39","16:32:02","16:30:57","16:30:37","16:29:49","16:29:14","16:28:16","16:27:45","16:27:25","16:27:01","16:26:28","16:25:57","16:25:37","16:25:14","10:18:30","16:24:17","16:21:27","12:33:06","12:32:49","12:32:31","12:32:18","12:31:59","12:31:07","12:30:26","12:29:39","12:29:07","12:28:46","12:28:21","12:27:54","12:27:01","12:26:41","12:26:21","12:25:53","12:24:50"]
[null,null,null,"End Time:","10:23:40",null,"07:39:42","07:38:49","07:38:05","07:37:18","07:36:35","07:35:57","07:35:11","07:34:18","07:32:53","07:32:22","07:31:28","07:31:01","07:30:34","07:29:58","07:29:37","07:29:08","07:28:41","07:27:46","16:47:47","16:46:31","16:45:59","16:45:36","16:45:08","16:43:59","16:43:48","16:43:18","16:42:56","16:33:44","16:33:14","16:32:39","16:32:03","16:30:57","16:30:37","16:29:50","16:29:14","16:28:16","16:27:45","16:27:25","16:27:02","16:26:29","16:25:57","16:25:37","16:25:15","10:18:30","16:24:17","16:21:27","12:33:06","12:32:50","12:32:31","12:32:18","12:31:59","12:31:08","12:30:26","12:29:39","12:29:07","12:28:46","12:28:21","12:27:54","12:27:02","12:26:41","12:26:21","12:25:53","12:24:50"]
[null,null,0,"Status:","Converged",null,"Converged","Converged","Converged","Converged","Converged","Converged","Converged","Converged","Converged","Converged","Converged","Converged","Converged","Converged","Converged","Converged","Converged","Converged","Converged","Converged","Converged","Converged","Converged","Converged","Converged","Converged","Converged","Converged","Converged","Converged","Converged","Converged","Converged","Converged","Converged","Converged","Converged","Converged","Converged","Converged","Converged","Converged","Converged","Converged","Converged","Converged","Converged","Converged","Converged","Converged","Converged","Converged","Converged","Converged","Converged","Converged","Converged","Converged","Converged","Converged","Converged","Converged","Converged"]
["PS Control"]
[null,null,null,"Damping","Yes",null,"Yes","Yes","Yes","Yes","Yes","Yes","Yes","Yes","Yes","Yes","Yes","Yes","Yes","Yes","Yes","Yes","Yes","Yes","Yes","Yes","Yes","Yes","Yes","Yes","Yes","Yes","Yes","Yes","Yes","Yes","Yes","Yes","Yes","Yes","Yes","Yes","Yes","Yes","Yes","Yes","Yes","Yes","Yes","Yes","Yes","Yes","Yes","Yes","Yes","Yes","Yes","Yes","Yes","Yes","Yes","Yes","Yes","Yes","Yes","Yes","Yes","Yes","Yes"]
[null,null,null,"Damping Decrease Factor",0.5,null,0.5,0.5,0.5,0.5,0.5,0.5,0.5,0.5,0.5,0.5,0.5,0.5,0.5,0.5,0.5,0.5,0.5,0.5,0.5,0.5,0.5,0.5,0.5,0.5,0.5,0.5,0.5,0.5,0.5,0.5,0.5,0.5,0.5,0.5,0.5,0.5,0.5,0.5,0.5,0.5,0.5,0.5,0.5,0.5,0.5,0.5,0.5,0.5,0.5,0.5,0.5,0.5,0.5,0.5,0.5,0.5,0.5,0.5,0.5,0.5,0.5,0.5,0.5]
[null,null,null,"Minimum Damping Factor",0.1,null,0.1,0.1,0.1,0.1,0.1,0.1,0.1,0.1,0.1,0.1,0.1,0.1,0.1,0.1,0.1,0.1,0.1,0.1,0.1,0.1,0.1,0.1,0.1,0.1,0.1,0.1,0.1,0.1,0.1,0.1,0.1,0.1,0.1,0.1,0.1,0.1,0.1,0.1,0.1,0.1,0.1,0.1,0.1,0.1,0.1,0.1,0.1,0.1,0.1,0.1,0.1,0.1,0.1,0.1,0.1,0.1,0.1,0.1,0.1,0.1,0.1,0.1,0.1]
[null,null,null,"X Tolerance",0.01,null,0.01,0.01,0.01,0.01,0.01,0.01,0.01,0.01,0.01,0.01,0.01,0.01,0.01,0.01,0.01,0.01,0.01,0.01,0.01,0.01,0.01,0.01,0.01,0.01,0.01,0.01,0.01,0.01,0.01,0.01,0.01,0.01,0.01,0.01,0.01,0.01,0.01,0.01,0.01,0.01,0.01,0.01,0.01,0.01,0.01,0.01,0.01,0.01,0.01,0.01,0.01,0.01,0.01,0.01,0.01,0.01,0.01,0.01,0.01,0.01,0.01,0.01,0.01]
[null,null,null,"Y Tolerance",0.01,null,0.01,0.01,0.01,0.01,0.01,0.01,0.01,0.01,0.01,0.01,0.01,0.01,0.01,0.01,0.01,0.01,0.01,0.01,0.01,0.01,0.01,0.01,0.01,0.01,0.01,0.01,0.01,0.01,0.01,0.01,0.01,0.01,0.01,0.01,0.01,0.01,0.01,0.01,0.01,0.01,0.01,0.01,0.01,0.01,0.01,0.01,0.01,0.01,0.01,0.01,0.01,0.01,0.01,0.01,0.01,0.01,0.01,0.01,0.01,0.01,0.01,0.01,0.01]
[null,null,null,"Extended Protocol","Yes",null,"Yes","Yes","Yes","Yes","Yes","Yes","Yes","Yes","Yes","Yes","Yes","Yes","Yes","Yes","Yes","Yes","Yes","Yes","Yes","Yes","Yes","Yes","Yes","Yes","Yes","Yes","Yes","Yes","Yes","Yes","Yes","Yes","Yes","Yes","Yes","Yes","Yes","Yes","Yes","Yes","Yes","Yes","Yes","Yes","Yes","Yes","Yes","Yes","Yes","Yes","Yes","Yes","Yes","Yes","Yes","Yes","Yes","Yes","Yes","Yes","Yes","Yes","Yes"]
["PS Control End"]
[]
[]
[null,"Variables"]
["Object","Item","UOM","Description","Value",null,"Value","Value","Value","Value","Value","Value","Value","Value","Value","Value","Value","Value","Value","Value","Value","Value","Value","Value","Value","Value","Value","Value","Value","Value","Value","Value","Value","Value","Value","Value","Value","Value","Value","Value","Value","Value","Value","Value","Value","Value","Value","Value","Value","Value","Value","Value","Value","Value","Value","Value","Value","Value","Value","Value","Value","Value","Value","Value","Value","Value","Value","Value","Value"]
["PS Inputs"]
["W_Stream001","mass","kg/s","mass flow",100,null,40,50,60,70,80,90,100,110,120,40,50,60,70,80,90,100,110,120,40,50,60,70,80,90,100,110,120,40,50,60,70,80,90,100,110,120,40,50,60,70,80,90,100,110,120,40,50,60,70,80,90,100,110,120,40,50,60,70,80,90,100,110,120]
["W_Stream001","t","°C","temperature",190,null,160,160,160,160,160,160,160,160,160,165,165,165,165,165,165,165,165,165,170,170,170,170,170,170,170,170,170,175,175,175,175,175,175,175,175,175,180,180,180,180,180,180,180,180,180,185,185,185,185,185,185,185,185,185,190,190,190,190,190,190,190,190,190]
["O_Stream001","p","bar","pressure",10.365,null,3.9686731518807621,4.6356222106813716,5.2378014398509505,5.7864234846950895,6.2865782272000024,6.7468438176441419,7.1694837998136878,7.5608413613871779,7.9234047213182919,4.1788737374950919,4.8951297168406089,5.5443123079059884,6.1371529215046099,6.6812802798136861,7.18184322976711,7.6442472109839859,8.0714878514310531,8.468673029281117,4.3942248151751091,5.1627770869707952,5.8627770869707927,6.5037370869707942,7.0931280488755295,7.636000000000001,8.1397370869707935,8.6066925742262548,9.0411799412122136,4.6177482001863162,5.4388147497671087,6.1914100654080029,6.8832227212289823,7.5200000000000014,8.1107037336407615,8.6583021302370522,9.1675232577377326,9.6417702370225697,4.8456866974407076,5.7253198770598317,6.5329918221017564,7.2777532712717168,7.9667597633517131,8.6058391983918643,9.201174720105092,9.7560000000000002,10.273785600000002,5.0812802798136882,6.0200000000000031,6.8862759957450965,7.6865782272000009,8.4305024418611225,9.1235183869920728,9.7694837596402344,10.373785501920286,10.940254474400172,5.3235184372088851,6.3253198770598331,7.2516147497671097,8.1131280021095886,8.9154085253577566,9.6648102370225697,10.366990214836079,11.024615605017404,11.643080973831008]
["O_Stream002","p","bar","pressure",0.81699999999999995,null,0.81699999999999995,0.81699999999999995,0.81699999999999995,0.81699999999999995,0.81699999999999995,0.81699999999999995,0.81699999999999995,0.81699999999999995,0.81699999999999995,0.81699999999999995,0.81699999999999995,0.81699999999999995,0.81699999999999995,0.81699999999999995,0.81699999999999995,0.81699999999999995,0.81699999999999995,0.81699999999999995,0.81699999999999995,0.81699999999999995,0.81699999999999995,0.81699999999999995,0.81699999999999995,0.81699999999999995,0.81699999999999995,0.81699999999999995,0.81699999999999995,0.81699999999999995,0.81699999999999995,0.81699999999999995,0.81699999999999995,0.81699999999999995,0.81699999999999995,0.81699999999999995,0.81699999999999995,0.81699999999999995,0.81699999999999995,0.81699999999999995,0.81699999999999995,0.81699999999999995,0.81699999999999995,0.81699999999999995,0.81699999999999995,0.81699999999999995,0.81699999999999995,0.81699999999999995,0.81699999999999995,0.81699999999999995,0.81699999999999995,0.81699999999999995,0.81699999999999995,0.81699999999999995,0.81699999999999995,0.81699999999999995,0.81699999999999995,0.81699999999999995,0.81699999999999995,0.81699999999999995,0.81699999999999995,0.81699999999999995,0.81699999999999995,0.81699999999999995,0.81699999999999995]
["PS Inputs End"]
[]
[]
["PS Outputs"]
["generator001","power","kW","electrical power output",7065.7473182862377,null,1406.0250486986929,1956.0248779623616,2479.1509848986429,2954.3174585195438,3420.5745311403589,3816.1323126376196,4222.7260042456492,4568.2336235544126,4875.0208396290827,1574.290855988711,2173.7275975723296,2755.2699340726649,3302.8199079786846,3783.0791749278383,4230.4963819588293,4628.4327724223831,5015.8379698317112,5358.4753280987716,1770.9930619290226,2412.6167673397408,3029.5551116492397,3597.10620420859,4126.7849517080876,4653.8214107794292,5060.5055910103174,5469.156531601091,5850.0337405767577,1941.6472318318586,2663.1493301335968,3333.8615273676787,3943.2634087717947,4559.1050020021266,5041.7276021940825,5507.7107334686998,5949.5249206515909,6381.9101215459114,2141.291362238173,2903.8178080166358,3623.1805026984189,4286.0866208898842,4908.2308094207592,5475.0142624597365,5970.2871003250257,6426.3779298860918,6928.3161520484236,2345.0552202781887,3179.7156135340765,3940.3168218095402,4697.9150120925788,5347.3017177496613,5922.4543615269968,6460.8406123868881,6978.2903418191454,7437.8626467411477,2560.8215325216561,3438.6444570437948,4295.0127720805031,5048.471842833038,5751.6071165654075,6386.6029602796407,6937.7309741143918,7518.7107919475693,8021.0946745545998]
["motor001","power","kW","electrical power input",232.7133315672088,null,29.413593502026274,40.358085391991168,53.394738251791608,66.855465537004335,80.188395011866703,93.754844463601813,106.80242003817283,119.88494745286033,132.60388824448418,32.196211950265436,45.77959027520123,60.64757361649653,75.967878396367581,91.600924531826507,107.22578658402578,122.83196314052144,137.8730227174467,152.74777816085154,35.53929630557208,51.681853879874453,68.801872966620749,86.523364103082741,104.53359717521722,122.31833515691166,140.48169458294461,158.13981495300561,175.46296400177039,39.995078488833911,58.075632934611122,77.548858191111577,97.896950423042682,118.30613754609412,139.36643907626052,160.1998489758036,180.74441459934482,200.5794997111681,44.66684338222997,65.261622668791603,87.376975872329993,110.50637759416807,134.18858736606808,158.0594139279757,182.2013684700363,206.0120394416594,228.97076668848695,49.812718522546646,72.907041587537208,98.027105864464232,124.06834500109596,151.12604991892229,178.84453829373524,206.43125889693496,233.93697458598905,261.43467398356489,55.343147425554974,81.387264728879018,109.48814171131565,139.42269867787743,170.27308665622138,201.70500273877576,233.89898255123649,265.55032302562472,297.44968198476363]
["motor002","power","kW","electrical power input",1016.6609620863251,null,314.74063104131642,372.99560798777975,439.89047774109474,487.39914633792762,557.14269280373867,582.29454128522605,645.83279405281087,667.16694086677944,692.06917788596286,332.83284738142004,399.38595798099169,480.6249814275767,553.89648399083978,602.33972607400551,643.39664980960993,662.31977126548236,715.90926456518582,746.29443756022704,359.74629740196519,430.67369114610256,500.1095602842442,560.76694147090825,613.13384394888635,693.54814838528978,707.26473996690447,749.77983955858815,789.50242748417895,371.42013663525091,470.58800874815796,545.7007376174696,599.79123109504894,690.35675033834968,711.13241114846619,748.40151463618145,791.01649448827493,876.0233823027221,403.4918565286838,485.88356630480132,563.34516704479165,629.76598090918378,691.55828934174747,755.95504242727361,786.61585926802491,833.96914827137766,940.73034032693192,427.02081302385682,524.18893412549915,594.70979573024988,697.68302097530091,764.64414408763605,797.05352766839087,857.11190524574386,913.23800319102031,940.22395784368314,456.6330139038771,544.92919034603244,650.27869560204476,715.77464353621849,789.57996565346946,862.72627594403548,879.34835019046909,956.15883461130397,986.62209611719834]
["O_Turbine001","eta_s","----","isentropic efficiency",0.78446763314653234,null,0.68049102781272697,0.7298298981310245,0.75761214735331583,0.77473420569509432,0.78513371473884286,0.79212816288998056,0.79644726615117323,0.8,0.79918677137224825,0.69855536938414475,0.74218425692978629,0.76723438198742455,0.78283884531516246,0.79120968455433938,0.79657105310687781,0.8,0.79888767130604732,0.79762607068069946,0.71707216049168665,0.75487305048726117,0.777120656284634,0.78846348224374863,0.79565841995088116,0.8,0.79875135220617022,0.79693661854151532,0.79476701043276954,0.72897785234765422,0.76393998142580255,0.78366287706445403,0.79352375578849388,0.8,0.79880945104247081,0.79667941584112734,0.79398151160066577,0.7902020444726251,0.73989113551510366,0.77284504985757574,0.7889103941307809,0.79753361533939371,0.79910010048541757,0.79693966237491731,0.79371542719681587,0.78930727423087321,0.78519960482265017,0.75104875544735794,0.78100711193835826,0.79355082873966509,0.8,0.79781390602112368,0.7943300487625975,0.78919432612040841,0.78441707796090387,0.77996243537757337,0.76032252890347563,0.78571382634002029,0.79727983387795343,0.79880421308818139,0.7953916518394194,0.79002264553591817,0.78447735052640111,0.7792983859759004,0.77445793978832711]
["O_Turbine001","delta_hs","kJ/kg","isentropic enthalpy difference",98.369264077097711,null,56.813335398961449,63.234102541753352,68.531132737115996,72.538632900791697,76.510015645364291,79.084370054979871,82.118588954060669,84.085488394970753,85.91611439689251,58.879937990769491,65.51796545096208,71.171085398322589,75.813000000000002,79.209749083386455,82.12393451219701,84.315923909860601,86.885283457664514,88.828893097928145,61.390945659632884,67.879789118762446,73.221775132897235,77.565035859089164,81.169985522198402,84.850787120921211,86.981081760845925,89.36601681270443,91.484656992407821,63.080670619785273,70.381829701138244,75.813000000000002,80.026851850183832,84.339212304495376,86.944876264913518,89.518608115395566,91.919605129487408,94.448708815045194,65.369685312457619,72.20344599598171,77.750393117320669,82.070952121926396,86.067111095784071,89.467380402803926,91.954438961418262,94.174295071807634,97.186227747360547,67.341431929406113,74.539853570443981,79.934890287176799,85.119127074254735,88.996151255600992,91.875914066248114,94.562450653059543,97.101351149531652,99.005274149229564,69.426969648717062,76.419062505808469,82.538212824272435,87.0352323507134,91.069039925024299,94.330694410080952,96.596647933587292,99.442952906200361,101.40935526094594]
["W_O_Htex002","htc_area","kW/K","heat transfer coefficient x transfer area",1495.1469381910965,null,395.86665327913857,469.76763311915443,534.98786046147052,591.30822774905562,642.73845032127906,686.61635078722622,728.07021782039146,763.87555522245452,796.67351932191264,443.00331885975913,525.90063670257393,599.35945349779286,663.5599938723044,719.43274124337086,769.2831468200427,813.31319882156322,854.86446934494325,891.8086491768147,497.77140658424935,590.29975594193331,671.12227096991023,741.98570137206366,804.72687123793548,862.50435584620323,911.57439434435628,957.46420267234134,999.24625870494845,559.23056805301371,665.09463814439266,755.5265265231269,834.16279735057776,906.36059628970577,967.6667591262493,1023.9155696995398,1075.3259165760994,1124.0617527945158,633.44053717306497,750.08074283310327,851.58197617427209,940.56259611068481,1019.7166117264587,1091.0240490059514,1153.8169280335881,1211.7506338808412,1267.2777692767322,720.49022372337356,852.78701874974479,966.01202650170819,1068.332986674664,1157.323405373777,1235.5402301175566,1307.8140365534714,1373.4047508244564,1432.0486031413043,826.64130063823825,974.74789898314123,1105.2629846047671,1217.569059789223,1318.4459674105753,1409.1841265244686,1488.3532594781718,1563.7072531120682,1630.3660235187649]
["W_O_Htex002","MTD","°C","mean temperature difference",16.540764709159916,null,13.230599673214824,14.529197365171736,15.696198341481788,16.686889323499685,17.631118363590389,18.394294530370349,19.169726946686811,19.80358200626922,20.394611125218702,12.921146711257283,14.232825072145129,15.427284420876306,16.474743679402231,17.37372620145074,18.180814368504823,18.882180622887539,19.588289033604816,20.20409363260908,12.577235053918692,13.881742159426382,15.039393019662267,16.063446453323433,16.979249815433242,17.863250819266803,18.57087931116034,19.26930647223314,19.913831169118264,12.126057591113293,13.474926483841108,14.631186821029203,15.641456065742696,16.618634422153644,17.414182090504092,18.170586107825525,18.879658391651116,19.594974212786308,11.656720362215163,12.945184507774169,14.095509718288563,15.123250417732176,16.057957177064779,16.921785044084011,17.678085315911417,18.401814704474901,19.147315601632805,11.093459846379622,12.378427260819464,13.502011480866656,14.568819915382308,15.504658874086608,16.330732451151093,17.12759776879734,17.867067466134895,18.527781198573919,10.459880030574945,11.699698698040592,12.847708625113926,13.855119689738903,14.793225032255615,15.662050158729786,16.415583715902709,17.179109908419075,17.850597399986615]
["W_O_Htex002","q_trans","kW","transferred heat ",24730.873710239794,null,5237.5532135116173,6825.3466573577816,8397.2755680882237,9867.0949525232372,11332.197694445133,12629.823385748325,13956.907273631694,15127.47220043231,16247.846620329816,5724.1108765608387,7485.0517675174806,9246.4887594514366,10931.980814951929,12499.227466721482,13986.194089154438,15357.126723127201,16745.332310087953,18018.185450338988,6260.5879837298335,8194.3890087582404,10093.271597364757,11918.847583121775,13663.658579940886,15407.131641190876,16928.738060513122,18449.671157485693,19898.821292223416,6781.2620749218468,8962.1013537925937,11054.249757803145,13047.52074643609,15062.475404383806,16851.125146352468,18605.146026368715,20301.785964645882,22025.961059587913,7383.8392079177775,9709.9336117028288,12003.48202108383,14224.363674534174,16374.565683845067,18462.07443520489,20397.274092720592,22298.410632705243,24264.967403274793,7992.7293665843154,10556.1620805648,13043.105472481329,15564.350892525707,17943.904607316665,20177.276930683471,22399.71277447508,24538.715341290746,26532.683184725502,8646.5688329944078,11404.256724650861,14200.096780325826,16869.565053902548,19504.067888774593,22070.712472512048,24432.187529800598,26863.098765804305,29103.007500450582]
["W_O_Htex001","htc_area","kW/K","heat transfer coefficient x transfer area",1077.4435510871315,null,452.45251685526489,548.51523382095365,639.90678269727459,727.08941520693429,810.55399548945172,890.52419409434196,967.4180410412622,1041.3531965301702,1112.6069472937763,459.96138533249541,558.05372973592125,651.49325398613075,740.74457494313037,826.19434744361445,908.198428361222,987.01320095282233,1062.9486444707259,1136.1365422263996,467.27687704938461,567.33298257877073,662.72494526223386,753.93835174534638,841.3604773903221,925.35548176495638,1006.0953101681035,1083.901572548016,1158.9502519148871,474.36467850053322,576.37418828628734,673.69511473117734,766.82324124398747,856.19323338588447,942.01822817404116,1024.6385106748817,1104.2701357735111,1181.1387614439509,481.30649454487457,585.15586146978387,684.35832998015803,779.37473374838567,870.57546880844268,958.27160838428301,1042.6836699764217,1124.0717611407654,1202.6553217139342,488.06635393583616,593.75429144081136,694.78395841988618,791.65548445383092,884.66535681181165,974.10938210616541,1060.2768543616066,1143.348540080166,1223.5084158174359,494.67785419573795,602.14050635231479,704.99191212859944,803.61701088634186,898.38741400325523,989.57313306004858,1077.3805029458072,1162.0732725444632,1243.7761442329438]
["W_O_Htex001","MTD","°C","mean temperature difference",22.887356805704357,null,25.977043920365738,24.460345403276758,23.198732038853436,22.120558582199429,21.187009135077069,20.362968113264269,19.632679655429758,18.975804513261942,18.382553470078705,26.715427529695905,25.159453160948136,23.863164668277243,22.754537969446115,21.789474072363259,20.939467510312305,20.182091229940763,19.503584565732513,18.889095272900704,27.455988559400669,25.859078616208237,24.524911801493108,23.383148912093347,22.388933950966585,21.513479677034862,20.73072312924802,20.027951911955054,19.391567134221351,28.19249865075578,26.559296813227043,25.188659546336922,24.013059028949478,22.990244131600456,22.083980029880838,21.275919714870973,20.548778896285686,19.890511274865823,28.93339689497002,27.256176061679579,25.849333999890455,24.64114819661328,23.585936252661003,22.652643904919703,21.817279339636062,21.064767872973967,20.382806699736449,29.672355049384141,27.95530204408599,26.510358113592858,25.269546644896437,24.182161059817144,23.217464256886803,22.354692601137199,21.575413459762288,20.866684765141436,30.412134916582925,28.652156743171386,27.171733617855644,25.89349935794348,24.773329734283269,23.778490703940005,22.884872970406654,22.077907810955658,21.342397735937201]
["W_O_Htex001","q_trans","kW","transferred heat ",24659.83499173633,null,11753.378902229235,13416.872078219643,14845.025981638888,16083.624003582116,17173.214906908233,18133.715768433445,18993.008492646499,19760.514686616953,20452.556699808883,12288.065056308815,14040.326674583321,15546.690800142809,16855.300556204682,18002.340312355718,19017.191483586506,19919.990466785715,20731.308776465547,21460.591389138433,12829.548590340379,14670.708198072331,16253.270831205633,17629.452749399647,18837.164157245639,19907.616350983193,20857.083316729866,21708.328572284125,22473.861615230278,13373.525558592482,15308.093142178317,16969.476882994019,18413.771756762239,19684.091459365849,20803.511738779256,21800.126689883746,22691.402861781255,23493.453851681959,13925.831834793578,15949.111183744213,17690.20704726435,19204.688314989988,20533.337510446396,21707.385508923828,22748.52089075249,23678.310720995261,24513.490948904469,14482.078141642516,16598.580557200141,18418.971549290793,20004.775191094166,21393.120142463831,22616.349761347985,23702.163151354431,24668.217480845178,25530.564420360024,15044.209642046519,17252.624169419109,19155.852439101,20808.45655541795,22256.047636232695,23530.555545337149,24655.715950707632,25656.146580812205,26545.165164689879]
["O_Xprescription003","x","---","vapor quality",1.2166634983400246,null,1.1319015283071632,1.1388582537323138,1.1466331240803587,1.153425259468069,1.1603205644139665,1.1658770731467041,1.1716807799296987,1.1763056445540641,1.1814099438572103,1.1341108403394791,1.1423083153124769,1.1508965475990496,1.15837697381588,1.1654797464360969,1.1717847114313742,1.1773105710286929,1.1836065968086436,1.1890698804935711,1.1359795814719593,1.1456127245607191,1.1544243843325326,1.1628435808334221,1.1703533650674915,1.1776041894239266,1.1843729786236707,1.1909110494963386,1.1969007713424147,1.1386159358919896,1.14957457554245,1.1590280172694094,1.1677534297308365,1.1760705859038665,1.1840504333321618,1.1915645450548227,1.1985420688036905,1.2061544850271162,1.1419803957375099,1.1528069889993617,1.1632144542030398,1.1730339232386171,1.1819635119658376,1.190968640744275,1.1989406919763133,1.207215382470707,1.2148905834354184,1.1448200716825547,1.1565557240929554,1.1677075939813277,1.1783009176057562,1.188766009428329,1.1980207824919415,1.2076340337128375,1.2159015577505425,1.2231566638724365,1.1480078130800826,1.1605433302273929,1.1726511696346547,1.1841368871246762,1.195308142233712,1.2063258873669911,1.2154813165405918,1.2243285411217508,1.2319686415806805]
["O_Condenser_a001","htc_area","kW/K","heat transfer coefficient x heat transfer area",4044.6324862653105,null,1486.56888230394,1726.7014180272618,1968.2778876356663,2160.1506793607664,2386.9786492850053,2519.3824607025399,2720.2118608113633,2833.936516308413,2948.8860132312088,1561.9683475194142,1825.6944954603971,2103.4377029888242,2353.5810118469367,2546.3886598441763,2717.8384828921958,2839.4621072648838,3022.9405560190999,3156.1073711927829,1657.9876690001774,1936.5673227476136,2199.2101942591685,2433.2434990844972,2642.5156969678787,2898.7288319804043,3018.4128206663718,3188.4626342525926,3348.010198415056,1720.4079914603346,2064.7638131853191,2347.5393136383982,2578.3976237705483,2870.8366675161424,3020.7702473258041,3195.1463899522096,3374.4112805459617,3632.9126767089674,1825.4300290479005,2146.2784495103692,2443.5417032029122,2708.3990584465632,2955.7050635386263,3200.5927341282995,3371.6202723825854,3570.5269553225653,3883.0160679368691,1914.6542520193038,2274.8966807492729,2568.8806383934984,2916.1008005403346,3184.6552069949339,3378.4206131503279,3620.1130045134405,3848.1253754627915,4011.1602803027554,2016.6882287327376,2370.0385519050028,2744.0345506895464,3030.3633233906239,3324.738272910618,3611.3204876079035,3777.3529570417613,4060.1226241628092,4241.0291500337444]
["O_Condenser_a001","MTD","°C","mean temperature difference",10.442177116822387,null,10.46191455275833,10.563740297441504,10.520404961817194,10.616099176740075,10.478983457203103,10.665746587745842,10.530573377278197,10.668910785236154,10.763043732390061,10.50008584984047,10.572191580330085,10.448002991827833,10.373103945871842,10.462533932088149,10.556600680243143,10.764014790387478,10.709161262113513,10.782708422622658,10.420366534556591,10.532901663184814,10.572677347972691,10.635048502804947,10.707309515063836,10.547645278612988,10.812995295369198,10.851632323356558,10.88201552237436,10.560082868571961,10.435786469265157,10.487334797905545,10.642290072144565,10.485353117106932,10.767282762409023,10.894315825498362,10.951414450550542,10.748327034479974,10.473530142711345,10.572674730428426,10.638917987845828,10.730233838273652,10.797179945360391,10.812158408028488,10.999703611484712,11.052551850689175,10.755139981633052,10.485504183938417,10.509020702586479,10.68326029871101,10.556816999619414,10.644752355825519,10.887205328972158,10.925920685695882,10.951595788745035,11.105184403309128,10.448914786516868,10.610291257156002,10.560536901101296,10.738612822458411,10.803416006396104,10.834173615967753,11.136444938892184,11.063717070612666,11.212714547634828]
["O_Condenser_a001","q_trans","kW","transferred heat",42234.768794036063,null,15552.356623453275,18240.425351263973,20707.080455317329,22932.373848796349,25013.109778554579,26871.094883464837,28645.390602016523,30235.015863517401,31738.989122240881,16400.801743687305,19301.591973161394,21976.723413950698,24413.940480918503,26641.677757904163,28691.135577290745,30564.012119344003,32373.157900191633,34031.385534061876,17276.839220756938,20397.673174637705,23251.539804274533,25877.662631898453,28294.233465849713,30574.763478617449,32638.083629347548,34600.02418367003,36433.0989482203,18167.650957574577,21547.434263867686,24619.430733371271,27440.055433494443,30101.736200445259,32525.487413229173,34808.933880840319,36954.576459871809,39047.733536976004,19118.696432643632,22691.903927601383,25996.639780256894,29061.755224491812,31913.279436439414,34605.315640980181,37086.823686681797,39463.434307986005,41762.381361591382,20076.115170343892,23906.936314239378,27444.020536276657,30784.742503747984,33899.866017151326,36781.558902999634,39553.067560570074,42143.113656481211,44544.674583991226,21072.203453000013,25146.799326400323,28978.47813045387,32541.898441270241,35918.530674640308,39125.673145645349,42066.283220857149,44920.047985730766,47553.44924752674]
["G_Stream001","mass","kg/s","mass flow",4786.2803332730564,null,1481.7495198631341,1756.0048132914831,2070.9353667771866,2294.5987261909031,2622.940402787789,2741.351360050634,3040.4794872956745,3140.917303963005,3258.153129616062,1566.9248363976217,1880.2464413967807,2262.7070204070747,2607.6577609058868,2835.7209456934952,3029.0105023389583,3118.0975898204279,3370.3885180804036,3513.437146239411,1693.6291373766976,2027.5441812584097,2354.4373612597383,2640.0027970032279,2886.5379594534738,3265.1158907315212,3329.6914522755533,3529.84587211797,3716.8535850774661,1748.5877412965388,2215.4545274594584,2569.0734725873344,2823.7230310964865,3250.0912893379855,3347.8998415048277,3523.3569345911101,3723.9815750320431,4124.1806684486846,1899.5763676967977,2287.4636131329889,2652.1406785775307,2964.839451299893,3255.7479464892754,3558.9177585644675,3703.2640747108276,3926.1959313717089,4428.8108767156009,2010.347004059367,2467.7992761476853,2799.8004304869132,3284.5822222778284,3599.8246861851148,3752.4029802584319,4035.1484009706364,4299.3812660032017,4426.4269074170124,2149.7566007513833,2565.4411490604307,3061.4100943931462,3369.7547433930495,3717.2186226156359,4061.5799775325941,4139.8340957006076,4501.4458076504579,4644.8620642693841]
["O_Stream001","mass","kg/s","mass flow",95.339199070442376,null,37.867637965083048,44.131553231710285,49.718267410221344,54.737242103564917,59.290483046602738,63.428604843412721,67.226770262514805,70.710696749023043,73.926715449435463,39.853332486787437,46.545835164631626,52.538825029988772,57.945096723058256,62.852570984019394,67.335626964024527,71.446707258126935,75.241839746766388,78.747267538552904,41.888761816797881,49.025472152303635,55.436780376167846,61.242586994416314,66.53306877455546,71.38577840808955,75.841226308982669,79.959858724646452,83.775711226105813,43.965046918082834,51.573140138694313,58.428192203011655,64.655871793454082,70.357097645384144,75.58576935694596,80.412220404021312,84.881216834086942,89.035737020411801,46.097714651730712,54.183475427209643,61.50459281245476,68.182092159271065,74.307801921899227,79.954505306554822,85.173705957450096,90.019299227872466,94.534590642527235,48.278130540214093,56.871227766461985,64.679679408302135,71.834960347539891,78.416907437698242,84.498092804726667,90.14345567348677,95.394771068319628,100.29146732425529,50.512759295368411,59.630578307056389,67.958919914348797,75.608800314584528,82.677107536125234,89.232938498478433,95.328517392455666,101.02141325327236,106.34219809299069]
["PS Outputs End"]
[]
[]
[null,null,null,"Net Power",{"$f":"E30-E31-E32","v":5816.3730246327032},null,{"$f":"G30-G31-G32","v":1061.8708241553502},1542.6711845825907,1985.8657689057563,2400.0628466446119,2783.2434433247536,3140.0829268887919,3470.0907901546661,3781.1817352347725,4050.3477734986354,1209.2617966570256,1728.5620493161366,2213.9973790285917,2672.9555455914769,3089.1385243220066,3479.8739455651939,3843.2810380163796,4162.0556825490785,4459.4331123776929,1375.7074682214852,1930.2612223137639,2460.6436783983745,2949.8158986345989,3409.1175105839839,3837.9549272372278,4212.7591564604681,4561.2368770894973,4885.0683490908086,1530.2320167077737,2134.4856884508276,2710.6119315590972,3245.5752272537029,3750.4421141176831,{"$f":"AM30-AM31-AM32","v":4191.2287519693555},4599.1093698567147,4977.7640115639715,5305.3072395320214,1693.1326623272589,2352.6726190430431,2972.4583597812971,3545.8142623865324,4082.4839327129439,4560.9998061044871,5001.4698725869648,5386.3967421730549,5758.6150450330051,1868.2216887317852,2582.6196378210402,3247.579920214826,3876.1636461161825,4431.5315237431032,4946.5562955648711,5397.2974482442096,5831.1153640421353,6236.2040149139002,2048.8453711922239,2812.3280019688832,3535.2459347671429,4193.2745006189416,4791.7540642557169,5322.1716815968293,5824.4836413726862,6297.0016343106408,6737.0228964526377]
[null,"Min Mass Flow",120,null,2,null,2,2,2,2,2,2,2,2,2,2,2,2,2,2,2,2,2,2,2,2,2,2,2,2,2,2,2,2,2,2,2,2,2,2,2,2,2,2,2,2,2,2,2,2,2,2,2,2,2,2,2,2,2,2,2,2,2,2,2,2,2,2,2]
[null,"Max Mass Flow",40,"Actual Plant Efficiency (w-hr/lb)",{"$f":"E50*1000/(E22*2.20462*3600)","v":7.3285154516836659},null,{"$f":"G50*1000/(G22*2.20462*3600)","v":3.3448408095378186},3.8874706162074566,4.1702529253083602,4.3200455930075918,4.3835398997407742,4.3960473786316854,4.3722460486446471,4.331104101995054,4.2527986824245634,3.8091151153821472,4.3559082727185459,4.649321817761388,4.8112447726863721,4.8653171211699222,4.871747368636405,4.8424584105907647,4.7673710764660955,4.6823315737894164,{"$f":"Y50*1000/(Y22*2.20462*3600)","v":4.3334107850202868},4.8641822433338575,5.1672709498570981,5.3095856180998959,5.3692761466450509,5.3730529065690833,5.3079935625848194,5.2246078426872646,5.1292415862408731,{"$f":"AH50*1000/(AH22*2.20462*3600)","v":4.8201555039586497},5.3788198531841411,5.6921960758650458,5.8419440877866853,5.9068539937937201,5.8676285299879174,5.7947872219056071,5.7017132840639482,5.5704855236789168,5.3332845164273053,5.928642323451669,6.2420649795809631,6.3823659031519604,6.4298116832066547,6.3852999135380335,6.301753530448388,6.1697761860023421,6.0464512791582594,{"$f":"AZ50*1000/(AZ22*2.20462*3600)","v":5.8848063282126013},{"$f":"BA50*1000/(BA22*2.20462*3600)","v":6.5080997526936875},6.8198112251620628,6.9769854987718123,6.9795530455221808,6.9250705610878089,6.8004884795517917,6.6791731899765949,6.5479118587014202,6.4537620340473891,7.0869557816688067,7.4239004125997505,7.5477761142778768,7.5468946781451463,7.4509238813934475,7.3387346690292388,7.2128163940099537,7.0737634642047968]
[null,"Mass Flow Step",-10,"Actual Plant Efficiency (kW/kg/s)",{"$f":"E50/E22","v":58.163730246327034},null,{"$f":"G50/G22","v":26.546770603883754},30.853423691651816,33.09776281509594,34.286612094923029,34.790543041559417,34.889810298764353,34.700907901546664,34.374379411225206,33.75289811248863,30.231544916425641,34.571240986322735,36.899956317143193,38.185079222735382,38.614231554025082,38.665266061835489,38.432810380163794,37.836869841355259,37.161942603147438,{"$f":"Y50/Y22","v":34.39268670553713},38.60522444627528,41.010727973306238,42.140227123351416,42.613968882299801,42.643943635969201,42.127591564604678,41.465789791722706,40.708902909090071,{"$f":"AH50/AH22","v":38.255800417694346},42.689713769016549,45.176865525984951,46.365360389338612,46.880526426471036,46.569208355215061,45.991093698567148,45.252400105127016,44.210893662766843,42.32831655818147,47.053452380860861,49.54097266302162,50.654489462664749,51.031049158911799,50.677775623383191,50.01469872586965,48.967243110664135,47.988458708608377,{"$f":"AZ50/AZ22","v":46.705542218294632},{"$f":"BA50/BA22","v":51.652392756420802},54.12633200358043,55.373766373088323,55.394144046788789,54.961736617387459,53.972974482442098,53.010139673110324,51.968366790949169,51.221134279805597,56.246560039377663,58.920765579452379,59.903921437413452,59.89692580319646,59.135240906631438,58.244836413726858,57.245469402824007,56.141857470438644]
[null,null,null,"1st Law Efficiency (%)",{"$f":"E50/(E37+E40)","v":0.11776249374611605},null,{"$f":"G50/(G37+G40)","v":6.2496325505980027E-2},7.6210577740236277E-2,8.5441872641441249E-2,9.2485408620247719E-2,9.7639121462588893E-2,0.10207157606773445,0.10531410200769156,0.10838062246114812,0.11036248670531854,6.7135797538502559E-2,8.0303445254894898E-2,8.9298646577656821E-2,9.6193489024299556E-2,0.10127802435260479,0.10543990821473134,0.10894543954162221,0.11105732962931972,0.11295773246749664,{"$f":"Y50/(Y37+Y40)","v":7.2063783456116484E-2},8.4419550236468285E-2,9.3395316864425967E-2,9.9830307172963692E-2,0.10489326803051566,0.10867853079647458,0.11149047454603324,0.11358227271733791,0.11528815297724483,{"$f":"AH50/(AH37+AH40)","v":7.592399605159976E-2},8.7946789581977727E-2,9.6725605637794337E-2,0.10316089928358031,0.10793705544562558,0.11130710846462312,0.1138244852881982,0.11578029328460115,0.11655042688649569,7.9453721220458198E-2,9.1689797410560769E-2,0.10010404409298447,0.10606984198946781,0.11061273004922104,0.11354396629798694,0.11592021596780795,0.11715486845474081,0.11805652002070148,{"$f":"AZ50/(AZ37+AZ40)","v":8.312514748114877E-2},{"$f":"BA50/(BA37+BA40)","v":9.5107498247076414E-2},0.10322204468469971,0.1089755097441434,0.11265548301966664,0.11559095776488519,0.11707327174554874,0.11850190673577171,0.11978131026741308,8.6482821716929018E-2,9.813796596931261E-2,0.10598546938391973,0.11129232166429996,0.11474475115822563,0.11671104583130518,0.11865415363859377,0.11989893595674672,0.12106458440229959]
[null,"Min Temp",165]
[null,"Max Temp",160]
[null,"Temp Step",-5]
[]
[]
[]
[]
[]
[]
[]
[]
[]
[]
[]
["Design Point Values for Turbine (geofluid = 175C, 80 kg/s)"]
[]
["O_Stream001a.p",7.5209999999999999,"bar"]
["O_Stream001a.t",111.785,"°C"]
["O_Stream001a.v",4.8494000000000002E-2,"m³/kg"]
["O_Stream001a.mass",70.350999999999999,"kg/s"]

{"sheet":"Custom Design Results","index":2,"n_rows":140,"n_cols":80,"rows_kept":140,"cut":false,"hidden":false,"merged":[[2,12,2,13],[3,12,3,14],[18,12,18,15]]}
[null,null,null,null,null,null,null,null,null,null,null,"PS Link Area"]
[null,null,"Flow","Temp","Pressure","Power",null,null,null,null,null,"Area Name:","ProjectArea1",null,"Project Name:","Geo_ORC_Chad 2018-03-07",null,"Geo_ORC_Chad 2018-03-07","Geo_ORC_Chad 2018-03-07","Geo_ORC_Chad 2018-03-07","Geo_ORC_Chad 2018-03-07","Geo_ORC_Chad 2018-03-07","Geo_ORC_Chad 2018-03-07","Geo_ORC_Chad 2018-03-07","Geo_ORC_Chad 2018-03-07","Geo_ORC_Chad 2018-03-07","Geo_ORC_Chad 2018-03-07","Geo_ORC_Chad 2018-03-07","Geo_ORC_Chad 2018-03-07","Geo_ORC_Chad 2018-03-07","Geo_ORC_Chad 2018-03-07","Geo_ORC_Chad 2018-03-07","Geo_ORC_Chad 2018-03-07","Geo_ORC_Chad 2018-03-07","Geo_ORC_Chad 2018-03-07","Geo_ORC_Chad 2018-03-07","Geo_ORC_Chad 2018-03-07","Geo_ORC_Chad 2018-03-07","Geo_ORC_Chad 2018-03-07","Geo_ORC_Chad 2018-03-07","Geo_ORC_Chad 2018-03-07","Geo_ORC_Chad 2018-03-07","Geo_ORC_Chad 2018-03-07","Geo_ORC_Chad 2018-03-07","Geo_ORC_Chad 2018-03-07","Geo_ORC_Chad 2018-03-07","Geo_ORC_Chad 2018-03-07","Geo_ORC_Chad 2018-03-07","Geo_ORC_Chad 2018-03-07","Geo_ORC_Chad 2018-03-07","Geo_ORC_Chad 2018-03-07","Geo_ORC_Chad 2018-03-07","Geo_ORC_Chad 2018-03-07","Geo_ORC_Chad 2018-03-07","Geo_ORC_Chad 2018-03-07","Geo_ORC_Chad 2018-03-07","Geo_ORC_Chad 2018-03-07","Geo_ORC_Chad 2018-03-07","Geo_ORC_Chad 2018-03-07","Geo_ORC_Chad 2018-03-07","Geo_ORC_Chad 2018-03-07","Geo_ORC_Chad 2018-03-07","Geo_ORC_Chad 2018-03-07","Geo_ORC_Chad 2018-03-07","Geo_ORC_Chad 2018-03-07","Geo_ORC_Chad 2018-03-07","Geo_ORC_Chad 2018-03-07","Geo_ORC_Chad 2018-03-07","Geo_ORC_Chad 2018-03-07","Geo_ORC_Chad 2018-03-07","Geo_ORC_Chad 2018-03-07","Geo_ORC_Chad 2018-03-07","Geo_ORC_Chad 2018-03-07","Geo_ORC_Chad 2018-03-07","Geo_ORC_Chad 2018-03-07","Geo_ORC_Chad 2018-03-07","Geo_ORC_Chad 2018-03-07","Geo_ORC_Chad 2018-03-07","Geo_ORC_Chad 2018-03-07","Geo_ORC_Chad 2018-03-07"]
[null,null,120,190,{"$f":"CB24","v":9.15625},{"$f":"CB50","v":7222.5140787160562},{"$f":"F3/F11","v":3.0000000000000009},null,null,null,null,"Project Location:","C:\\Users\\caugusti\\Desktop\\IPSEpro\\GTO CEMAC Binary Plant",null,"Dataset Id:",0,null,0,0,0,0,0,0,0,0,0,0,0,0,0,0,0,0,0,0,0,0,0,0,0,0,0,0,0,0,0,0,0,0,0,0,0,0,0,0,0,0,0,0,0,0,0,0,0,0,0,0,0,0,0,0,0,0,0,0,0,0,0,0,0]
[null,null,120,180,{"$f":"BJ24","v":7.5209960639476776},{"$f":"BJ50","v":6130.8629703530687},{"$f":"F4/F12","v":3.0000000000000004},null,null,null,null,"Library:","C:\\ProgramData\\SimTech\\IPSEpro 7.0\\LTP_Lib\\LTP_Lib_GTO_CEMAC.IML",null,null,"Design with n-Pentane",null,"Design with n-Pentane","Design with n-Pentane","Design with n-Pentane","Design with n-Pentane","Design with n-Pentane","Design with n-Pentane","Design with n-Pentane","Design with n-Pentane","Design with n-Pentane","Design with n-Pentane","Design with n-Pentane","Design with n-Pentane","Design with n-Pentane","Design with n-Pentane","Design with n-Pentane","Design with n-Pentane","Design with n-Pentane","Design with n-Pentane","Design with n-Pentane","Design with n-Pentane","Design with n-Pentane","Design with n-Pentane","Design with n-Pentane","Design with n-Pentane","Design with n-Pentane","Design with n-Pentane","Design with n-Pentane","Design with n-Pentane","Design with n-Pentane","Design with n-Pentane","Design with n-Pentane","Design with n-Pentane","Design with n-Pentane","Design with n-Pentane","Design with n-Pentane","Design with n-Pentane","Design with n-Pentane","Design with n-Pentane","Design with n-Pentane","Design with n-Pentane","Design with n-Pentane","Design with n-Pentane","Design with n-Pentane","Design with n-Pentane","Design with n-Pentane","Design with n-Pentane","Design with n-Pentane","Design with n-Pentane","Design with n-Pentane","Design with n-Pentane","Design with n-Pentane","Design with n-Pentane","Design with n-Pentane","Design with n-Pentane","Design with n-Pentane","Design with n-Pentane","Design with n-Pentane","Design with n-Pentane","Design with n-Pentane","Design with n-Pentane","Design with n-Pentane","Design with n-Pentane","Design with n-Pentane"]
[null,null,120,170,{"$f":"AR24","v":6.78125},{"$f":"AR50","v":5139.4321111384625},{"$f":"F5/F13","v":2.9999999999999991},null,null,null,null,null,null,null,"Date:","2018-03-07",null,"2018-03-07","2018-03-07","2018-03-07","2018-03-07","2018-03-07","2018-03-07","2018-03-07","2018-03-07","2018-03-07","2018-03-07","2018-03-07","2018-03-07","2018-03-07","2018-03-07","2018-03-07","2018-03-07","2018-03-07","2018-03-07","2018-03-07","2018-03-07","2018-03-07","2018-03-07","2018-03-07","2018-03-07","2018-03-07","2018-03-07","2018-03-07","2018-03-07","2018-03-07","2018-03-07","2018-03-07","2018-03-07","2018-03-07","2018-03-07","2018-03-07","2018-03-07","2018-03-07","2018-03-07","2018-03-07","2018-03-07","2018-03-07","2018-03-07","2018-03-07","2018-03-07","2018-03-07","2018-03-07","2018-03-07","2018-03-07","2018-03-07","2018-03-07","2018-03-07","2018-03-07","2018-03-07","2018-03-07","2018-03-07","2018-03-07","2018-03-07","2018-03-07","2018-03-07","2018-03-07","2018-03-07","2018-03-07","2018-03-07"]
[null,null,120,160,{"$f":"Z24","v":5.87890625},{"$f":"Z50","v":4272.3512214224966},{"$f":"F6/F14","v":2.9999999999999996},null,null,null,null,null,null,null,"Start Time:","14:12:52",null,"14:12:52","14:12:42","14:12:32","14:12:22","14:12:12","14:12:02","14:11:52","14:11:42","14:11:32","14:11:20","14:11:12","14:11:03","14:10:55","14:10:44","14:10:32","14:10:21","14:10:08","14:09:57","14:09:44","14:09:36","14:09:28","14:09:20","14:09:11","14:09:05","14:08:59","14:08:50","14:08:44","14:00:21","14:00:05","13:59:50","13:59:34","13:59:18","13:58:55","13:58:31","13:58:10","13:57:51","13:57:32","13:57:20","13:57:08","13:56:57","13:56:40","13:56:23","13:56:04","13:55:47","13:55:28","13:55:10","13:55:04","13:54:59","13:54:54","13:54:50","13:54:46","13:54:41","13:54:37","13:54:32","13:54:28","13:54:23","13:54:19","13:54:14","13:54:10","13:54:01","13:53:55","13:53:50","13:53:46"]
[null,null,80,190,{"$f":"BX24","v":9.15625},{"$f":"BX50","v":4815.009385810703},{"$f":"F7/F11","v":2},null,null,null,null,null,null,null,"End Time:","14:12:53",null,"14:12:53","14:12:43","14:12:33","14:12:23","14:12:12","14:12:02","14:11:53","14:11:42","14:11:32","14:11:21","14:11:12","14:11:04","14:10:56","14:10:44","14:10:32","14:10:21","14:10:08","14:09:58","14:09:45","14:09:36","14:09:29","14:09:20","14:09:12","14:09:05","14:08:59","14:08:51","14:08:44","14:00:22","14:00:06","13:59:50","13:59:34","13:59:19","13:58:55","13:58:31","13:58:10","13:57:51","13:57:32","13:57:21","13:57:09","13:56:57","13:56:40","13:56:23","13:56:05","13:55:47","13:55:28","13:55:10","13:55:04","13:55:00","13:54:55","13:54:50","13:54:46","13:54:42","13:54:37","13:54:33","13:54:28","13:54:24","13:54:19","13:54:15","13:54:10","13:54:01","13:53:56","13:53:50","13:53:46"]
[null,null,80,180,{"$f":"BF24","v":7.5209960639476776},{"$f":"BF50","v":4087.2419802353784},{"$f":"F8/F12","v":2},null,null,null,null,null,null,0,"Status:","Converged",null,"Converged","Converged","Converged","Converged","Converged","Converged","Converged","Converged","Converged","Converged","Converged","Converged","Converged","Converged","Converged","Converged","Converged","Converged","Converged","Converged","Converged","Converged","Converged","Converged","Converged","Converged","Converged","Converged","Converged","Converged","Converged","Converged","Converged","Converged","Converged","Converged","Converged","Converged","Converged","Converged","Converged","Converged","Converged","Converged","Converged","Converged","Converged","Converged","Converged","Converged","Converged","Converged","Converged","Converged","Converged","Converged","Converged","Converged","Converged","Converged","Converged","Converged","Converged"]
[null,null,80,170,{"$f":"AN24","v":6.78125},{"$f":"AN50","v":3426.2880740923097},{"$f":"F9/F13","v":2.0000000000000004},null,null,null,null,"PS Control"]
[null,null,80,160,{"$f":"V24","v":5.87890625},{"$f":"V50","v":2848.2341476149973},{"$f":"F10/F14","v":1.9999999999999993},null,null,null,null,null,null,null,"Damping","Yes",null,"Yes","Yes","Yes","Yes","Yes","Yes","Yes","Yes","Yes","Yes","Yes","Yes","Yes","Yes","Yes","Yes","Yes","Yes","Yes","Yes","Yes","Yes","Yes","Yes","Yes","Yes","Yes","Yes","Yes","Yes","Yes","Yes","Yes","Yes","Yes","Yes","Yes","Yes","Yes","Yes","Yes","Yes","Yes","Yes","Yes","Yes","Yes","Yes","Yes","Yes","Yes","Yes","Yes","Yes","Yes","Yes","Yes","Yes","Yes","Yes","Yes","Yes","Yes"]
[null,null,40,190,{"$f":"BT24","v":9.15625},{"$f":"BT50","v":2407.5046929053515},null,null,null,null,null,null,null,null,"Damping Decrease Factor",0.5,null,0.5,0.5,0.5,0.5,0.5,0.5,0.5,0.5,0.5,0.5,0.5,0.5,0.5,0.5,0.5,0.5,0.5,0.5,0.5,0.5,0.5,0.5,0.5,0.5,0.5,0.5,0.5,0.5,0.5,0.5,0.5,0.5,0.5,0.5,0.5,0.5,0.5,0.5,0.5,0.5,0.5,0.5,0.5,0.5,0.5,0.5,0.5,0.5,0.5,0.5,0.5,0.5,0.5,0.5,0.5,0.5,0.5,0.5,0.5,0.5,0.5,0.5,0.5]
[null,null,40,180,{"$f":"BB24","v":7.52099609375},{"$f":"BB50","v":2043.6209901176892},null,null,null,null,null,null,null,null,"Minimum Damping Factor",0.1,null,0.1,0.1,0.1,0.1,0.1,0.1,0.1,0.1,0.1,0.1,0.1,0.1,0.1,0.1,0.1,0.1,0.1,0.1,0.1,0.1,0.1,0.1,0.1,0.1,0.1,0.1,0.1,0.1,0.1,0.1,0.1,0.1,0.1,0.1,0.1,0.1,0.1,0.1,0.1,0.1,0.1,0.1,0.1,0.1,0.1,0.1,0.1,0.1,0.1,0.1,0.1,0.1,0.1,0.1,0.1,0.1,0.1,0.1,0.1,0.1,0.1,0.1,0.1]
[null,null,40,170,{"$f":"AJ24","v":6.78125},{"$f":"AJ50","v":1713.1440370461546},null,null,null,null,null,null,null,null,"X Tolerance",0.01,null,0.01,0.01,0.01,0.01,0.01,0.01,0.01,0.01,0.01,0.01,0.01,0.01,0.01,0.01,0.01,0.01,0.01,0.01,0.01,0.01,0.01,0.01,0.01,0.01,0.01,0.01,0.01,0.01,0.01,0.01,0.01,0.01,0.01,0.01,0.01,0.01,0.01,0.01,0.01,0.01,0.01,0.01,0.01,0.01,0.01,0.01,0.01,0.01,0.01,0.01,0.01,0.01,0.01,0.01,0.01,0.01,0.01,0.01,0.01,0.01,0.01,0.01,0.01]
[null,null,40,160,{"$f":"R24","v":5.87890625},{"$f":"R50","v":1424.1170738074991},null,null,null,null,null,null,null,null,"Y Tolerance",0.01,null,0.01,0.01,0.01,0.01,0.01,0.01,0.01,0.01,0.01,0.01,0.01,0.01,0.01,0.01,0.01,0.01,0.01,0.01,0.01,0.01,0.01,0.01,0.01,0.01,0.01,0.01,0.01,0.01,0.01,0.01,0.01,0.01,0.01,0.01,0.01,0.01,0.01,0.01,0.01,0.01,0.01,0.01,0.01,0.01,0.01,0.01,0.01,0.01,0.01,0.01,0.01,0.01,0.01,0.01,0.01,0.01,0.01,0.01,0.01,0.01,0.01,0.01,0.01]
[null,null,null,null,null,null,null,null,null,null,null,null,null,null,"Extended Protocol","Yes",null,"Yes","Yes","Yes","Yes","Yes","Yes","Yes","Yes","Yes","Yes","Yes","Yes","Yes","Yes","Yes","Yes","Yes","Yes","Yes","Yes","Yes","Yes","Yes","Yes","Yes","Yes","Yes","Yes","Yes","Yes","Yes","Yes","Yes","Yes","Yes","Yes","Yes","Yes","Yes","Yes","Yes","Yes","Yes","Yes","Yes","Yes","Yes","Yes","Yes","Yes","Yes","Yes","Yes","Yes","Yes","Yes","Yes","Yes","Yes","Yes","Yes","Yes","Yes"]
[null,null,null,null,null,null,null,null,null,null,null,"PS Control End"]
[]
[]
[null,null,null,null,null,null,null,null,null,null,null,null,"Variables"]
[null,null,null,null,null,null,null,null,null,null,null,"Object","Item","UOM","Description","Value",null,"Value","Value","Value","Value","Value","Value","Value","Value","Value","Value","Value","Value","Value","Value","Value","Value","Value","Value","Value","Value","Value","Value","Value","Value","Value","Value","Value","Value","Value","Value","Value","Value","Value","Value","Value","Value","Value","Value","Value","Value","Value","Value","Value","Value","Value","Value","Value","Value","Value","Value","Value","Value","Value","Value","Value","Value","Value","Value","Value","Value","Value","Value","Value"]
[null,null,null,null,null,null,null,null,null,null,null,"PS Inputs"]
[null,null,null,null,null,null,null,null,null,null,null,"W_Stream001","mass","kg/s","mass flow",40,null,40,50,60,70,80,90,100,110,120,40,50,60,70,80,90,100,110,120,40,50,60,70,80,90,100,110,120,40,50,60,70,80,90,100,110,120,40,50,60,70,80,90,100,110,120,40,50,60,70,80,90,100,110,120,40,50,60,70,80,90,100,110,120]
[null,null,null,null,null,null,null,null,null,null,null,"W_Stream001","t","°C","temperature",160,null,160,160,160,160,160,160,160,160,160,165,165,165,165,165,165,165,165,165,170,170,170,170,170,170,170,170,170,175,175,175,175,175,175,175,175,175,180,180,180,180,180,180,180,180,180,185,185,185,185,185,185,185,185,185,190,190,190,190,190,190,190,190,190]
[null,null,null,null,null,null,null,null,null,null,null,"O_Stream001","p","bar","pressure",5.87890625,null,5.87890625,5.87890625,5.87890625,5.87890625,5.87890625,5.87890625,5.87890625,5.87890625,5.87890625,6.3125,6.3125,6.3125,6.31640625,6.31640625,6.31640625,6.31640625,6.31640625,6.31640625,6.78125,6.78125,6.78125,6.78125,6.78125,6.78125,6.78125,6.78125,6.78125,7.52099609375,7.52099609375,7.52099609375,7.52099609375,7.5209960639476776,7.5209960639476776,7.5209960639476776,7.5209960639476776,7.5209960639476776,7.52099609375,7.52099609375,7.52099609375,7.5209960639476776,7.5209960639476776,7.5209960639476776,7.5209960639476776,7.5209960639476776,7.5209960639476776,8.46875,8.46875,8.46875,8.46875,8.46875,8.46875,8.46875,8.46875,8.46875,9.15625,9.15625,9.15625,9.15625,9.15625,9.15625,9.15625,9.15625,9.15625]
[null,null,null,null,null,null,null,null,null,null,null,"O_Stream002","p","bar","pressure",0.81699999999999995,null,0.81699999999999995,0.81699999999999995,0.81699999999999995,0.81699999999999995,0.81699999999999995,0.81699999999999995,0.81699999999999995,0.81699999999999995,0.81699999999999995,0.81699999999999995,0.81699999999999995,0.81699999999999995,0.81699999999999995,0.81699999999999995,0.81699999999999995,0.81699999999999995,0.81699999999999995,0.81699999999999995,0.81699999999999995,0.81699999999999995,0.81699999999999995,0.81699999999999995,0.81699999999999995,0.81699999999999995,0.81699999999999995,0.81699999999999995,0.81699999999999995,0.81699999999999995,0.81699999999999995,0.81699999999999995,0.81699999999999995,0.81699999999999995,0.81699999999999995,0.81699999999999995,0.81699999999999995,0.81699999999999995,0.81699999999999995,0.81699999999999995,0.81699999999999995,0.81699999999999995,0.81699999999999995,0.81699999999999995,0.81699999999999995,0.81699999999999995,0.81699999999999995,0.81699999999999995,0.81699999999999995,0.81699999999999995,0.81699999999999995,0.81699999999999995,0.81699999999999995,0.81699999999999995,0.81699999999999995,0.81699999999999995,0.81699999999999995,0.81699999999999995,0.81699999999999995,0.81699999999999995,0.81699999999999995,0.81699999999999995,0.81699999999999995,0.81699999999999995,0.81699999999999995]
[null,null,null,null,null,null,null,null,null,null,null,"PS Inputs End"]
[]
[]
[null,null,null,null,null,null,null,null,null,null,null,"PS Outputs"]
[null,null,null,null,null,null,null,null,null,null,null,"generator001","power","kW","electrical power output",1747.300813225424,null,1747.300813225424,2184.126016531779,2620.9512198381358,3057.7764231444912,3494.6016264508471,3931.4268297572034,4368.2520330635589,4805.0772363699143,5241.9024396762716,1909.7226068096884,2387.1532585121104,2864.5839102145324,3341.8777356881715,3819.2888407864816,4296.6999458847922,4774.1110509831014,5251.5221560814116,5728.9332611797217,2081.9972556326561,2602.49656954082,3122.9958834489839,3643.4951973571483,4163.9945112653131,4684.4938251734766,5204.99313908164,5725.4924529898044,6245.9917668979679,2265.7756850262481,2832.2196062828107,3398.6635275393724,3965.107448795934,4531.5513700524962,5097.9952913090592,5664.4392125656213,6230.8831338221826,6797.3270550787447,2467.998399270627,3084.9979990882839,3701.9975989059408,4318.9971987235976,4935.9967985412541,5552.9963983589114,6169.9959981765678,6786.9955979942242,7403.9951978118816,2664.9286359138182,3331.1607948922724,3997.3929538707275,4663.6251128491813,5329.8572718276355,5996.0894308060906,6662.3215897845448,7328.553748762999,7994.785907741456,2884.4004905595584,3605.5006131994478,4326.6007358393381,5047.7008584792275,5768.8009811191159,6489.9011037590062,7211.0012263988956,7932.1013490387859,8653.2014716786762]
[null,null,null,null,null,null,null,null,null,null,null,"motor001","power","kW","electrical power input",42.677404074845043,null,42.677404074845043,53.346755093556297,64.016106112267579,74.685457130978818,85.354808149690086,96.024159168401354,106.69351018711262,117.36286120582386,128.03221222453513,48.695743356212304,60.869679195265377,73.043615034318435,85.246017631820465,97.424020150651955,109.60202266948346,121.78002518831494,133.95802770714641,146.13603022597792,55.449633915204728,69.312042394005886,83.174450872807071,97.036859351608257,110.89926783040944,124.76167630921061,138.62408478801177,152.48649326681297,166.34890174561414,64.128443840365122,80.160554800456424,96.192665760547698,112.22477672063896,128.25688768073024,144.28899864082155,160.32110960091285,176.35322056100409,192.3853315210954,69.851970692281455,87.314963365351815,104.77795603842219,122.24094871149254,139.70394138456291,157.16693405763328,174.62992673070363,192.092919403774,209.55591207684438,81.356188211848433,101.69523526481052,122.03428231777264,142.37332937073472,162.71237642369687,183.05142347665895,203.39047052962104,223.72951758258316,244.06856463554527,92.440806044962358,115.55100755620295,138.66120906744351,161.77141057868414,184.88161208992469,207.99181360116529,231.10201511240589,254.2122166236465,277.32241813488702]
[null,null,null,null,null,null,null,null,null,null,null,"motor002","power","kW","electrical power input",280.50633534307985,null,280.50633534307985,350.6329191788497,420.75950301461972,490.88608685038974,561.01267068615971,631.13925452192973,701.26583835769952,771.39242219346943,841.51900602923956,296.73487378382299,370.91859222977882,445.10231067573454,519.12004925956899,593.2800562966504,667.44006333373159,741.60007037081277,815.76007740789396,889.92008444497537,313.40358467129693,391.75448083912113,470.10537700694556,548.45627317476976,626.80716934259408,705.15806551041817,783.50896167824226,861.85985784606669,940.21075401389112,325.47635299310485,406.84544124138108,488.2145294896572,569.58361773793342,650.95270598620971,732.32179423448588,813.69088248276216,895.05997073103845,976.4290589793145,354.52543846065618,443.15679807582023,531.78815769098435,620.41951730614835,709.05087692131235,797.68223653647669,886.31359615164047,974.94495576680447,1063.5763153819687,366.00902668552681,457.51128335690851,549.01354002829021,640.5157966996718,732.0180533710535,823.52031004243509,915.02256671381679,1006.5248233851987,1098.0270800565804,384.45499160924459,480.56873951155558,576.68248741386662,672.7962353161779,768.90998321848883,865.02373112079999,961.13747902311115,1057.2512269254221,1153.3649748277335]
[null,null,null,null,null,null,null,null,null,null,null,"O_Turbine001","eta_s","----","isentropic efficiency",0.8,null,0.8,0.8,0.8,0.8,0.8,0.8,0.8,0.8,0.8,0.8,0.8,0.8,0.8,0.8,0.8,0.8,0.8,0.8,0.8,0.8,0.8,0.8,0.8,0.8,0.8,0.8,0.8,0.8,0.8,0.8,0.8,0.8,0.8,0.8,0.8,0.8,0.8,0.8,0.8,0.8,0.8,0.8,0.8,0.8,0.8,0.8,0.8,0.8,0.8,0.8,0.8,0.8,0.8,0.8,0.8,0.8,0.8,0.8,0.8,0.8,0.8,0.8,0.8]
[null,null,null,null,null,null,null,null,null,null,null,"O_Turbine001","delta_hs","kJ/kg","isentropic enthalpy difference",73.427558230554411,null,73.427558230554411,73.427558230554411,73.427558230554411,73.427558230554411,73.427558230554411,73.427558230554411,73.427558230554411,73.427558230554411,73.427558230554411,76.335672425501215,76.335672425501215,76.335672425501215,76.361097017793256,76.361097017793256,76.361097017793256,76.361097017793256,76.361097017793256,76.361097017793256,79.295625173155713,79.295625173155713,79.295625173155713,79.295625173155713,79.295625173155713,79.295625173155713,79.295625173155713,79.295625173155713,79.295625173155713,83.836613589092465,83.836613589092465,83.836613589092465,83.836613589092465,83.836613589092465,83.836613589092465,83.836613589092465,83.836613589092465,83.836613589092465,83.836613589092465,83.836613589092465,83.836613589092465,83.836613589092465,83.836613589092465,83.836613589092465,83.836613589092465,83.836613589092465,83.836613589092465,88.673570169766919,88.673570169766919,88.673570169766919,88.673570169766919,88.673570169766919,88.673570169766919,88.673570169766919,88.673570169766919,88.673570169766919,92.030572831930343,92.030572831930343,92.030572831930343,92.030572831930343,92.030572831930343,92.030572831930343,92.030572831930343,92.030572831930343,92.030572831930343]
[null,null,null,null,null,null,null,null,null,null,null,"W_O_Htex002","htc_area","kW/K","heat transfer coefficient x transfer area",334.94734367334684,null,334.94734367334684,418.68417959168346,502.42101551002054,586.15785142835682,669.89468734669356,753.63152326503086,837.36835918336749,921.10519510170354,1004.8420310200411,372.04759472824469,465.05949341030606,558.0713920923672,650.84064781185657,743.81788321355066,836.79511861524429,929.77235401693804,1022.7495894186319,1115.7268248203254,413.69265703605134,517.11582129506428,620.53898555407704,723.96214981308981,827.3853140721028,930.80847833111557,1034.2316425901283,1137.6548068491413,1241.0779711081541,452.0231181776096,565.02889772201206,678.03467726641441,791.04045681081675,904.04623635521921,1017.0520158996216,1130.0577954440241,1243.0635749884264,1356.0693545328288,527.54794165988267,659.43492707485336,791.32191248982417,923.20889790479464,1055.0958833197653,1186.982868734736,1318.8698541497067,1450.7568395646772,1582.6438249796483,576.0626525833876,720.07831572923442,864.09397887508135,1008.1096420209283,1152.125305166775,1296.1409683126221,1440.1566314584688,1584.1722946043158,1728.1879577501627,648.03512559576461,810.04390699470503,972.05268839364601,1134.0614697925871,1296.0702511915279,1458.0790325904691,1620.0878139894101,1782.096595388351,1944.105376787292]
[null,null,null,null,null,null,null,null,null,null,null,"W_O_Htex002","MTD","°C","mean temperature difference",16.870399512971488,null,16.870399512971488,16.870399512971488,16.870399512971478,16.870399512971488,16.870399512971488,16.870399512971478,16.870399512971478,16.870399512971488,16.870399512971478,16.706346766046913,16.706346766046906,16.706346766046906,16.712841615293328,16.712841615293328,16.712841615293328,16.712841615293328,16.712841615293328,16.712841615293328,16.490699999391133,16.490699999391133,16.490699999391133,16.490699999391133,16.490699999391133,16.490699999391133,16.490699999391133,16.490699999391133,16.490699999391133,16.553552393182887,16.553552393182887,16.553552393182887,16.553552393182887,16.553552393182887,16.553552393182887,16.553552393182887,16.553552393182887,16.553552393182887,15.449622900354116,15.449622900354116,15.449622900354116,15.449622900354116,15.449622900354116,15.449622900354116,15.449622900354116,15.449622900354116,15.449622900354116,15.510018299667685,15.510018299667685,15.510018299667685,15.510018299667685,15.510018299667685,15.510018299667685,15.510018299667685,15.510018299667685,15.510018299667685,15.05523749838399,15.055237498384002,15.055237498384002,15.055237498384002,15.055237498384002,15.055237498384002,15.055237498384002,15.055237498384002,15.055237498384002]
[null,null,null,null,null,null,null,null,null,null,null,"W_O_Htex002","q_trans","kW","transferred heat ",5650.6955035779229,null,5650.6955035779229,7063.3693794724031,8476.0432553668852,9888.7171312613646,11301.391007155846,12714.064883050329,14126.738758944808,15539.412634839287,16952.08651073377,6215.5561310037419,7769.4451637546781,9323.3341965056134,10877.396663674466,12431.310472770821,13985.224281867171,15539.138090963523,17093.051900059876,18646.965709156226,6822.0814991325278,8527.6018739156607,10233.122248698792,11938.642623481925,13644.162998265057,15349.683373048189,17055.203747831321,18760.724122614454,20466.244497397583,7482.5883696829596,9353.2354621037011,11223.88255452444,13094.529646945179,14965.176739365919,16835.82383178666,18706.470924207402,20577.118016628137,22447.76510904888,8150.4167605032007,10188.020950629001,12225.625140754802,14263.2293308806,16300.833521006401,18338.437711132203,20376.041901258002,22413.646091383802,24451.250281509605,8934.7422833234505,11168.427854154312,13402.113424985175,15635.798995816036,17869.484566646897,20103.170137477762,22336.855708308623,24570.541279139485,26804.22684997035,9756.3227231393339,12195.403403924167,14634.484084709,17073.564765493833,19512.645446278664,21951.726127063499,24390.806807848334,26829.887488633165,29268.968169418]
[null,null,null,null,null,null,null,null,null,null,null,"W_O_Htex001","htc_area","kW/K","heat transfer coefficient x transfer area",413.59882070980507,null,413.59882070980507,516.99852588725639,620.39823106470772,723.79793624215893,827.19764141961014,930.59734659706146,1033.9970517745126,1137.3967569519639,1240.7964621294152,420.00596177310365,525.00745221637953,630.00894265965553,734.88264379941461,839.86587862790236,944.84911345639011,1049.8323482848778,1154.8155831133656,1259.7988179418535,426.05387355505133,532.5673419438142,639.08081033257702,745.59427872133983,852.10774711010265,958.62121549886547,1065.1346838876284,1171.6481522763911,1278.1616206651538,428.0792038068339,535.09900475854238,642.11880571025085,749.13860666195922,856.1584076136678,963.17820856537628,1070.1980095170848,1177.2178104687932,1284.2376114205017,441.80545500904225,552.25681876130284,662.70818251356343,773.15954626582391,883.6109100180845,994.06227377034509,1104.5136375226057,1214.9650012748662,1325.4163650271269,441.81427757713584,552.26784697141977,662.72141636570382,773.17498575998763,883.62855515427157,994.0821245485555,1104.5356939428395,1214.9892633371232,1325.4428327314074,446.18290341598788,557.72862926998482,669.27435512398188,780.82008097797882,892.36580683197587,1003.9115326859728,1115.4572585399699,1227.0029843939667,1338.5487102479638]
[null,null,null,null,null,null,null,null,null,null,null,"W_O_Htex001","MTD","°C","mean temperature difference",21.944607894616357,null,21.944607894616357,21.944607894616357,21.944607894616357,21.944607894616357,21.944607894616357,21.944607894616357,21.944607894616357,21.944607894616357,21.944607894616357,22.43829373905546,22.43829373905546,22.43829373905546,22.431309505463481,22.431309505463481,22.431309505463481,22.431309505463481,22.431309505463481,22.431309505463481,22.908937432702452,22.908937432702452,22.908937432702452,22.908937432702452,22.908937432702452,22.908937432702452,22.908937432702452,22.908937432702452,22.908937432702452,22.988526576663215,22.988526576663215,22.988526576663215,22.988526576663215,22.988526576663215,22.988526576663215,22.988526576663215,22.988526576663215,22.988526576663215,24.262310407794562,24.262310407794562,24.262310407794562,24.262310407794562,24.262310407794562,24.262310407794562,24.262310407794562,24.262310407794562,24.262310407794562,24.127636161728272,24.127636161728272,24.127636161728272,24.127636161728272,24.127636161728272,24.127636161728272,24.127636161728272,24.127636161728272,24.127636161728272,24.448534743746315,24.448534743746315,24.448534743746315,24.448534743746315,24.448534743746315,24.448534743746315,24.448534743746315,24.448534743746315,24.448534743746315]
[null,null,null,null,null,null,null,null,null,null,null,"W_O_Htex001","q_trans","kW","transferred heat ",9076.2639461524032,null,9076.2639461524032,11345.329932690503,13614.395919228606,15883.461905766706,18152.527892304806,20421.593878842908,22690.659865381007,24959.725851919109,27228.791838457211,9424.2171424194003,11780.271428024249,14136.325713629099,16484.380033257941,18839.291466580504,21194.202899903066,23549.114333225629,25904.025766548191,28258.937199870754,9760.4415322331915,12200.551915291489,14640.662298349787,17080.772681408085,19520.883064466383,21960.993447524681,24401.103830582979,26841.214213641277,29281.324596699575,9840.9101536302296,12301.137692037788,14761.365230445344,17221.592768852901,19681.820307260459,22142.047845668018,24602.275384075576,27062.502922483131,29522.730460890689,10719.221089286297,13399.026361607872,16078.831633929447,18758.63690625102,21438.442178572594,24118.24745089417,26798.052723215744,29477.857995537317,32157.663267858894,10659.934140437954,13324.917675547442,15989.901210656932,18654.88474576642,21319.868280875908,23984.851815985396,26649.835351094884,29314.818886204372,31979.802421313863,10908.518216231387,13635.647770289233,16362.77732434708,19089.906878404927,21817.036432462774,24544.16598652062,27271.295540578467,29998.425094636314,32725.55464869416]
[null,null,null,null,null,null,null,null,null,null,null,"O_Xprescription003","x","---","vapor quality",1.1501563178188676,null,1.1501563178188676,1.1501563178188676,1.1501563178188676,1.1501563178188676,1.1501563178188676,1.1501563178188676,1.1501563178188676,1.1501563178188676,1.1501563178188676,1.1573249311317595,1.1573249311317595,1.1573249311317595,1.1573878936821165,1.1573878936821165,1.1573878936821165,1.1573878936821165,1.1573878936821165,1.1573878936821165,1.1646871582453606,1.1646871582453606,1.1646871582453606,1.1646871582453606,1.1646871582453606,1.1646871582453606,1.1646871582453606,1.1646871582453606,1.1646871582453606,1.1751193328087428,1.1751193328087428,1.1751193328087428,1.1751193328087428,1.1751193328087428,1.1751193328087428,1.1751193328087428,1.1751193328087428,1.1751193328087428,1.1751193328087428,1.1751193328087428,1.1751193328087428,1.1751193328087428,1.1751193328087428,1.1751193328087428,1.1751193328087428,1.1751193328087428,1.1751193328087428,1.1883870639680545,1.1883870639680545,1.1883870639680545,1.1883870639680545,1.1883870639680545,1.1883870639680545,1.1883870639680545,1.1883870639680545,1.1883870639680545,1.1969805035291121,1.1969805035291121,1.1969805035291121,1.1969805035291121,1.1969805035291121,1.1969805035291121,1.1969805035291121,1.1969805035291121,1.1969805035291121]
[null,null,null,null,null,null,null,null,null,null,null,"O_Condenser_a001","htc_area","kW/K","heat transfer coefficient x heat transfer area",1235.1441378253137,null,1235.1441378253137,1543.9301722816419,1852.7162067379707,2161.5022411942991,2470.2882756506274,2779.0743101069561,3087.8603445632843,3396.6463790196126,3705.4324134759413,1295.0867498430637,1618.8584373038302,1942.6301247645961,2265.5167187179395,2589.1619642490741,2912.8072097802083,3236.4524553113424,3560.0977008424761,3883.7429463736103,1357.4865352746799,1696.8581690933499,2036.2298029120204,2375.6014367306907,2714.9730705493607,3054.3447043680308,3393.7163381867003,3733.0879720053708,4072.4596058240413,1397.5584195297106,1746.9480244121385,2096.3376292945654,2445.7272341769931,2795.1168390594212,3144.5064439418484,3493.8960488242765,3843.2856537067037,4192.6752585891309,1522.2918866509751,1902.8648583137187,2283.4378299764626,2664.010801639206,3044.5837733019503,3425.1567449646946,3805.7297166274375,4186.3026882901813,4566.8756599529252,1558.5050220403332,1948.1312775504166,2337.7575330605,2727.383788570583,3117.0100440806664,3506.6362995907498,3896.2625551008337,4285.8888106109171,4675.5150661210009,1630.2862455923894,2037.8578069904863,2445.429368388583,2853.0009297866809,3260.5724911847778,3668.1440525828748,4075.7156139809722,4483.2871753790687,4890.8587367771661]
[null,null,null,null,null,null,null,null,null,null,null,"O_Condenser_a001","MTD","°C","mean temperature difference",10.480154292729956,null,10.480154292729956,10.480154292729956,10.480154292729956,10.480154292729956,10.480154292729956,10.480154292729956,10.480154292729956,10.480154292729956,10.480154292729956,10.573344274548301,10.573344274548301,10.573344274548301,10.5740941874862,10.5740941874862,10.5740941874862,10.5740941874862,10.5740941874862,10.5740941874862,10.65396026267519,10.65396026267519,10.65396026267519,10.65396026267519,10.65396026267519,10.65396026267519,10.65396026267519,10.65396026267519,10.65396026267519,10.747120385029637,10.747120385029637,10.747120385029637,10.747120385029637,10.747120385029637,10.747120385029637,10.747120385029637,10.747120385029637,10.747120385029637,10.747120385029637,10.747120385029637,10.747120385029637,10.747120385029637,10.747120385029637,10.747120385029637,10.747120385029637,10.747120385029637,10.747120385029637,10.837428216131809,10.837428216131809,10.837428216131809,10.837428216131809,10.837428216131809,10.837428216131809,10.837428216131809,10.837428216131809,10.837428216131809,10.882389927927974,10.882389927927974,10.882389927927974,10.882389927927974,10.882389927927974,10.882389927927974,10.882389927927974,10.882389927927974,10.882389927927974]
[null,null,null,null,null,null,null,null,null,null,null,"O_Condenser_a001","q_trans","kW","transferred heat",12944.501138170202,null,12944.501138170202,16180.626422712752,19416.751707255306,22652.876991797857,25889.002276340405,29125.12756088296,32361.252845425508,35597.378129968056,38833.503414510611,13693.398071496529,17116.747589370665,20540.097107244797,23955.787167048169,27378.042476626484,30800.297786204792,34222.5530957831,37644.808405361407,41067.063714939715,14462.607603933066,18078.259504916332,21693.911405899602,25309.563306882868,28925.215207866138,32540.867108849401,36156.519009832664,39772.170910815934,43387.822811799204,15019.728579797553,18774.660724746944,22529.592869696327,26284.525014645715,30039.457159595106,33794.389304544493,37549.321449493887,41304.253594443268,45059.185739392655,16360.254166991919,20450.317708739898,24540.381250487881,28630.444792235856,32720.508333983838,36810.571875731825,40900.635417479796,44990.698959227775,49080.762500975761,16890.186300843037,21112.732876053797,25335.279451264556,29557.826026475312,33780.372601686067,38002.91917689683,42225.465752107593,46448.012327318349,50670.558902529112,17741.410618674126,22176.763273342654,26612.115928011182,31047.468582679718,35482.821237348246,39918.173892016777,44353.526546685309,48788.879201353833,53224.231856022365]
[null,null,null,null,null,null,null,null,null,null,null,"G_Stream001","mass","kg/s","mass flow",1320.5798258014363,null,1320.5798258014363,1650.7247822517952,1980.8697387021546,2311.0146951525139,2641.1596516028726,2971.3046080532322,3301.4495645035909,3631.5945209539495,3961.7394774043096,1396.9812391273661,1746.2265489092081,2095.4718586910494,2443.9357613180805,2793.0694415063781,3142.2031216946752,3491.3368018829724,3840.4704820712695,4189.6041622595667,1475.4549152858463,1844.3186441073076,2213.1823729287698,2582.0461017502312,2950.9098305716934,3319.7735593931543,3688.6372882146152,4057.5010170360774,4426.3647458575397,1532.2916147773378,1915.3645184716725,2298.4374221660064,2681.5103258603408,3064.5832295546757,3447.6561332490101,3830.7290369433449,4213.8019406376789,4596.8748443320128,1669.0501524392801,2086.3126905490999,2503.5752286589204,2920.83776676874,3338.1003048785601,3755.3628429883811,4172.6253810981998,4589.8879192080203,5007.1504573178408,1723.1130844547981,2153.8913555684976,2584.6696266821973,3015.4478977958966,3446.2261689095958,3877.0044400232955,4307.7827111369952,4738.5609822506949,5169.3392533643946,1809.9537938309672,2262.4422422887087,2714.9306907464497,3167.4191392041921,3619.9075876619336,4072.396036119675,4524.8844845774174,4977.372933035158,5429.8613814929004]
[null,null,null,null,null,null,null,null,null,null,null,"O_Stream001","mass","kg/s","mass flow",30.971800581222297,null,30.971800581222297,38.714750726527868,46.457700871833453,54.200651017139023,61.943601162444594,69.686551307750179,77.429501453055749,85.17245159836132,92.915401743666905,32.561215999547969,40.701519999434964,48.841823999321953,56.960823534162657,65.098084039043044,73.235344543923418,81.372605048803791,89.509865553684165,97.647126058564538,34.173446963021853,42.716808703777318,51.260170444532783,59.803532185288248,68.34689392604372,76.890255666799177,85.433617407554635,93.976979148310107,102.52034088906557,35.17556208789361,43.96945260986702,52.763343131840415,61.55723365381381,70.35112417578722,79.145014697760629,87.938905219734039,96.73279574170742,105.52668626368083,38.315015692014669,47.893769615018336,57.472523538022003,67.051277461025663,76.630031384029337,86.208785307033011,95.787539230036671,105.36629315304033,114.94504707604401,39.115532853373644,48.894416066717049,58.673299280060462,68.452182493403868,78.231065706747273,88.009948920090693,97.788832133434099,107.5677153467775,117.34659856012092,40.792591572998489,50.990739466248108,61.188887359497727,71.387035252747353,81.585183145996965,91.78333103924659,101.98147893249622,112.17962682574583,122.37777471899545]
[null,null,null,null,null,null,null,null,null,null,null,"PS Outputs End"]
[]
[]
[null,null,null,null,null,null,null,null,null,null,null,null,null,null,"Net Power",{"$f":"P30-P31-P32","v":1424.1170738074991},null,1424.1170738074991,1780.1463422593731,2136.1756107112483,2492.2048791631228,2848.2341476149973,3204.2634160668727,3560.2926845187471,3916.3219529706212,4272.3512214224966,1564.291989669653,1955.3649870870663,2346.4379845044796,2737.511668796782,3128.5847643391794,3519.6578598815768,3910.7309554239741,4301.8040509663715,4692.8771465087684,1713.1440370461546,2141.4300463076929,2569.7160555692312,2998.0020648307705,3426.2880740923097,3854.5740833538475,4282.8600926153858,4711.1461018769241,5139.4321111384625,1876.1708881927782,2345.2136102409731,2814.2563322891674,3283.2990543373617,3752.3417763855564,4221.384498433752,4690.4272204819463,5159.4699425301396,5628.5126645783348,2043.6209901176892,2554.5262376471119,3065.4314851765344,3576.3367327059564,4087.2419802353784,4598.1472277648008,5109.0524752942238,5619.9577228236449,6130.8629703530687,2217.563421016443,2771.9542762705532,3326.3451315246648,3880.735986778775,4435.1268420328852,4989.5176972869967,5543.9085525411074,6098.2994077952171,6652.6902630493305,2407.5046929053515,3009.3808661316893,3611.2570393580281,4213.1332125843655,4815.009385810703,5416.8855590370404,6018.7617322633787,6620.637905489717,7222.5140787160562]
[null,null,null,null,null,null,null,null,null,null,null,null,"Min Mass Flow",120,null,2,null,2,2,2,2,2,2,2,2,2,2,2,2,2,2,2,2,2,2,2,2,2,2,2,2,2,2,2,2,2,2,2,2,2,2,2,2,2,2,2,2,2,2,2,2,2,2,2,2,2,2,2,2,2,2,2,2,2,2,2,2,2,2,2]
[null,null,null,null,null,null,null,null,null,null,null,null,"Max Mass Flow",40,"Actual Plant Efficiency (w-hr/lb)",{"$f":"P50*1000/(P22*2.20462*3600)","v":4.4858986589257865},null,{"$f":"R50*1000/(R22*2.20462*3600)","v":4.4858986589257865},{"$f":"S50*1000/(S22*2.20462*3600)","v":4.4858986589257839},4.4858986589257848,4.4858986589257848,4.4858986589257848,4.4858986589257848,4.4858986589257848,4.4858986589257848,4.4858986589257848,4.9274427416744704,4.9274427416744695,4.9274427416744695,4.9274439780299426,4.9274439780299435,4.9274439780299426,4.9274439780299426,4.9274439780299435,4.9274439780299426,5.3963193614311296,5.3963193614311278,5.3963193614311278,5.3963193614311287,5.3963193614311304,5.3963193614311287,5.3963193614311278,5.3963193614311278,5.3963193614311278,5.9098459150959073,5.9098459150959073,5.9098459150959064,5.9098459150959064,5.9098459150959073,5.9098459150959082,5.9098459150959073,{"$f":"AZ50*1000/(AZ22*2.20462*3600)","v":5.9098459150959064},{"$f":"BA50*1000/(BA22*2.20462*3600)","v":5.9098459150959064},6.437305490911287,6.4373054909112888,6.4373054909112888,6.4373054909112879,6.437305490911287,6.4373054909112879,6.4373054909112888,6.437305490911287,6.4373054909112888,6.9852155833117981,6.9852155833117973,6.9852155833117981,6.9852155833117964,{"$f":"BO50*1000/(BO22*2.20462*3600)","v":6.9852155833117964},6.9852155833117973,6.9852155833117973,6.9852155833117964,6.985215583311799,7.5835212370478802,7.5835212370478802,7.5835212370478819,7.5835212370478802,7.5835212370478802,7.5835212370478784,7.5835212370478802,7.5835212370478802,7.5835212370478819]
[null,null,null,null,null,null,null,null,null,null,null,null,"Mass Flow Step",-10,"Actual Plant Efficiency (kW/kg/s)",{"$f":"P50/P22","v":35.602926845187476},null,{"$f":"R50/R22","v":35.602926845187476},35.602926845187461,35.602926845187469,35.602926845187469,35.602926845187469,35.602926845187476,35.602926845187469,35.602926845187469,35.602926845187469,39.107299741741329,39.107299741741329,39.107299741741329,39.107309554239741,39.107309554239741,39.107309554239741,39.107309554239741,39.107309554239741,39.107309554239734,42.828600926153868,42.828600926153861,42.828600926153854,42.828600926153861,42.828600926153868,42.828600926153861,42.828600926153861,42.828600926153854,42.828600926153854,46.904272204819456,46.904272204819463,46.904272204819456,46.904272204819449,46.904272204819456,46.904272204819463,46.904272204819463,{"$f":"AZ50/AZ22","v":46.904272204819449},{"$f":"BA50/BA22","v":46.904272204819456},51.09052475294223,51.090524752942237,51.090524752942237,51.090524752942237,51.09052475294223,51.09052475294223,51.090524752942237,51.090524752942223,51.090524752942237,55.439085525411073,55.439085525411066,55.43908552541108,55.439085525411073,{"$f":"BO50/BO22","v":55.439085525411066},55.439085525411073,55.439085525411073,55.439085525411066,55.439085525411087,60.187617322633784,60.187617322633784,60.187617322633805,60.187617322633791,60.187617322633784,60.187617322633784,60.187617322633784,60.187617322633791,60.187617322633805]
[null,null,null,null,null,null,null,null,null,null,null,null,null,null,"1st Law Efficiency (%)",{"$f":"P50/(P37+P40)","v":9.6701364505595688E-2},null,{"$f":"R50/(R37+R40)","v":9.6701364505595688E-2},9.6701364505595647E-2,9.6701364505595647E-2,9.6701364505595647E-2,9.6701364505595647E-2,9.6701364505595661E-2,9.6701364505595674E-2,9.6701364505595647E-2,9.6701364505595647E-2,0.10002011936630012,0.10002011936630012,0.10002011936630012,0.10004875411119377,0.10004875411119375,0.10004875411119377,0.10004875411119377,0.10004875411119378,0.10004875411119377,0.10331021605130626,0.10331021605130625,0.10331021605130625,0.10331021605130625,0.10331021605130628,0.10331021605130625,0.10331021605130625,0.10331021605130625,0.10331021605130625,0.10830207799353643,0.10830207799353643,0.10830207799353644,0.10830207799353643,0.10830207799353643,0.10830207799353646,0.10830207799353643,{"$f":"AZ50/(AZ37+AZ40)","v":0.10830207799353643},{"$f":"BA50/(BA37+BA40)","v":0.10830207799353644},0.10830207799353642,0.10830207799353644,0.10830207799353643,0.10830207799353644,0.10830207799353642,0.10830207799353642,0.10830207799353644,0.10830207799353642,0.10830207799353643,0.11317172955851028,0.11317172955851026,0.11317172955851029,0.11317172955851028,{"$f":"BO50/(BO37+BO40)","v":0.11317172955851026},0.11317172955851028,0.11317172955851028,0.11317172955851028,0.11317172955851031,0.11650245457822839,0.11650245457822837,0.1165024545782284,0.11650245457822839,0.11650245457822839,0.11650245457822836,0.11650245457822837,0.11650245457822839,0.1165024545782284]
[null,null,null,null,null,null,null,null,null,null,null,null,"Min Temp",190]
[null,null,null,null,null,null,null,null,null,null,null,null,"Max Temp",160]
[null,null,null,null,null,null,null,null,null,null,null,null,"Temp Step",-5]
[null,null,null,null,null,null,null,null,null,null,null,null,null,null,null,null,"Temp",160,160,160,160,160,160,160,160,160,165,165,165,165,165,165,165,165,165,170,170,170,170,170,170,170,170,170,175,175,175,175,175,175,175,175,175,180,180,180,180,180,180,180,180,180,185,185,185,185,185,185,185,185,185,190,190,190,190,190,190,190,190,190]
[null,null,null,null,null,null,null,null,null,null,null,null,null,null,null,null,"Net Power (kW)",1424.1170738074991,1780.1463422593731,2136.1756107112483,2492.2048791631228,2848.2341476149973,3204.2634160668727,3560.2926845187471,3916.3219529706212,4272.3512214224966,1564.291989669653,1955.3649870870663,2346.4379845044796,2737.511668796782,3128.5847643391794,3519.6578598815768,3910.7309554239741,4301.8040509663715,4692.8771465087684,1713.1440370461546,2141.4300463076929,2569.7160555692312,2998.0020648307705,3426.2880740923097,3854.5740833538475,4282.8600926153858,4711.1461018769241,5139.4321111384625,1876.1708881927782,2345.2136102409731,2814.2563322891674,3283.2990543373617,3752.3417763855564,4221.384498433752,4690.4272204819463,5159.4699425301396,5628.5126645783348,2043.6209901176892,2554.5262376471119,3065.4314851765344,3576.3367327059564,4087.2419802353784,4598.1472277648008,5109.0524752942238,5619.9577228236449,6130.8629703530687,2217.563421016443,2771.9542762705532,3326.3451315246648,3880.735986778775,4435.1268420328852,4989.5176972869967,5543.9085525411074,6098.2994077952171,6652.6902630493305,2407.5046929053515,3009.3808661316893,3611.2570393580281,4213.1332125843655,4815.009385810703,5416.8855590370404,6018.7617322633787,6620.637905489717,7222.5140787160562]
[null,null,null,null,null,null,null,null,null,null,null,null,null,null,null,null,"Actual Plant Efficiency (w-hr/lb)",4.4858986589257865,4.4858986589257839,4.4858986589257848,4.4858986589257848,4.4858986589257848,4.4858986589257848,4.4858986589257848,4.4858986589257848,4.4858986589257848,4.9274427416744704,4.9274427416744695,4.9274427416744695,4.9274439780299426,4.9274439780299435,4.9274439780299426,4.9274439780299426,4.9274439780299435,4.9274439780299426,5.3963193614311296,5.3963193614311278,5.3963193614311278,5.3963193614311287,5.3963193614311304,5.3963193614311287,5.3963193614311278,5.3963193614311278,5.3963193614311278,5.9098459150959073,5.9098459150959073,5.9098459150959064,5.9098459150959064,5.9098459150959073,5.9098459150959082,5.9098459150959073,5.9098459150959064,5.9098459150959064,6.437305490911287,6.4373054909112888,6.4373054909112888,6.4373054909112879,6.437305490911287,6.4373054909112879,6.4373054909112888,6.437305490911287,6.4373054909112888,6.9852155833117981,6.9852155833117973,6.9852155833117981,6.9852155833117964,6.9852155833117964,6.9852155833117973,6.9852155833117973,6.9852155833117964,6.985215583311799,7.5835212370478802,7.5835212370478802,7.5835212370478819,7.5835212370478802,7.5835212370478802,7.5835212370478784,7.5835212370478802,7.5835212370478802,7.5835212370478819]
[null,null,null,null,null,null,null,null,null,null,null,null,null,null,null,"Estimated Nameplate","kW",1666.8501249735109,2083.5626562168873,2500.2751874602659,2916.9877187036427,3333.70024994702,3750.4127811903982,4167.1253124337754,4583.8378436771527,5000.5503749205318,1822.4802666983235,2278.1003333729045,2733.7204000474853,3189.3413229833186,3644.961511980935,4100.5817009785524,4556.2018899761688,5011.8220789737861,5467.4422679714025,1987.4057760327328,2484.2572200409154,2981.1086640490985,3477.960108057282,3974.8115520654655,4471.6629960736482,4968.5144400818308,5465.3658840900134,5962.217328098197,2168.5176128355661,2710.6470160444578,3252.7764192533491,3794.9058224622399,4337.0352256711321,4879.1646288800248,5421.2940320889156,5963.4234352978056,6505.5528385066982,2354.0335766329972,2942.541970791247,3531.0503649494963,4119.5587591077447,4708.0671532659944,5296.5755474242433,5885.0839415824939,6473.592335740741,7062.1007298989925,2546.8823135982907,3183.602891997863,3820.3234703974367,4457.0440487970081,5093.7646271965805,5730.4852055961546,6367.205783995727,7003.9263623952984,7640.6469407948744,2758.8560194492588,3448.5700243115739,4138.2840291738894,4827.9980340362035,5517.7120388985177,6207.4260437608327,6897.1400486231478,7586.8540534854619,8276.5680583477788]
[null,null,null,null,null,null,null,null,null,null,null,null,null,null,null,"GF Heat Exchangers","$/kW",69.305420921382435,68.416197937002593,67.698125797992617,67.09688748802121,66.580388992063604,66.128106223605016,65.726129521251764,65.364602774939826,65.036291385878741,66.519966140089949,65.658575661143445,64.963055159505458,64.380767231841943,63.880573929820017,63.442598849382335,63.05336187055795,62.703311834093611,62.385438367244376,63.916262141998615,63.082398831600422,62.409164880808696,61.845562252119905,61.36146319118393,60.93760383651523,60.560930257737283,60.22219372911956,59.914606162645725,61.667432611181489,60.858294574225965,60.205068006551301,59.658245962568586,59.188583318396972,58.777381515575712,58.411970249090388,58.08337293913781,57.785001466874668,59.44007593612222,58.65702516744814,58.02488989082017,57.495744910272158,57.041280679681968,56.643397469075531,56.289831123487247,55.971893046747084,55.683206633632722,57.343359912662734,56.58616640167179,55.974922298601463,55.463276839955675,55.023851174572926,54.639140976505423,54.297285742715168,53.989882979632483,53.710766142016816,55.644348855069119,54.90910336603303,54.315581574464012,53.818774001201668,53.392094261826848,53.018544784417877,52.686608488986828,52.388126214577902,52.117110020697829]
[null,null,null,null,null,null,null,null,null,null,null,null,null,null,null,"Air-Cooled Condenser","$/kW",251.16520599693587,251.16520599693567,251.1652059969357,251.16520599693567,251.1652059969357,251.1652059969357,251.16520599693567,251.1652059969357,251.1652059969357,239.77307146387059,239.77307146387056,239.77307146387056,239.7731301920812,239.77313019208131,239.77313019208125,239.7731301920812,239.77313019208128,239.7731301920812,229.70456796474647,229.70456796474639,229.70456796474636,229.70456796474645,229.70456796474653,229.7045679647465,229.70456796474639,229.70456796474636,229.70456796474636,221.24055019767681,221.24055019767681,221.24055019767678,221.24055019767681,221.24055019767681,221.24055019767684,221.24055019767681,221.24055019767678,221.24055019767678,212.45907603185947,212.4590760318595,212.45907603185947,212.4590760318595,212.45907603185947,212.45907603185952,212.4590760318595,212.45907603185947,212.45907603185947,203.14259084363755,203.14259084363761,203.14259084363761,203.14259084363758,203.14259084363758,203.14259084363758,203.14259084363758,203.14259084363755,203.14259084363763,194.05801983184628,194.05801983184628,194.05801983184634,194.05801983184628,194.05801983184628,194.0580198318462,194.05801983184628,194.05801983184628,194.05801983184634]
[null,null,null,null,null,null,null,null,null,null,null,null,null,null,null,"WF Pumps","$/kW",58.444270032183894,54.796077390829993,51.984989241568385,49.721059067232417,47.839803828943637,46.239590381705725,44.85356034953228,43.635568652055603,42.552532284120772,57.725404258213665,54.044182029815524,51.211360190630479,48.932415419751038,47.040434885014307,45.432404256843711,44.040606702648802,42.818339000481338,41.732140040883181,56.984218816133918,53.273957849764507,50.422507634908555,48.131045064144907,46.230436391065496,44.616375007190143,43.220357685705928,41.995173353708594,40.907019176924528,56.310317657504825,52.572488477085159,49.703400811682066,47.400127477066761,45.491396050403303,43.871676719576641,42.471717336291782,41.243823768808248,40.153868517110347,55.434551339009289,51.691712794332076,48.821971365396685,46.520295677795538,44.614390214086207,42.998181286375498,41.602108968778374,40.378297014006215,39.292506729173752,54.399263997996762,50.674646266041321,47.821524376051393,45.534938910473514,43.64277395575381,42.039138502563027,40.654633348680342,39.44151772324296,38.365665731073818,53.363244379511407,49.67210873681109,46.846574404817666,44.583386857347215,42.711494513349514,41.125714131218082,39.757140414674183,38.558390597747916,37.495606365883226]
[null,null,null,null,null,null,null,null,null,null,null,null,null,{"$f":"R65*2/3","v":537.46641139207577},null,"Turbine-Generator","$/kW",806.19961708811365,748.97426326564437,705.24635606316508,670.27279986350754,641.38236199427058,616.93458071440921,595.85600372932754,577.40920492827422,561.06771083991646,780.51071955674547,724.87060881740729,682.36675944699425,648.38059303143791,620.3117935403252,596.563700327736,576.09175143109974,558.17848782461306,542.31176817820869,756.55623554446936,702.37721398095175,661.00272479931925,627.92840601567127,600.61884050924346,577.51768033169913,557.6069141215288,540.18744448183884,524.76031719796981,733.62796546491518,680.83664516006183,640.53559577206033,608.32845493338652,581.7413280178514,559.25601090064993,539.87965666989646,522.93057906439924,507.92233348275278,712.7699196553973,661.21777165448009,621.87689147179719,590.44647823117123,564.5071695829497,542.57461977856497,523.67834621174336,507.15215256680955,492.52073376428592,693.575674688802,643.14274831377759,604.67063170613096,573.94400072925964,548.59236222073355,527.16175925855975,508.70180777446791,492.56024759498638,478.27180554163289,675.10393510365247,625.73837605194842,588.09559497563214,558.04133399785974,533.25149893859191,512.30101151260737,494.25860170978069,478.4852713830951,464.52529934044844]
[null,null,null,null,null,null,null,null,null,null,null,null,null,null,null,"Plant equipment cost","$/kW",1185.1145140386159,1123.3517445904126,1076.0946770996618,1038.2559524156968,1006.9677608122136,980.46748331665572,957.60089959704726,937.57458235220543,919.82174050685171,1144.5291614189196,1084.3464379722368,1038.3142462610008,1001.466905875112,971.00593254724083,945.21183362604324,922.95885019638763,903.47326885126927,886.20247677841735,1107.1612844673484,1048.4381386270629,1003.5389652797828,967.60958129668256,937.91530805623938,912.77622714015092,891.09277002971839,872.10937952941333,855.28651050228632,1072.8462659312784,1015.5079784090498,971.68461478797053,936.62737857069874,907.66185758432846,883.14561933347909,862.00389445295536,843.49832597002205,827.10175366441467,1040.1036229623883,984.02558564811989,941.18282875987347,906.92159485109846,878.62191650857733,854.6752745658755,834.02936233586843,815.96141865942229,799.95552315895179,1008.4608894430989,953.54615182512828,911.6096692244214,878.08480732332646,850.40157819469778,826.98262958126588,806.79631770950095,789.13423914149939,773.49082825836115,978.16954817007922,924.37760798663885,883.31577078676014,850.50151468825493,823.41310754561459,800.50329026008956,780.760370445288,763.48980802726715,748.19603555887579]
[null,null,null,null,null,null,null,null,null,null,null,null,null,null,null,null,"Direct Installation Multiplier",2.5309382188858787,2.5240236926024204,2.5183881384499198,2.5136331632022664,2.509521473767887,2.5059002896866942,2.5026654580580652,2.4997427943547632,2.4970775918443615,2.5300748267112612,2.5231626592162697,2.5175290275497932,2.5127756561877903,2.5086653694252821,2.505045420683754,2.5018116925935625,2.4988900259349616,2.4962257326383153,2.5291478031384367,2.5222381682729718,2.5166066007783923,2.5118549892566882,2.5077462084802358,2.5041275860676584,2.5008950427973327,2.4979744466210372,2.4953111295065371,2.5279845095423883,2.5210780527964385,2.5154490755681906,2.5106996495728704,2.5065927586497354,2.5029758006397977,2.4997447441931677,2.4968254913590151,2.4941633992499255,2.5270985008988056,2.5201944647295451,2.5145674603466452,2.5098196989313366,2.5057142473923602,2.5020985570547705,2.4988686330296126,2.4959504033359239,2.4932892442375421,2.526480259595056,2.5195779124617865,2.5139522846957947,2.509205684795246,2.5051012376333093,2.5014864318552679,2.498257298013967,2.4953397822497632,2.4926792741899035,2.5258340887708086,2.5189335069770151,2.5133093180176469,2.5085639321041686,2.5044605346927673,2.5008466534349241,2.4976183454746361,2.4947015758922242,2.4920417482820443]
[]
[null,null,null,null,null,null,null,null,null,null,null,null,null,null,null,null,"GETEM Parasitics",{"$f":"R61-R59","v":242.73305116601182},{"$f":"S61-S59","v":303.41631395751415},364.09957674901761,424.78283954051994,485.46610233202273,546.14936512352551,606.8326279150283,667.51589070653154,728.19915349803523,258.18827702867043,322.7353462858382,387.28241554300575,451.82965418653657,516.37674764175563,580.92384109697559,645.47093455219465,710.01802800741461,774.56512146263412,274.26173898657817,342.82717373322248,411.39260847986725,479.95804322651156,548.52347797315588,617.08891271980065,685.65434746644496,754.21978221308927,822.7852169597345,292.34672464278788,365.43340580348467,438.5200869641817,511.60676812487827,{"$f":"AW61-AW59","v":584.69344928557575},657.78013044627278,730.86681160696935,803.95349276766592,877.0401739283634,310.41258651530802,388.01573314413508,465.61887977296192,543.2220264017883,620.82517303061604,698.42831965944242,776.03146628827017,853.63461291709609,931.23775954592384,329.31889258184765,411.64861572730979,493.97833887277193,576.30806201823316,658.6377851636953,740.96750830915789,823.29723145461958,905.62695460008126,987.95667774554386,351.35132654390736,439.18915817988454,527.02698981586127,614.864821451838,702.70265308781472,790.54048472379236,878.37831635976909,966.2161479957449,1054.0539796317225]
[null,null,null,null,null,null,null,null,null,null,null,null,null,null,null,null,"IPSEpro parasitics",{"$f":"R31+R32","v":323.18373941792493},{"$f":"S31+S32","v":403.97967427240599},484.77560912688728,565.57154398136856,646.36747883584985,727.16341369033103,807.9593485448122,888.75528339929326,969.55121825377466,345.43061714003528,431.78827142504417,518.14592571005301,604.36606689138944,690.70407644730233,777.04208600321499,863.38009555912777,949.71810511504032,1036.0561146709533,368.85321858650167,461.06652323312699,553.27982787975259,645.49313252637808,737.70643717300356,829.91974181962883,922.13304646625397,1014.3463511128797,1106.5596557595052,389.60479683347,487.00599604183753,584.40719525020495,681.80839445857237,779.20959366694001,876.61079287530742,974.01199208367507,1071.4131912920425,1168.8143905004099,424.37740915293762,530.47176144117202,636.56611372940654,742.66046601764083,848.75481830587523,954.84917059410998,1060.943522882344,1167.0378751705784,1273.1322274588131,447.36521489737527,559.20651862171906,671.04782234606284,782.88912607040652,894.73042979475031,1006.5717335190941,1118.4130372434379,1230.2543409677819,1342.0956446921257,476.89579765420694,596.11974706775857,715.34369648131019,834.56764589486204,953.79159530841355,1073.0155447219654,1192.2394941355171,1311.4634435490686,1430.6873929626204]
[null,null,null,null,null,null,null,null,null,null,null,null,null,null,null,null,null,{"$f":"R70/R69-1","v":0.33143689277357891},{"$f":"S70/S69-1","v":0.33143689277358113},0.33143689277357913,0.33143689277358113,0.33143689277358135,0.33143689277358135,0.33143689277358157,0.33143689277358046,0.33143689277357913,0.3379020190822879,0.33790201908228745,0.3379020190822879,0.33759717028639002,0.33759717028639136,0.33759717028639002,0.33759717028639091,0.33759717028638958,0.33759717028639002,0.34489491662033345,0.34489491662033389,0.34489491662033345,0.34489491662033434,0.34489491662033478,0.34489491662033389,0.34489491662033389,0.34489491662033478,0.34489491662033345,0.33268056041852234,0.33268056041852301,0.33268056041852256,0.33268056041852345,0.33268056041852234,0.33268056041852212,0.33268056041852301,0.33268056041852367,0.33268056041852256,0.36713982482797758,0.36713982482797736,0.36713982482797802,0.36713982482797936,0.36713982482797758,0.36713982482797913,0.36713982482797736,0.36713982482797913,0.36713982482797802,0.35845596767937882,0.35845596767937793,0.35845596767937749,0.35845596767937904,0.3584559676793786,0.35845596767937726,0.35845596767937771,0.35845596767937837,0.35845596767937749,0.35731890454271742,0.35731890454271609,0.35731890454271653,0.35731890454271698,0.35731890454271698,0.35731890454271586,0.35731890454271609,0.35731890454271742,0.35731890454271653]
[null,null,null,null,null,null,null,null,null,null,null,null,null,null,null,"SAM Inputs"]
[null,null,null,null,null,null,null,null,null,null,null,null,null,null,null,null,"SAM Plant Efficiency (%)",{"$f":"R60/VLOOKUP(R$58,'GETEM-Excel Max BE vs. Temp'!$C$4:$D$14,2)","v":0.56355156800846562},{"$f":"S60/VLOOKUP(S$58,'GETEM-Excel Max BE vs. Temp'!$C$4:$D$14,2)*100","v":56.35515680084653},{"$f":"T60/VLOOKUP(T$58,'GETEM-Excel Max BE vs. Temp'!$C$4:$D$14,2)*100","v":56.355156800846537},{"$f":"U60/VLOOKUP(U$58,'GETEM-Excel Max BE vs. Temp'!$C$4:$D$14,2)*100","v":56.355156800846537},{"$f":"V60/VLOOKUP(V$58,'GETEM-Excel Max BE vs. Temp'!$C$4:$D$14,2)*100","v":56.355156800846537},{"$f":"W60/VLOOKUP(W$58,'GETEM-Excel Max BE vs. Temp'!$C$4:$D$14,2)*100","v":56.355156800846537},{"$f":"X60/VLOOKUP(X$58,'GETEM-Excel Max BE vs. Temp'!$C$4:$D$14,2)*100","v":56.355156800846537},{"$f":"Y60/VLOOKUP(Y$58,'GETEM-Excel Max BE vs. Temp'!$C$4:$D$14,2)*100","v":56.355156800846537},{"$f":"Z60/VLOOKUP(Z$58,'GETEM-Excel Max BE vs. Temp'!$C$4:$D$14,2)*100","v":56.355156800846537},{"$f":"AA60/VLOOKUP(AA$58,'GETEM-Excel Max BE vs. Temp'!$C$4:$D$14,2)*100","v":59.152477010090799},{"$f":"AB60/VLOOKUP(AB$58,'GETEM-Excel Max BE vs. Temp'!$C$4:$D$14,2)*100","v":59.152477010090784},{"$f":"AC60/VLOOKUP(AC$58,'GETEM-Excel Max BE vs. Temp'!$C$4:$D$14,2)*100","v":59.152477010090784},{"$f":"AD60/VLOOKUP(AD$58,'GETEM-Excel Max BE vs. Temp'!$C$4:$D$14,2)*100","v":59.15249185216863},{"$f":"AE60/VLOOKUP(AE$58,'GETEM-Excel Max BE vs. Temp'!$C$4:$D$14,2)*100","v":59.15249185216863},{"$f":"AF60/VLOOKUP(AF$58,'GETEM-Excel Max BE vs. Temp'!$C$4:$D$14,2)*100","v":59.15249185216863},{"$f":"AG60/VLOOKUP(AG$58,'GETEM-Excel Max BE vs. Temp'!$C$4:$D$14,2)*100","v":59.15249185216863},{"$f":"AH60/VLOOKUP(AH$58,'GETEM-Excel Max BE vs. Temp'!$C$4:$D$14,2)*100","v":59.15249185216863},{"$f":"AI60/VLOOKUP(AI$58,'GETEM-Excel Max BE vs. Temp'!$C$4:$D$14,2)*100","v":59.15249185216863},{"$f":"AJ60/VLOOKUP(AJ$58,'GETEM-Excel Max BE vs. Temp'!$C$4:$D$14,2)*100","v":62.024449260211753},{"$f":"AK60/VLOOKUP(AK$58,'GETEM-Excel Max BE vs. Temp'!$C$4:$D$14,2)*100","v":62.024449260211732},{"$f":"AL60/VLOOKUP(AL$58,'GETEM-Excel Max BE vs. Temp'!$C$4:$D$14,2)*100","v":62.024449260211732},{"$f":"AM60/VLOOKUP(AM$58,'GETEM-Excel Max BE vs. Temp'!$C$4:$D$14,2)*100","v":62.024449260211746},{"$f":"AN60/VLOOKUP(AN$58,'GETEM-Excel Max BE vs. Temp'!$C$4:$D$14,2)*100","v":62.024449260211767},{"$f":"AO60/VLOOKUP(AO$58,'GETEM-Excel Max BE vs. Temp'!$C$4:$D$14,2)*100","v":62.024449260211746},{"$f":"AP60/VLOOKUP(AP$58,'GETEM-Excel Max BE vs. Temp'!$C$4:$D$14,2)*100","v":62.024449260211732},{"$f":"AQ60/VLOOKUP(AQ$58,'GETEM-Excel Max BE vs. Temp'!$C$4:$D$14,2)*100","v":62.024449260211732},{"$f":"AR60/VLOOKUP(AR$58,'GETEM-Excel Max BE vs. Temp'!$C$4:$D$14,2)*100","v":62.024449260211732},{"$f":"AS60/VLOOKUP(AS$58,'GETEM-Excel Max BE vs. Temp'!$C$4:$D$14,2)*100","v":65.1493338289946},{"$f":"AT60/VLOOKUP(AT$58,'GETEM-Excel Max BE vs. Temp'!$C$4:$D$14,2)*100","v":65.1493338289946},{"$f":"AU60/VLOOKUP(AU$58,'GETEM-Excel Max BE vs. Temp'!$C$4:$D$14,2)*100","v":65.1493338289946},{"$f":"AV60/VLOOKUP(AV$58,'GETEM-Excel Max BE vs. Temp'!$C$4:$D$14,2)*100","v":65.1493338289946},{"$f":"AW60/VLOOKUP(AW$58,'GETEM-Excel Max BE vs. Temp'!$C$4:$D$14,2)*100","v":65.1493338289946},{"$f":"AX60/VLOOKUP(AX$58,'GETEM-Excel Max BE vs. Temp'!$C$4:$D$14,2)*100","v":65.149333828994614},{"$f":"AY60/VLOOKUP(AY$58,'GETEM-Excel Max BE vs. Temp'!$C$4:$D$14,2)*100","v":65.1493338289946},{"$f":"AZ60/VLOOKUP(AZ$58,'GETEM-Excel Max BE vs. Temp'!$C$4:$D$14,2)*100","v":65.1493338289946},{"$f":"BA60/VLOOKUP(BA$58,'GETEM-Excel Max BE vs. Temp'!$C$4:$D$14,2)*100","v":65.1493338289946},{"$f":"BB60/VLOOKUP(BB$58,'GETEM-Excel Max BE vs. Temp'!$C$4:$D$14,2)*100","v":62.500538767634538},{"$f":"BC60/VLOOKUP(BC$58,'GETEM-Excel Max BE vs. Temp'!$C$4:$D$14,2)*100","v":62.500538767634559},{"$f":"BD60/VLOOKUP(BD$58,'GETEM-Excel Max BE vs. Temp'!$C$4:$D$14,2)*100","v":62.500538767634559},{"$f":"BE60/VLOOKUP(BE$58,'GETEM-Excel Max BE vs. Temp'!$C$4:$D$14,2)*100","v":62.500538767634552},{"$f":"BF60/VLOOKUP(BF$58,'GETEM-Excel Max BE vs. Temp'!$C$4:$D$14,2)*100","v":62.500538767634538},{"$f":"BG60/VLOOKUP(BG$58,'GETEM-Excel Max BE vs. Temp'!$C$4:$D$14,2)*100","v":62.500538767634552},{"$f":"BH60/VLOOKUP(BH$58,'GETEM-Excel Max BE vs. Temp'!$C$4:$D$14,2)*100","v":62.500538767634559},{"$f":"BI60/VLOOKUP(BI$58,'GETEM-Excel Max BE vs. Temp'!$C$4:$D$14,2)*100","v":62.500538767634538},{"$f":"BJ60/VLOOKUP(BJ$58,'GETEM-Excel Max BE vs. Temp'!$C$4:$D$14,2)*100","v":62.500538767634559},{"$f":"BK60/VLOOKUP(BK$58,'GETEM-Excel Max BE vs. Temp'!$C$4:$D$14,2)*100","v":65.272018308416406},{"$f":"BL60/VLOOKUP(BL$58,'GETEM-Excel Max BE vs. Temp'!$C$4:$D$14,2)*100","v":65.272018308416392},{"$f":"BM60/VLOOKUP(BM$58,'GETEM-Excel Max BE vs. Temp'!$C$4:$D$14,2)*100","v":65.272018308416406},{"$f":"BN60/VLOOKUP(BN$58,'GETEM-Excel Max BE vs. Temp'!$C$4:$D$14,2)*100","v":65.272018308416378},{"$f":"BO60/VLOOKUP(BO$58,'GETEM-Excel Max BE vs. Temp'!$C$4:$D$14,2)*100","v":65.272018308416378},{"$f":"BP60/VLOOKUP(BP$58,'GETEM-Excel Max BE vs. Temp'!$C$4:$D$14,2)*100","v":65.272018308416392},{"$f":"BQ60/VLOOKUP(BQ$58,'GETEM-Excel Max BE vs. Temp'!$C$4:$D$14,2)*100","v":65.272018308416392},{"$f":"BR60/VLOOKUP(BR$58,'GETEM-Excel Max BE vs. Temp'!$C$4:$D$14,2)*100","v":65.272018308416378},{"$f":"BS60/VLOOKUP(BS$58,'GETEM-Excel Max BE vs. Temp'!$C$4:$D$14,2)*100","v":65.272018308416406},{"$f":"BT60/VLOOKUP(BT$58,'GETEM-Excel Max BE vs. Temp'!$C$4:$D$14,2)*100","v":68.333554731999854},{"$f":"BU60/VLOOKUP(BU$58,'GETEM-Excel Max BE vs. Temp'!$C$4:$D$14,2)*100","v":68.333554731999854},{"$f":"BV60/VLOOKUP(BV$58,'GETEM-Excel Max BE vs. Temp'!$C$4:$D$14,2)*100","v":68.333554731999882},{"$f":"BW60/VLOOKUP(BW$58,'GETEM-Excel Max BE vs. Temp'!$C$4:$D$14,2)*100","v":68.333554731999854},{"$f":"BX60/VLOOKUP(BX$58,'GETEM-Excel Max BE vs. Temp'!$C$4:$D$14,2)*100","v":68.333554731999854},{"$f":"BY60/VLOOKUP(BY$58,'GETEM-Excel Max BE vs. Temp'!$C$4:$D$14,2)*100","v":68.33355473199984},{"$f":"BZ60/VLOOKUP(BZ$58,'GETEM-Excel Max BE vs. Temp'!$C$4:$D$14,2)*100","v":68.333554731999854},{"$f":"CA60/VLOOKUP(CA$58,'GETEM-Excel Max BE vs. Temp'!$C$4:$D$14,2)*100","v":68.333554731999854},{"$f":"CB60/VLOOKUP(CB$58,'GETEM-Excel Max BE vs. Temp'!$C$4:$D$14,2)*100","v":68.333554731999882}]
[null,null,null,null,null,null,null,null,null,null,null,null,null,null,null,null,"Specified Plant Cost - Custom ($)",{"$f":"R66*R67*R59","v":4271570.260308709},{"$f":"S66*S67*S59","v":5047367.1588088162},5789087.3241776535,6504142.8204918681,7197508.2528532585,7872727.0176044172,8532436.1451928932,9178665.3795485087,9813019.357303096,4529789.7999345073,5349844.2722656308,6133556.638955052,6888843.1626021294,7621010.2202802561,8333840.8665265795,9030148.5676154196,9712098.4333941098,10381401.804509351,4797102.2993242536,5662820.5070247622,6489850.75000495,7286628.8919498464,8058813.0542149413,8810431.321120888,9544480.0232476927,10263264.500543581,10968606.583879644,5088435.7513444731,6004156.9656841615,6878670.5224778056,7720973.3254896021,8537097.764152823,9331337.1423993297,10106884.285024019,10866195.173414925,11611210.303453967,5371543.9558482971,6335061.15589647,7254857.7298501311,8140492.3047434622,8998371.6193347219,9833054.0280604325,10647928.577728849,11445601.582228705,12228131.887854271,5650033.4423751775,6659713.9035835378,7623128.8716083737,8550407.710516924,9448337.1910183579,10321744.545328015,11174217.748604001,12008515.433989996,12826816.300730474,5948207.374130548,7007180.0272571165,8017155.8693615617,8988877.3811224587,9929539.4716099091,10844258.070443163,11736834.702974008,12610191.489818104,{"$f":"CB66*CB67*CB59","v":13466635.751676224}]
[null,null,null,null,null,null,null,null,null,null,null,null,null,null,null,null,"Specified Plant Cost - Standard ($)",{"$f":"(SUM(R62:R64)*R59+1532154)*R67","v":5243529.9076154195},{"$f":"(SUM(S62:S64)*S59+1532154)*S67","v":5549320.2674798779},5853618.3372225668,6156499.4557076003,6458069.8578863544,6758436.0863141594,7057696.048903795,7355937.0624790043,7653236.2199199153,5317167.6404273938,5639421.0686155017,5959904.3249240993,6278752.6934340252,6596109.9693394899,6912112.0656636171,7226878.1115225712,7540511.8233734835,7853103.3076414913,5394143.5430158386,5733600.3871927876,6070998.5384488842,6406533.5359336296,6740392.6432155482,7072740.3542876402,7403717.8684015954,7733445.9422393637,8062028.1932227891,5482150.5518134488,5841412.8899647435,6198298.5062130615,6553070.564897975,{"$f":"(SUM(AW62:AW64)*AW59+1532154)*AW67","v":6905961.8832462737},7257169.5162960263,7606858.975907783,7955169.7914324077,8302220.4659111919,5562396.5781837935,5939531.3866408551,6313989.5593172004,6686098.3995888811,7056133.8682998018,7424323.8213188602,7790856.7443720475,8155889.8890715195,8519555.7992703989,5635142.2517680498,6028286.7877895832,6418470.0574209895,6806080.339076953,7191434.5926316977,7574789.9336256739,7956356.6654482232,8336308.865443496,8714792.4046569113,5712895.8916412899,6123207.9306631265,6530256.0460474389,6934492.7663046475,7336278.3488943446,7735900.8684471063,8133593.751780876,8529548.9354923386,8923926.4553956874]
[]
[null,null,null,null,null,null,null,null,null,null,null,null,null,null,null,null,null,null,null,null,null,null,null,null,0.99,0.98,0.97,0.96,0.95,0.94,0.93,0.92,0.91,0.9,0.89,0.88,0.87,0.86,0.85]
[null,null,null,null,null,null,null,null,null,null,null,null,null,null,null,null,null,160,40,56.35515680084653,4271570.260308709,5243529.9076154195,null,null,{"$f":"$T78*Y$77","v":55.791605232838066},{"$f":"$T78*Z$77","v":55.228053664829595},54.664502096821131,54.100950528812668,53.537398960804204,52.973847392795733,52.410295824787276,51.846744256778813,51.283192688770342,50.719641120761878,50.156089552753414,49.592537984744943,49.02898641673648,48.465434848728016,47.901883280719552]
[null,null,null,null,null,null,null,null,null,null,null,null,null,null,null,null,null,160,50,56.35515680084653,5047367.1588088162,5549320.2674798779,null,null,{"$f":"$T79*Y$77","v":55.791605232838066},55.228053664829595,54.664502096821131,54.100950528812668,53.537398960804204,52.973847392795733,52.410295824787276,51.846744256778813,51.283192688770342,50.719641120761878,50.156089552753414,49.592537984744943,49.02898641673648,48.465434848728016,47.901883280719552]
[null,null,null,null,null,null,null,null,null,null,null,null,null,null,null,null,null,160,60,56.355156800846537,5789087.3241776535,5853618.3372225668,null,null,55.791605232838073,55.228053664829602,54.664502096821138,54.100950528812675,53.537398960804204,52.97384739279574,52.410295824787283,51.846744256778813,51.283192688770349,50.719641120761885,50.156089552753421,49.592537984744951,49.028986416736487,48.465434848728023,47.901883280719552]
[null,null,null,null,null,null,null,null,null,null,null,null,null,null,null,null,null,160,70,56.355156800846537,6504142.8204918681,6156499.4557076003,null,null,55.791605232838073,55.228053664829602,54.664502096821138,54.100950528812675,53.537398960804204,52.97384739279574,52.410295824787283,51.846744256778813,51.283192688770349,50.719641120761885,50.156089552753421,49.592537984744951,49.028986416736487,48.465434848728023,47.901883280719552]
[null,null,null,null,null,null,null,null,null,null,null,null,null,null,null,null,null,160,80,56.355156800846537,7197508.2528532585,6458069.8578863544,null,null,55.791605232838073,55.228053664829602,54.664502096821138,54.100950528812675,53.537398960804204,52.97384739279574,52.410295824787283,51.846744256778813,51.283192688770349,50.719641120761885,50.156089552753421,49.592537984744951,49.028986416736487,48.465434848728023,47.901883280719552]
[null,null,null,null,null,null,null,null,null,null,null,null,null,null,null,null,null,160,90,56.355156800846537,7872727.0176044172,6758436.0863141594,null,null,55.791605232838073,55.228053664829602,54.664502096821138,54.100950528812675,53.537398960804204,52.97384739279574,52.410295824787283,51.846744256778813,51.283192688770349,50.719641120761885,50.156089552753421,49.592537984744951,49.028986416736487,48.465434848728023,47.901883280719552]
[null,null,null,null,null,null,null,null,null,null,null,null,null,null,null,null,null,160,100,56.355156800846537,8532436.1451928932,7057696.048903795,null,null,55.791605232838073,55.228053664829602,54.664502096821138,54.100950528812675,53.537398960804204,52.97384739279574,52.410295824787283,51.846744256778813,51.283192688770349,50.719641120761885,50.156089552753421,49.592537984744951,49.028986416736487,48.465434848728023,47.901883280719552]
[null,null,null,null,null,null,null,null,null,null,null,null,null,null,null,null,null,160,110,56.355156800846537,9178665.3795485087,7355937.0624790043,null,null,55.791605232838073,55.228053664829602,54.664502096821138,54.100950528812675,53.537398960804204,52.97384739279574,52.410295824787283,51.846744256778813,51.283192688770349,50.719641120761885,50.156089552753421,49.592537984744951,49.028986416736487,48.465434848728023,47.901883280719552]
[null,null,null,null,null,null,null,null,null,null,null,null,null,null,null,null,null,160,120,56.355156800846537,9813019.357303096,7653236.2199199153,null,null,55.791605232838073,55.228053664829602,54.664502096821138,54.100950528812675,53.537398960804204,52.97384739279574,52.410295824787283,51.846744256778813,51.283192688770349,50.719641120761885,50.156089552753421,49.592537984744951,49.028986416736487,48.465434848728023,47.901883280719552]
[null,null,null,null,null,null,null,null,null,null,null,null,null,null,null,null,null,165,40,59.152477010090799,4529789.7999345073,5317167.6404273938,null,null,58.560952239989888,57.969427469888984,57.377902699788073,56.786377929687163,56.194853159586259,55.603328389485348,55.011803619384445,54.420278849283534,53.82875407918263,53.237229309081719,52.645704538980809,52.054179768879905,51.462654998778994,50.871130228678084,50.27960545857718]
[null,null,null,null,null,null,null,null,null,null,null,null,null,null,null,null,null,165,50,59.152477010090784,5349844.2722656308,5639421.0686155017,null,null,58.560952239989874,57.96942746988897,57.377902699788059,56.786377929687148,56.194853159586245,55.603328389485334,55.01180361938443,54.420278849283527,53.828754079182616,53.237229309081705,52.645704538980802,52.054179768879891,51.46265499877898,50.871130228678076,50.279605458577166]
[null,null,null,null,null,null,null,null,null,null,null,null,null,null,null,null,null,165,60,59.152477010090784,6133556.638955052,5959904.3249240993,null,null,58.560952239989874,57.96942746988897,57.377902699788059,56.786377929687148,56.194853159586245,55.603328389485334,55.01180361938443,54.420278849283527,53.828754079182616,53.237229309081705,52.645704538980802,52.054179768879891,51.46265499877898,50.871130228678076,50.279605458577166]
[null,null,null,null,null,null,null,null,null,null,null,null,null,null,null,null,null,165,70,59.15249185216863,6888843.1626021294,6278752.6934340252,null,null,58.560966933646945,57.96944201512526,57.377917096603568,56.786392178081883,56.194867259560198,55.603342341038513,55.011817422516827,54.420292503995142,53.828767585473457,53.237242666951765,52.64571774843008,52.054192829908395,51.46266791138671,50.871142992865025,50.279618074343333]
[null,null,null,null,null,null,null,null,null,null,null,null,null,null,null,null,null,165,80,59.15249185216863,7621010.2202802561,6596109.9693394899,null,null,58.560966933646945,57.96944201512526,57.377917096603568,56.786392178081883,56.194867259560198,55.603342341038513,55.011817422516827,54.420292503995142,53.828767585473457,53.237242666951765,52.64571774843008,52.054192829908395,51.46266791138671,50.871142992865025,50.279618074343333]
[null,null,null,null,null,null,null,null,null,null,null,null,null,null,null,null,null,165,90,59.15249185216863,8333840.8665265795,6912112.0656636171,null,null,58.560966933646945,57.96944201512526,57.377917096603568,56.786392178081883,56.194867259560198,55.603342341038513,55.011817422516827,54.420292503995142,53.828767585473457,53.237242666951765,52.64571774843008,52.054192829908395,51.46266791138671,50.871142992865025,50.279618074343333]
[null,null,null,null,null,null,null,null,null,null,null,null,null,null,null,null,null,165,100,59.15249185216863,9030148.5676154196,7226878.1115225712,null,null,58.560966933646945,57.96944201512526,57.377917096603568,56.786392178081883,56.194867259560198,55.603342341038513,55.011817422516827,54.420292503995142,53.828767585473457,53.237242666951765,52.64571774843008,52.054192829908395,51.46266791138671,50.871142992865025,50.279618074343333]
[null,null,null,null,null,null,null,null,null,null,null,null,null,null,null,null,null,165,110,59.15249185216863,9712098.4333941098,7540511.8233734835,null,null,58.560966933646945,57.96944201512526,57.377917096603568,56.786392178081883,56.194867259560198,55.603342341038513,55.011817422516827,54.420292503995142,53.828767585473457,53.237242666951765,52.64571774843008,52.054192829908395,51.46266791138671,50.871142992865025,50.279618074343333]
[null,null,null,null,null,null,null,null,null,null,null,null,null,null,null,null,null,165,120,59.15249185216863,10381401.804509351,7853103.3076414913,null,null,{"$f":"$T95*Y$77","v":58.560966933646945},57.96944201512526,57.377917096603568,56.786392178081883,56.194867259560198,55.603342341038513,55.011817422516827,54.420292503995142,53.828767585473457,53.237242666951765,52.64571774843008,52.054192829908395,51.46266791138671,50.871142992865025,50.279618074343333]
[null,null,null,null,null,null,null,null,null,null,null,null,null,null,null,null,null,170,40,62.024449260211753,4797102.2993242536,5394143.5430158386,null,null,61.404204767609635,60.783960275007516,60.163715782405397,59.543471289803279,58.92322679720116,58.302982304599041,57.682737811996937,57.062493319394818,56.442248826792699,55.822004334190581,55.201759841588462,54.581515348986343,53.961270856384225,53.341026363782106,52.720781871179987]
[null,null,null,null,null,null,null,null,null,null,null,null,null,null,null,null,null,170,50,62.024449260211732,5662820.5070247622,5733600.3871927876,null,null,61.404204767609613,60.783960275007495,60.163715782405376,59.543471289803257,58.923226797201146,58.302982304599027,57.682737811996915,57.062493319394797,56.442248826792678,55.822004334190559,55.201759841588441,54.581515348986322,53.961270856384203,53.341026363782092,52.720781871179973]
[null,null,null,null,null,null,null,null,null,null,null,null,null,null,null,null,null,170,60,62.024449260211732,6489850.75000495,6070998.5384488842,null,null,61.404204767609613,60.783960275007495,60.163715782405376,59.543471289803257,58.923226797201146,58.302982304599027,57.682737811996915,57.062493319394797,56.442248826792678,55.822004334190559,55.201759841588441,54.581515348986322,53.961270856384203,53.341026363782092,52.720781871179973]
[null,null,null,null,null,null,null,null,null,null,null,null,null,null,null,null,null,170,70,62.024449260211746,7286628.8919498464,6406533.5359336296,null,null,61.404204767609627,60.783960275007509,60.16371578240539,59.543471289803271,58.923226797201153,58.302982304599041,57.68273781199693,57.062493319394811,56.442248826792692,55.822004334190574,55.201759841588455,54.581515348986336,53.961270856384218,53.341026363782099,52.72078187117998]
[null,null,null,null,null,null,null,null,null,null,null,null,null,null,null,null,null,170,80,62.024449260211767,8058813.0542149413,6740392.6432155482,null,null,61.404204767609649,60.78396027500753,60.163715782405411,59.543471289803293,58.923226797201174,58.302982304599055,57.682737811996944,57.062493319394825,56.442248826792714,55.822004334190595,55.201759841588476,54.581515348986358,53.961270856384239,53.34102636378212,52.720781871180002]
[null,null,null,null,null,null,null,null,null,null,null,null,null,null,null,null,null,170,90,62.024449260211746,8810431.321120888,7072740.3542876402,null,null,61.404204767609627,60.783960275007509,60.16371578240539,59.543471289803271,58.923226797201153,58.302982304599041,57.68273781199693,57.062493319394811,56.442248826792692,55.822004334190574,55.201759841588455,54.581515348986336,53.961270856384218,53.341026363782099,52.72078187117998]
[null,null,null,null,null,null,null,null,null,null,null,null,null,null,null,null,null,170,100,62.024449260211732,9544480.0232476927,7403717.8684015954,null,null,61.404204767609613,60.783960275007495,60.163715782405376,59.543471289803257,58.923226797201146,58.302982304599027,57.682737811996915,57.062493319394797,56.442248826792678,55.822004334190559,55.201759841588441,54.581515348986322,53.961270856384203,53.341026363782092,52.720781871179973]
[null,null,null,null,null,null,null,null,null,null,null,null,null,null,null,null,null,170,110,62.024449260211732,10263264.500543581,7733445.9422393637,null,null,61.404204767609613,60.783960275007495,60.163715782405376,59.543471289803257,58.923226797201146,58.302982304599027,57.682737811996915,57.062493319394797,56.442248826792678,55.822004334190559,55.201759841588441,54.581515348986322,53.961270856384203,53.341026363782092,52.720781871179973]
[null,null,null,null,null,null,null,null,null,null,null,null,null,null,null,null,null,170,120,62.024449260211732,10968606.583879644,8062028.1932227891,null,null,61.404204767609613,60.783960275007495,60.163715782405376,59.543471289803257,58.923226797201146,58.302982304599027,57.682737811996915,57.062493319394797,56.442248826792678,55.822004334190559,55.201759841588441,54.581515348986322,53.961270856384203,53.341026363782092,52.720781871179973]
[null,null,null,null,null,null,null,null,null,null,null,null,null,null,null,null,null,175,40,65.1493338289946,5088435.7513444731,5482150.5518134488,null,null,64.497840490704647,63.846347152414708,63.194853814124762,62.543360475834817,61.891867137544864,61.240373799254918,60.58888046096498,59.937387122675034,59.285893784385088,58.634400446095142,57.982907107805197,57.331413769515251,56.679920431225298,56.028427092935353,55.376933754645407]
[null,null,null,null,null,null,null,null,null,null,null,null,null,null,null,null,null,175,50,65.1493338289946,6004156.9656841615,5841412.8899647435,null,null,64.497840490704647,63.846347152414708,63.194853814124762,62.543360475834817,61.891867137544864,61.240373799254918,60.58888046096498,59.937387122675034,59.285893784385088,58.634400446095142,57.982907107805197,57.331413769515251,56.679920431225298,56.028427092935353,55.376933754645407]
[null,null,null,null,null,null,null,null,null,null,null,null,null,null,null,null,null,175,60,65.1493338289946,6878670.5224778056,6198298.5062130615,null,null,64.497840490704647,63.846347152414708,63.194853814124762,62.543360475834817,61.891867137544864,61.240373799254918,60.58888046096498,59.937387122675034,59.285893784385088,58.634400446095142,57.982907107805197,57.331413769515251,56.679920431225298,56.028427092935353,55.376933754645407]
[null,null,null,null,null,null,null,null,null,null,null,null,null,null,null,null,null,175,70,65.1493338289946,7720973.3254896021,6553070.564897975,null,null,64.497840490704647,63.846347152414708,63.194853814124762,62.543360475834817,61.891867137544864,61.240373799254918,60.58888046096498,59.937387122675034,59.285893784385088,58.634400446095142,57.982907107805197,57.331413769515251,56.679920431225298,56.028427092935353,55.376933754645407]
[null,null,null,null,null,null,null,null,null,null,null,null,null,null,null,null,null,175,80,65.1493338289946,8537097.764152823,6905961.8832462737,null,null,64.497840490704647,63.846347152414708,63.194853814124762,62.543360475834817,61.891867137544864,61.240373799254918,60.58888046096498,59.937387122675034,59.285893784385088,58.634400446095142,57.982907107805197,57.331413769515251,56.679920431225298,56.028427092935353,55.376933754645407]
[null,null,null,null,null,null,null,null,null,null,null,null,null,null,null,null,null,175,90,65.149333828994614,9331337.1423993297,7257169.5162960263,null,null,64.497840490704661,63.846347152414722,63.194853814124777,62.543360475834824,61.891867137544878,61.240373799254932,60.588880460964994,59.937387122675048,59.285893784385102,58.634400446095157,57.982907107805204,57.331413769515258,56.679920431225312,56.028427092935367,55.376933754645421]
[null,null,null,null,null,null,null,null,null,null,null,null,null,null,null,null,null,175,100,65.1493338289946,10106884.285024019,7606858.975907783,null,null,{"$f":"$T111*Y$77","v":64.497840490704647},63.846347152414708,63.194853814124762,62.543360475834817,61.891867137544864,61.240373799254918,60.58888046096498,59.937387122675034,59.285893784385088,58.634400446095142,57.982907107805197,57.331413769515251,56.679920431225298,56.028427092935353,55.376933754645407]
[null,null,null,null,null,null,null,null,null,null,null,null,null,null,null,null,null,175,110,65.1493338289946,10866195.173414925,7955169.7914324077,null,null,64.497840490704647,63.846347152414708,63.194853814124762,62.543360475834817,61.891867137544864,61.240373799254918,60.58888046096498,59.937387122675034,59.285893784385088,58.634400446095142,57.982907107805197,57.331413769515251,56.679920431225298,56.028427092935353,55.376933754645407]
[null,null,null,null,null,null,null,null,null,null,null,null,null,null,null,null,null,175,120,65.1493338289946,11611210.303453967,8302220.4659111919,null,null,64.497840490704647,63.846347152414708,63.194853814124762,62.543360475834817,61.891867137544864,61.240373799254918,60.58888046096498,59.937387122675034,59.285893784385088,58.634400446095142,57.982907107805197,57.331413769515251,56.679920431225298,56.028427092935353,55.376933754645407]
[null,null,null,null,null,null,null,null,null,null,null,null,null,null,null,null,null,180,40,62.500538767634538,5371543.9558482971,5562396.5781837935,null,null,61.875533379958192,61.250527992281846,60.6255226046055,60.000517216929154,59.375511829252808,58.750506441576462,58.125501053900123,57.500495666223777,56.875490278547431,56.250484890871085,55.62547950319474,55.000474115518394,54.375468727842048,53.750463340165702,53.125457952489356]
[null,null,null,null,null,null,null,null,null,null,null,null,null,null,null,null,null,180,50,62.500538767634559,6335061.15589647,5939531.3866408551,null,null,61.875533379958213,61.250527992281867,60.625522604605521,60.000517216929175,59.375511829252829,58.750506441576483,58.125501053900145,57.500495666223799,56.875490278547453,56.250484890871107,55.625479503194761,55.000474115518415,54.375468727842069,53.750463340165723,53.125457952489377]
[null,null,null,null,null,null,null,null,null,null,null,null,null,null,null,null,null,180,60,62.500538767634559,7254857.7298501311,6313989.5593172004,null,null,61.875533379958213,61.250527992281867,60.625522604605521,60.000517216929175,59.375511829252829,58.750506441576483,58.125501053900145,57.500495666223799,56.875490278547453,56.250484890871107,55.625479503194761,55.000474115518415,54.375468727842069,53.750463340165723,53.125457952489377]
[null,null,null,null,null,null,null,null,null,null,null,null,null,null,null,null,null,180,70,62.500538767634552,8140492.3047434622,6686098.3995888811,null,null,61.875533379958206,61.25052799228186,60.625522604605514,60.000517216929168,59.375511829252822,58.750506441576476,58.125501053900138,57.500495666223792,56.875490278547446,56.2504848908711,55.625479503194754,55.000474115518408,54.375468727842062,53.750463340165716,53.12545795248937]
[null,null,null,null,null,null,null,null,null,null,null,null,null,null,null,null,null,180,80,62.500538767634538,8998371.6193347219,7056133.8682998018,null,null,61.875533379958192,61.250527992281846,60.6255226046055,60.000517216929154,59.375511829252808,58.750506441576462,58.125501053900123,57.500495666223777,56.875490278547431,56.250484890871085,55.62547950319474,55.000474115518394,54.375468727842048,53.750463340165702,53.125457952489356]
[null,null,null,null,null,null,null,null,null,null,null,null,null,null,null,null,null,180,90,62.500538767634552,9833054.0280604325,7424323.8213188602,null,null,61.875533379958206,61.25052799228186,60.625522604605514,60.000517216929168,59.375511829252822,58.750506441576476,58.125501053900138,57.500495666223792,56.875490278547446,56.2504848908711,55.625479503194754,55.000474115518408,54.375468727842062,53.750463340165716,53.12545795248937]
[null,null,null,null,null,null,null,null,null,null,null,null,null,null,null,null,null,180,100,62.500538767634559,10647928.577728849,7790856.7443720475,null,null,61.875533379958213,61.250527992281867,60.625522604605521,60.000517216929175,59.375511829252829,58.750506441576483,58.125501053900145,57.500495666223799,56.875490278547453,56.250484890871107,55.625479503194761,55.000474115518415,54.375468727842069,53.750463340165723,53.125457952489377]
[null,null,null,null,null,null,null,null,null,null,null,null,null,null,null,null,null,180,110,62.500538767634538,11445601.582228705,8155889.8890715195,null,null,61.875533379958192,61.250527992281846,60.6255226046055,60.000517216929154,59.375511829252808,58.750506441576462,58.125501053900123,57.500495666223777,56.875490278547431,56.250484890871085,55.62547950319474,55.000474115518394,54.375468727842048,53.750463340165702,53.125457952489356]
[null,null,null,null,null,null,null,null,null,null,null,null,null,null,null,null,null,180,120,62.500538767634559,12228131.887854271,8519555.7992703989,null,null,61.875533379958213,61.250527992281867,60.625522604605521,60.000517216929175,59.375511829252829,58.750506441576483,58.125501053900145,57.500495666223799,56.875490278547453,56.250484890871107,55.625479503194761,55.000474115518415,54.375468727842069,53.750463340165723,53.125457952489377]
[null,null,null,null,null,null,null,null,null,null,null,null,null,null,null,null,null,185,40,65.272018308416406,5650033.4423751775,5635142.2517680498,null,null,64.619298125332236,63.96657794224808,63.313857759163909,62.661137576079746,62.008417392995582,61.355697209911419,60.702977026827263,60.050256843743099,59.397536660658929,58.744816477574766,58.092096294490602,57.439376111406439,56.786655928322276,56.133935745238105,55.481215562153942]
[null,null,null,null,null,null,null,null,null,null,null,null,null,null,null,null,null,185,50,65.272018308416392,6659713.9035835378,6028286.7877895832,null,null,64.619298125332222,63.966577942248065,63.313857759163902,62.661137576079732,62.008417392995568,61.355697209911405,60.702977026827249,60.050256843743085,59.397536660658922,58.744816477574751,58.092096294490588,57.439376111406425,56.786655928322261,56.133935745238098,55.481215562153935]
[null,null,null,null,null,null,null,null,null,null,null,null,null,null,null,null,null,185,60,65.272018308416406,7623128.8716083737,6418470.0574209895,null,null,64.619298125332236,63.96657794224808,63.313857759163909,62.661137576079746,62.008417392995582,61.355697209911419,60.702977026827263,60.050256843743099,59.397536660658929,58.744816477574766,58.092096294490602,57.439376111406439,56.786655928322276,56.133935745238105,55.481215562153942]
[null,null,null,null,null,null,null,null,null,null,null,null,null,null,null,null,null,185,70,65.272018308416378,8550407.710516924,6806080.339076953,null,null,64.619298125332207,63.966577942248051,63.313857759163888,62.661137576079717,62.008417392995554,61.355697209911391,60.702977026827234,60.050256843743071,59.397536660658908,58.744816477574744,58.092096294490574,57.439376111406411,56.786655928322247,56.133935745238084,55.48121556215392]
[null,null,null,null,null,null,null,null,null,null,null,null,null,null,null,null,null,185,80,65.272018308416378,9448337.1910183579,7191434.5926316977,null,null,{"$f":"$T127*Y$77","v":64.619298125332207},63.966577942248051,63.313857759163888,62.661137576079717,62.008417392995554,61.355697209911391,60.702977026827234,60.050256843743071,59.397536660658908,58.744816477574744,58.092096294490574,57.439376111406411,56.786655928322247,56.133935745238084,55.48121556215392]
[null,null,null,null,null,null,null,null,null,null,null,null,null,null,null,null,null,185,90,65.272018308416392,10321744.545328015,7574789.9336256739,null,null,64.619298125332222,63.966577942248065,63.313857759163902,62.661137576079732,62.008417392995568,61.355697209911405,60.702977026827249,60.050256843743085,59.397536660658922,58.744816477574751,58.092096294490588,57.439376111406425,56.786655928322261,56.133935745238098,55.481215562153935]
[null,null,null,null,null,null,null,null,null,null,null,null,null,null,null,null,null,185,100,65.272018308416392,11174217.748604001,7956356.6654482232,null,null,64.619298125332222,63.966577942248065,63.313857759163902,62.661137576079732,62.008417392995568,61.355697209911405,60.702977026827249,60.050256843743085,59.397536660658922,58.744816477574751,58.092096294490588,57.439376111406425,56.786655928322261,56.133935745238098,55.481215562153935]
[null,null,null,null,null,null,null,null,null,null,null,null,null,null,null,null,null,185,110,65.272018308416378,12008515.433989996,8336308.865443496,null,null,64.619298125332207,63.966577942248051,63.313857759163888,62.661137576079717,62.008417392995554,61.355697209911391,60.702977026827234,60.050256843743071,59.397536660658908,58.744816477574744,58.092096294490574,57.439376111406411,56.786655928322247,56.133935745238084,55.48121556215392]
[null,null,null,null,null,null,null,null,null,null,null,null,null,null,null,null,null,185,120,65.272018308416406,12826816.300730474,8714792.4046569113,null,null,64.619298125332236,63.96657794224808,63.313857759163909,62.661137576079746,62.008417392995582,61.355697209911419,60.702977026827263,60.050256843743099,59.397536660658929,58.744816477574766,58.092096294490602,57.439376111406439,56.786655928322276,56.133935745238105,55.481215562153942]
[null,null,null,null,null,null,null,null,null,null,null,null,null,null,null,null,null,190,40,68.333554731999854,5948207.374130548,5712895.8916412899,null,null,67.650219184679855,66.966883637359857,66.283548090039858,65.600212542719859,64.916876995399861,64.233541448079862,63.55020590075987,62.866870353439872,62.183534806119866,61.500199258799867,60.816863711479868,60.13352816415987,59.450192616839871,58.766857069519872,58.083521522199874]
[null,null,null,null,null,null,null,null,null,null,null,null,null,null,null,null,null,190,50,68.333554731999854,7007180.0272571165,6123207.9306631265,null,null,67.650219184679855,66.966883637359857,66.283548090039858,65.600212542719859,64.916876995399861,64.233541448079862,63.55020590075987,62.866870353439872,62.183534806119866,61.500199258799867,60.816863711479868,60.13352816415987,59.450192616839871,58.766857069519872,58.083521522199874]
[null,null,null,null,null,null,null,null,null,null,null,null,null,null,null,null,null,190,60,68.333554731999882,8017155.8693615617,6530256.0460474389,null,null,67.650219184679884,66.966883637359885,66.283548090039886,65.600212542719888,64.916876995399889,64.23354144807989,63.550205900759892,62.866870353439893,62.183534806119894,61.500199258799896,60.816863711479897,60.133528164159898,59.4501926168399,58.766857069519901,58.083521522199895]
[null,null,null,null,null,null,null,null,null,null,null,null,null,null,null,null,null,190,70,68.333554731999854,8988877.3811224587,6934492.7663046475,null,null,67.650219184679855,66.966883637359857,66.283548090039858,65.600212542719859,64.916876995399861,64.233541448079862,63.55020590075987,62.866870353439872,62.183534806119866,61.500199258799867,60.816863711479868,60.13352816415987,59.450192616839871,58.766857069519872,58.083521522199874]
[null,null,null,null,null,null,null,null,null,null,null,null,null,null,null,null,null,190,80,68.333554731999854,9929539.4716099091,7336278.3488943446,null,null,67.650219184679855,66.966883637359857,66.283548090039858,65.600212542719859,64.916876995399861,64.233541448079862,63.55020590075987,62.866870353439872,62.183534806119866,61.500199258799867,60.816863711479868,60.13352816415987,59.450192616839871,58.766857069519872,58.083521522199874]
[null,null,null,null,null,null,null,null,null,null,null,null,null,null,null,null,null,190,90,68.33355473199984,10844258.070443163,7735900.8684471063,null,null,67.650219184679841,66.966883637359842,66.283548090039844,65.600212542719845,64.916876995399846,64.233541448079848,63.550205900759856,62.866870353439857,62.183534806119859,61.50019925879986,60.816863711479861,60.133528164159863,59.450192616839857,58.766857069519858,58.08352152219986]
[null,null,null,null,null,null,null,null,null,null,null,null,null,null,null,null,null,190,100,68.333554731999854,11736834.702974008,8133593.751780876,null,null,67.650219184679855,66.966883637359857,66.283548090039858,65.600212542719859,64.916876995399861,64.233541448079862,63.55020590075987,62.866870353439872,62.183534806119866,61.500199258799867,60.816863711479868,60.13352816415987,59.450192616839871,58.766857069519872,58.083521522199874]
[null,null,null,null,null,null,null,null,null,null,null,null,null,null,null,null,null,190,110,68.333554731999854,12610191.489818104,8529548.9354923386,null,null,67.650219184679855,66.966883637359857,66.283548090039858,65.600212542719859,64.916876995399861,64.233541448079862,63.55020590075987,62.866870353439872,62.183534806119866,61.500199258799867,60.816863711479868,60.13352816415987,59.450192616839871,58.766857069519872,58.083521522199874]
[null,null,null,null,null,null,null,null,null,null,null,null,null,null,null,null,null,190,120,68.333554731999882,13466635.751676224,8923926.4553956874,null,null,67.650219184679884,66.966883637359885,66.283548090039886,65.600212542719888,64.916876995399889,64.23354144807989,63.550205900759892,62.866870353439893,62.183534806119894,61.500199258799896,60.816863711479897,60.133528164159898,59.4501926168399,58.766857069519901,58.083521522199895]

{"sheet":"Standard \"Off-Design\" Results","index":3,"n_rows":129,"n_cols":85,"rows_kept":129,"cut":false,"hidden":false,"merged":[[0,2,0,5],[0,7,0,10],[3,17,3,18],[4,17,4,19],[19,17,19,20]]}
[null,null,null,null,null,null,null,"Off-Design Results",null,null,null,"mdot_ref",71.450999999999993]
[null,null,null,null,null,null,null,"Flow","Temp","Pressure","Power","mdot","mdot/mdot_ref","Isentropic Eff","isentropic enthalpy difference",null,"PS Link Area"]
[null,null,null,null,null,null,null,120,190,11.32833747968,6244.591041984645,108.29958646587816,{"$f":"L3/$M$1","v":1.5157182749839495},0.72580690350096311,100.15165105671892,null,"Area Name:","ProjectArea1",null,"Project Name:","Geo_ORC_Chad 2018-03-07",null,"Geo_ORC_Chad 2018-03-07","Geo_ORC_Chad 2018-03-07","Geo_ORC_Chad 2018-03-07","Geo_ORC_Chad 2018-03-07","Geo_ORC_Chad 2018-03-07","Geo_ORC_Chad 2018-03-07","Geo_ORC_Chad 2018-03-07","Geo_ORC_Chad 2018-03-07","Geo_ORC_Chad 2018-03-07","Geo_ORC_Chad 2018-03-07","Geo_ORC_Chad 2018-03-07","Geo_ORC_Chad 2018-03-07","Geo_ORC_Chad 2018-03-07","Geo_ORC_Chad 2018-03-07","Geo_ORC_Chad 2018-03-07","Geo_ORC_Chad 2018-03-07","Geo_ORC_Chad 2018-03-07","Geo_ORC_Chad 2018-03-07","Geo_ORC_Chad 2018-03-07","Geo_ORC_Chad 2018-03-07","Geo_ORC_Chad 2018-03-07","Geo_ORC_Chad 2018-03-07","Geo_ORC_Chad 2018-03-07","Geo_ORC_Chad 2018-03-07","Geo_ORC_Chad 2018-03-07","Geo_ORC_Chad 2018-03-07","Geo_ORC_Chad 2018-03-07","Geo_ORC_Chad 2018-03-07","Geo_ORC_Chad 2018-03-07","Geo_ORC_Chad 2018-03-07","Geo_ORC_Chad 2018-03-07","Geo_ORC_Chad 2018-03-07","Geo_ORC_Chad 2018-03-07","Geo_ORC_Chad 2018-03-07","Geo_ORC_Chad 2018-03-07","Geo_ORC_Chad 2018-03-07","Geo_ORC_Chad 2018-03-07","Geo_ORC_Chad 2018-03-07","Geo_ORC_Chad 2018-03-07","Geo_ORC_Chad 2018-03-07","Geo_ORC_Chad 2018-03-07","Geo_ORC_Chad 2018-03-07","Geo_ORC_Chad 2018-03-07","Geo_ORC_Chad 2018-03-07","Geo_ORC_Chad 2018-03-07","Geo_ORC_Chad 2018-03-07","Geo_ORC_Chad 2018-03-07","Geo_ORC_Chad 2018-03-07","Geo_ORC_Chad 2018-03-07","Geo_ORC_Chad 2018-03-07","Geo_ORC_Chad 2018-03-07","Geo_ORC_Chad 2018-03-07","Geo_ORC_Chad 2018-03-07","Geo_ORC_Chad 2018-03-07","Geo_ORC_Chad 2018-03-07","Geo_ORC_Chad 2018-03-07","Geo_ORC_Chad 2018-03-07","Geo_ORC_Chad 2018-03-07","Geo_ORC_Chad 2018-03-07","Geo_ORC_Chad 2018-03-07","Geo_ORC_Chad 2018-03-07","Geo_ORC_Chad 2018-03-07","Geo_ORC_Chad 2018-03-07"]
[null,null,null,null,null,null,null,120,180,10.010400390625001,5341.8041201473898,96.392490788518629,{"$f":"L4/$M$1","v":1.3490712626627848},0.73580572424023294,95.517711637223897,null,"Project Location:","C:\\Users\\caugusti\\Desktop\\IPSEpro\\GTO CEMAC Binary Plant",null,"Dataset Id:",1,null,1,1,1,1,1,1,1,1,1,1,1,1,1,1,1,1,1,1,1,1,1,1,1,1,1,1,1,1,1,1,1,1,1,1,1,1,1,1,1,1,1,1,1,1,1,1,1,1,1,1,1,1,1,1,1,1,1,1,1,1,1,1,1]
[null,null,null,null,null,null,null,120,170,8.8200813049316427,4533.2530749783591,85.525713386190645,1.1969841343884711,0.74486309496043235,90.637110399884875,null,"Library:","C:\\ProgramData\\SimTech\\IPSEpro 7.0\\LTP_Lib\\LTP_Lib.iml",null,null,"Off-Design with n-Pentane",null,"Off-Design with n-Pentane","Off-Design with n-Pentane","Off-Design with n-Pentane","Off-Design with n-Pentane","Off-Design with n-Pentane","Off-Design with n-Pentane","Off-Design with n-Pentane","Off-Design with n-Pentane","Off-Design with n-Pentane","Off-Design with n-Pentane","Off-Design with n-Pentane","Off-Design with n-Pentane","Off-Design with n-Pentane","Off-Design with n-Pentane","Off-Design with n-Pentane","Off-Design with n-Pentane","Off-Design with n-Pentane","Off-Design with n-Pentane","Off-Design with n-Pentane","Off-Design with n-Pentane","Off-Design with n-Pentane","Off-Design with n-Pentane","Off-Design with n-Pentane","Off-Design with n-Pentane","Off-Design with n-Pentane","Off-Design with n-Pentane","Off-Design with n-Pentane","Off-Design with n-Pentane","Off-Design with n-Pentane","Off-Design with n-Pentane","Off-Design with n-Pentane","Off-Design with n-Pentane","Off-Design with n-Pentane","Off-Design with n-Pentane","Off-Design with n-Pentane","Off-Design with n-Pentane","Off-Design with n-Pentane","Off-Design with n-Pentane","Off-Design with n-Pentane","Off-Design with n-Pentane","Off-Design with n-Pentane","Off-Design with n-Pentane","Off-Design with n-Pentane","Off-Design with n-Pentane","Off-Design with n-Pentane","Off-Design with n-Pentane","Off-Design with n-Pentane","Off-Design with n-Pentane","Off-Design with n-Pentane","Off-Design with n-Pentane","Off-Design with n-Pentane","Off-Design with n-Pentane","Off-Design with n-Pentane","Off-Design with n-Pentane","Off-Design with n-Pentane","Off-Design with n-Pentane","Off-Design with n-Pentane","Off-Design with n-Pentane","Off-Design with n-Pentane","Off-Design with n-Pentane","Off-Design with n-Pentane","Off-Design with n-Pentane","Off-Design with n-Pentane"]
[null,null,null,null,null,null,null,120,160,7.7381481933593763,3755.7555459395226,75.561238355320228,1.0575252740384353,0.74913712088942352,85.94933449973496,null,null,null,null,"Date:","2017-09-01",null,"2018-03-31","2018-03-31","2018-03-31","2018-03-31","2018-03-31","2018-03-31","2018-03-31","2018-03-31","2018-03-31","2018-03-31","2018-03-31","2018-03-31","2018-03-31","2018-03-31","2018-03-31","2018-03-31","2018-03-31","2018-03-31","2018-03-30","2018-03-30","2018-03-30","2018-03-30","2018-03-30","2018-03-30","2018-03-30","2018-03-30","2018-03-30","2018-03-30","2018-03-30","2018-03-30","2018-03-30","2018-03-30","2018-03-30","2018-03-30","2018-03-30","2018-03-30","2018-03-30","2018-03-30","2018-03-30","2018-03-30","2018-03-30","2018-03-30","2018-03-30","2018-04-02","2018-03-30","2018-03-30","2018-03-30","2018-03-30","2018-03-30","2018-03-30","2018-03-30","2018-03-30","2018-03-30","2018-03-30","2018-03-30","2018-03-30","2018-03-30","2018-03-30","2018-03-30","2018-03-30","2018-03-30","2018-03-30","2018-03-30"]
[null,null,null,null,null,null,null,80,190,8.6450243766681609,4407.9923017010951,83.91805549791566,1.1744839889982739,0.74570685041256479,89.812362546093155,null,null,null,null,"Start Time:","14:39:43",null,"07:39:42","07:38:48","07:38:04","07:37:18","07:36:35","07:35:57","07:35:10","07:34:17","07:32:52","07:32:22","07:31:28","07:31:00","07:30:33","07:29:58","07:29:37","07:29:08","07:28:41","07:27:45","16:47:47","16:46:31","16:45:58","16:45:36","16:45:08","16:43:59","16:43:48","16:43:17","16:42:56","16:33:43","16:33:13","16:32:39","16:32:02","16:30:57","16:30:37","16:29:49","16:29:14","16:28:16","16:27:45","16:27:25","16:27:01","16:26:28","16:25:57","16:25:37","16:25:14","10:18:30","16:24:17","16:21:27","12:33:06","12:32:49","12:32:31","12:32:18","12:31:59","12:31:07","12:30:26","12:29:39","12:29:07","12:28:46","12:28:21","12:27:54","12:27:01","12:26:41","12:26:21","12:25:53","12:24:50"]
[null,null,null,null,"Error",null,null,80,180,7.7351999511718761,3758.002590036318,75.506989566638211,1.0567660293997037,0.74914850955900447,84.741488612515326,null,null,null,null,"End Time:","14:39:43",null,"07:39:42","07:38:49","07:38:05","07:37:18","07:36:35","07:35:57","07:35:11","07:34:18","07:32:53","07:32:22","07:31:28","07:31:01","07:30:34","07:29:58","07:29:37","07:29:08","07:28:41","07:27:46","16:47:47","16:46:31","16:45:59","16:45:36","16:45:08","16:43:59","16:43:48","16:43:18","16:42:56","16:33:44","16:33:14","16:32:39","16:32:03","16:30:57","16:30:37","16:29:50","16:29:14","16:28:16","16:27:45","16:27:25","16:27:02","16:26:29","16:25:57","16:25:37","16:25:15","10:18:30","16:24:17","16:21:27","12:33:06","12:32:50","12:32:31","12:32:18","12:31:59","12:31:08","12:30:26","12:29:39","12:29:07","12:28:46","12:28:21","12:27:54","12:27:02","12:26:41","12:26:21","12:25:53","12:24:50"]
[null,null,null,null,null,null,null,80,170,6.8953126525878909,3139.0495121639124,67.679463423763849,0.94721506240309938,0.74604112968023251,80.061036729364673,null,null,null,0,"Status:","Converged",null,"Converged","Converged","Converged","Converged","Converged","Converged","Converged","Converged","Converged","Converged","Converged","Converged","Converged","Converged","Converged","Converged","Converged","Converged","Converged","Converged","Converged","Converged","Converged","Converged","Converged","Converged","Converged","Converged","Converged","Converged","Converged","Converged","Converged","Converged","Converged","Converged","Converged","Converged","Converged","Converged","Converged","Converged","Converged","Converged","Converged","Converged","Converged","Converged","Converged","Converged","Converged","Converged","Converged","Converged","Converged","Converged","Converged","Converged","Converged","Converged","Converged","Converged","Converged"]
[null,null,null,null,null,null,null,80,160,6.1165519687500014,2552.2578563550546,60.387187814799887,0.84515525065849173,0.73632996569908027,76.529970807068821,null,"PS Control"]
[null,null,null,null,null,null,null,40,190,5.1444048250000023,1852.4263193115826,51.043518597179173,0.71438494348825321,0.71198661228485693,67.401221097486612,null,null,null,null,"Damping","Yes",null,"Yes","Yes","Yes","Yes","Yes","Yes","Yes","Yes","Yes","Yes","Yes","Yes","Yes","Yes","Yes","Yes","Yes","Yes","Yes","Yes","Yes","Yes","Yes","Yes","Yes","Yes","Yes","Yes","Yes","Yes","Yes","Yes","Yes","Yes","Yes","Yes","Yes","Yes","Yes","Yes","Yes","Yes","Yes","Yes","Yes","Yes","Yes","Yes","Yes","Yes","Yes","Yes","Yes","Yes","Yes","Yes","Yes","Yes","Yes","Yes","Yes","Yes","Yes"]
[null,null,null,null,null,null,null,40,180,4.6871563453674332,1528.1248602430653,46.620575122405967,0.65248317199767636,0.69271307054921571,63.688965502465749,null,null,null,null,"Damping Decrease Factor",0.5,null,0.5,0.5,0.5,0.5,0.5,0.5,0.5,0.5,0.5,0.5,0.5,0.5,0.5,0.5,0.5,0.5,0.5,0.5,0.5,0.5,0.5,0.5,0.5,0.5,0.5,0.5,0.5,0.5,0.5,0.5,0.5,0.5,0.5,0.5,0.5,0.5,0.5,0.5,0.5,0.5,0.5,0.5,0.5,0.5,0.5,0.5,0.5,0.5,0.5,0.5,0.5,0.5,0.5,0.5,0.5,0.5,0.5,0.5,0.5,0.5,0.5,0.5,0.5]
[null,null,null,null,null,null,null,40,170,4.2548680000000028,1231.774760937235,42.397810475363883,0.59338302438543744,0.67102981463126243,59.664335360229813,null,null,null,null,"Minimum Damping Factor",0.1,null,0.1,0.1,0.1,0.1,0.1,0.1,0.1,0.1,0.1,0.1,0.1,0.1,0.1,0.1,0.1,0.1,0.1,0.1,0.1,0.1,0.1,0.1,0.1,0.1,0.1,0.1,0.1,0.1,0.1,0.1,0.1,0.1,0.1,0.1,0.1,0.1,0.1,0.1,0.1,0.1,0.1,0.1,0.1,0.1,0.1,0.1,0.1,0.1,0.1,0.1,0.1,0.1,0.1,0.1,0.1,0.1,0.1,0.1,0.1,0.1,0.1,0.1,0.1]
[null,null,null,null,null,null,null,40,160,3.8475699511718782,952.79811591824273,38.356119908539057,0.53681711814444943,0.6370902708866697,55.288580894662196,null,null,null,null,"X Tolerance",0.01,null,0.01,0.01,0.01,0.01,0.01,0.01,0.01,0.01,0.01,0.01,0.01,0.01,0.01,0.01,0.01,0.01,0.01,0.01,0.01,0.01,0.01,0.01,0.01,0.01,0.01,0.01,0.01,0.01,0.01,0.01,0.01,0.01,0.01,0.01,0.01,0.01,0.01,0.01,0.01,0.01,0.01,0.01,0.01,0.01,0.01,0.01,0.01,0.01,0.01,0.01,0.01,0.01,0.01,0.01,0.01,0.01,0.01,0.01,0.01,0.01,0.01,0.01,0.01]
[null,null,null,null,null,null,null,null,null,null,null,null,null,null,null,null,null,null,null,"Y Tolerance",0.01,null,0.01,0.01,0.01,0.01,0.01,0.01,0.01,0.01,0.01,0.01,0.01,0.01,0.01,0.01,0.01,0.01,0.01,0.01,0.01,0.01,0.01,0.01,0.01,0.01,0.01,0.01,0.01,0.01,0.01,0.01,0.01,0.01,0.01,0.01,0.01,0.01,0.01,0.01,0.01,0.01,0.01,0.01,0.01,0.01,0.01,0.01,0.01,0.01,0.01,0.01,0.01,0.01,0.01,0.01,0.01,0.01,0.01,0.01,0.01,0.01,0.01,0.01,0.01]
[null,null,null,null,null,null,null,null,null,null,null,null,null,null,null,null,null,null,null,"Extended Protocol","Yes",null,"Yes","Yes","Yes","Yes","Yes","Yes","Yes","Yes","Yes","Yes","Yes","Yes","Yes","Yes","Yes","Yes","Yes","Yes","Yes","Yes","Yes","Yes","Yes","Yes","Yes","Yes","Yes","Yes","Yes","Yes","Yes","Yes","Yes","Yes","Yes","Yes","Yes","Yes","Yes","Yes","Yes","Yes","Yes","Yes","Yes","Yes","Yes","Yes","Yes","Yes","Yes","Yes","Yes","Yes","Yes","Yes","Yes","Yes","Yes","Yes","Yes","Yes","Yes"]
[null,null,null,null,null,null,null,null,null,null,null,null,null,null,null,null,"PS Control End"]
[]
[]
[null,null,null,null,null,null,null,null,null,null,null,null,null,null,null,null,null,"Variables"]
[null,null,null,null,null,null,null,null,null,null,null,null,null,null,null,null,"Object","Item","UOM","Description","Value",null,"Value","Value","Value","Value","Value","Value","Value","Value","Value","Value","Value","Value","Value","Value","Value","Value","Value","Value","Value","Value","Value","Value","Value","Value","Value","Value","Value","Value","Value","Value","Value","Value","Value","Value","Value","Value","Value","Value","Value","Value","Value","Value","Value","Value","Value","Value","Value","Value","Value","Value","Value","Value","Value","Value","Value","Value","Value","Value","Value","Value","Value","Value","Value"]
[null,null,null,null,null,null,null,null,null,null,null,null,null,null,null,null,"PS Inputs"]
[null,null,null,null,null,null,null,null,null,null,null,null,null,null,null,null,"W_Stream001","mass","kg/s","mass flow",40,null,40,50,60,70,80,90,100,110,120,40,50,60,70,80,90,100,110,120,40,50,60,70,80,90,100,110,120,40,50,60,70,80,90,100,110,120,40,50,60,70,80,90,100,110,120,40,50,60,70,80,90,100,110,120,40,50,60,70,80,90,100,110,120]
[null,null,null,null,5.5960737300000023,null,null,null,null,null,null,null,null,null,null,null,"W_Stream001","t","°C","temperature",160,null,160,160,160,160,160,160,160,160,160,165,165,165,165,165,165,165,165,165,170,170,170,170,170,170,170,170,170,175,175,175,175,175,175,175,175,175,180,180,180,180,180,180,180,180,180,185,185,185,185,185,185,185,185,185,190,190,190,190,190,190,190,190,190]
[null,null,null,null,null,null,null,null,null,null,null,null,null,null,null,null,"O_Stream001","p","bar","pressure",3.8475699511718782,null,3.9686731518807621,4.6356222106813716,5.2378014398509505,5.7864234846950895,6.2865782272000024,6.7468438176441419,7.1694837998136878,7.5608413613871779,7.9234047213182919,4.1788737374950919,4.8951297168406089,5.5443123079059884,6.1371529215046099,6.6812802798136861,7.18184322976711,7.6442472109839859,8.0714878514310531,8.468673029281117,4.3942248151751091,5.1627770869707952,5.8627770869707927,6.5037370869707942,7.0931280488755295,7.636000000000001,8.1397370869707935,8.6066925742262548,9.0411799412122136,4.6177482001863162,5.4388147497671087,6.1914100654080029,6.8832227212289823,7.5200000000000014,8.1107037336407615,8.6583021302370522,9.1675232577377326,9.6417702370225697,4.8456866974407076,5.7253198770598317,6.5329918221017564,7.2777532712717168,7.9667597633517131,8.6058391983918643,9.201174720105092,9.7560000000000002,10.273785600000002,5.0812802798136882,6.0200000000000031,6.8862759957450965,7.6865782272000009,8.4305024418611225,9.1235183869920728,9.7694837596402344,10.373785501920286,10.940254474400172,5.3235184372088851,6.3253198770598331,7.2516147497671097,8.1131280021095886,8.9154085253577566,9.6648102370225697,10.366990214836079,11.024615605017404,11.643080973831008]
[null,null,null,null,null,null,null,null,null,null,null,null,null,null,null,null,"O_Stream002","p","bar","pressure",0.81862888662849997,null,0.81699999999999995,0.81699999999999995,0.81699999999999995,0.81699999999999995,0.81699999999999995,0.81699999999999995,0.81699999999999995,0.81699999999999995,0.81699999999999995,0.81699999999999995,0.81699999999999995,0.81699999999999995,0.81699999999999995,0.81699999999999995,0.81699999999999995,0.81699999999999995,0.81699999999999995,0.81699999999999995,0.81699999999999995,0.81699999999999995,0.81699999999999995,0.81699999999999995,0.81699999999999995,0.81699999999999995,0.81699999999999995,0.81699999999999995,0.81699999999999995,0.81699999999999995,0.81699999999999995,0.81699999999999995,0.81699999999999995,0.81699999999999995,0.81699999999999995,0.81699999999999995,0.81699999999999995,0.81699999999999995,0.81699999999999995,0.81699999999999995,0.81699999999999995,0.81699999999999995,0.81699999999999995,0.81699999999999995,0.81699999999999995,0.81699999999999995,0.81699999999999995,0.81699999999999995,0.81699999999999995,0.81699999999999995,0.81699999999999995,0.81699999999999995,0.81699999999999995,0.81699999999999995,0.81699999999999995,0.81699999999999995,0.81699999999999995,0.81699999999999995,0.81699999999999995,0.81699999999999995,0.81699999999999995,0.81699999999999995,0.81699999999999995,0.81699999999999995,0.81699999999999995]
[null,null,null,null,null,null,null,null,null,null,null,null,null,null,null,null,"PS Inputs End"]
[]
[]
[null,null,null,null,null,null,null,null,null,null,null,null,null,null,null,null,"PS Outputs"]
[null,null,null,null,null,null,null,null,null,null,null,null,null,null,null,null,"generator001","power","kW","electrical power output",1297.5474093591283,null,1406.0250486986929,1956.0248779623616,2479.1509848986429,2954.3174585195438,3420.5745311403589,3816.1323126376196,4222.7260042456492,4568.2336235544126,4875.0208396290827,1574.290855988711,2173.7275975723296,2755.2699340726649,3302.8199079786846,3783.0791749278383,4230.4963819588293,4628.4327724223831,5015.8379698317112,5358.4753280987716,1770.9930619290226,2412.6167673397408,3029.5551116492397,3597.10620420859,4126.7849517080876,4653.8214107794292,5060.5055910103174,5469.156531601091,5850.0337405767577,1941.6472318318586,2663.1493301335968,3333.8615273676787,3943.2634087717947,4559.1050020021266,5041.7276021940825,5507.7107334686998,5949.5249206515909,6381.9101215459114,2141.291362238173,2903.8178080166358,3623.1805026984189,4286.0866208898842,4908.2308094207592,5475.0142624597365,5970.2871003250257,6426.3779298860918,6928.3161520484236,2345.0552202781887,3179.7156135340765,3940.3168218095402,4697.9150120925788,5347.3017177496613,5922.4543615269968,6460.8406123868881,6978.2903418191454,7437.8626467411477,2560.8215325216561,3438.6444570437948,4295.0127720805031,5048.471842833038,5751.6071165654075,6386.6029602796407,6937.7309741143918,7518.7107919475693,8021.0946745545998]
[null,null,null,null,null,null,null,null,null,null,null,null,null,null,null,null,"motor001","power","kW","electrical power input",32.584440047730666,null,29.413593502026274,40.358085391991168,53.394738251791608,66.855465537004335,80.188395011866703,93.754844463601813,106.80242003817283,119.88494745286033,132.60388824448418,32.196211950265436,45.77959027520123,60.64757361649653,75.967878396367581,91.600924531826507,107.22578658402578,122.83196314052144,137.8730227174467,152.74777816085154,35.53929630557208,51.681853879874453,68.801872966620749,86.523364103082741,104.53359717521722,122.31833515691166,140.48169458294461,158.13981495300561,175.46296400177039,39.995078488833911,58.075632934611122,77.548858191111577,97.896950423042682,118.30613754609412,139.36643907626052,160.1998489758036,180.74441459934482,200.5794997111681,44.66684338222997,65.261622668791603,87.376975872329993,110.50637759416807,134.18858736606808,158.0594139279757,182.2013684700363,206.0120394416594,228.97076668848695,49.812718522546646,72.907041587537208,98.027105864464232,124.06834500109596,151.12604991892229,178.84453829373524,206.43125889693496,233.93697458598905,261.43467398356489,55.343147425554974,81.387264728879018,109.48814171131565,139.42269867787743,170.27308665622138,201.70500273877576,233.89898255123649,265.55032302562472,297.44968198476363]
[null,null,null,null,null,null,null,null,null,null,null,null,null,null,null,null,"motor002","power","kW","electrical power input",312.164853393155,null,314.74063104131642,372.99560798777975,439.89047774109474,487.39914633792762,557.14269280373867,582.29454128522605,645.83279405281087,667.16694086677944,692.06917788596286,332.83284738142004,399.38595798099169,480.6249814275767,553.89648399083978,602.33972607400551,643.39664980960993,662.31977126548236,715.90926456518582,746.29443756022704,359.74629740196519,430.67369114610256,500.1095602842442,560.76694147090825,613.13384394888635,693.54814838528978,707.26473996690447,749.77983955858815,789.50242748417895,371.42013663525091,470.58800874815796,545.7007376174696,599.79123109504894,690.35675033834968,711.13241114846619,748.40151463618145,791.01649448827493,876.0233823027221,403.4918565286838,485.88356630480132,563.34516704479165,629.76598090918378,691.55828934174747,755.95504242727361,786.61585926802491,833.96914827137766,940.73034032693192,427.02081302385682,524.18893412549915,594.70979573024988,697.68302097530091,764.64414408763605,797.05352766839087,857.11190524574386,913.23800319102031,940.22395784368314,456.6330139038771,544.92919034603244,650.27869560204476,715.77464353621849,789.57996565346946,862.72627594403548,879.34835019046909,956.15883461130397,986.62209611719834]
[null,null,null,null,null,null,null,null,null,null,null,null,null,null,null,null,"O_Turbine001","eta_s","----","isentropic efficiency",0.6370902708866697,null,0.68049102781272697,0.7298298981310245,0.75761214735331583,0.77473420569509432,0.78513371473884286,0.79212816288998056,0.79644726615117323,0.8,0.79918677137224825,0.69855536938414475,0.74218425692978629,0.76723438198742455,0.78283884531516246,0.79120968455433938,0.79657105310687781,0.8,0.79888767130604732,0.79762607068069946,0.71707216049168665,0.75487305048726117,0.777120656284634,0.78846348224374863,0.79565841995088116,0.8,0.79875135220617022,0.79693661854151532,0.79476701043276954,0.72897785234765422,0.76393998142580255,0.78366287706445403,0.79352375578849388,0.8,0.79880945104247081,0.79667941584112734,0.79398151160066577,0.7902020444726251,0.73989113551510366,0.77284504985757574,0.7889103941307809,0.79753361533939371,0.79910010048541757,0.79693966237491731,0.79371542719681587,0.78930727423087321,0.78519960482265017,0.75104875544735794,0.78100711193835826,0.79355082873966509,0.8,0.79781390602112368,0.7943300487625975,0.78919432612040841,0.78441707796090387,0.77996243537757337,0.76032252890347563,0.78571382634002029,0.79727983387795343,0.79880421308818139,0.7953916518394194,0.79002264553591817,0.78447735052640111,0.7792983859759004,0.77445793978832711]
[null,null,null,null,null,null,null,null,null,null,null,null,null,null,null,null,"O_Turbine001","delta_hs","kJ/kg","isentropic enthalpy difference",55.288580894662196,null,56.813335398961449,63.234102541753352,68.531132737115996,72.538632900791697,76.510015645364291,79.084370054979871,82.118588954060669,84.085488394970753,85.91611439689251,58.879937990769491,65.51796545096208,71.171085398322589,75.813000000000002,79.209749083386455,82.12393451219701,84.315923909860601,86.885283457664514,88.828893097928145,61.390945659632884,67.879789118762446,73.221775132897235,77.565035859089164,81.169985522198402,84.850787120921211,86.981081760845925,89.36601681270443,91.484656992407821,63.080670619785273,70.381829701138244,75.813000000000002,80.026851850183832,84.339212304495376,86.944876264913518,89.518608115395566,91.919605129487408,94.448708815045194,65.369685312457619,72.20344599598171,77.750393117320669,82.070952121926396,86.067111095784071,89.467380402803926,91.954438961418262,94.174295071807634,97.186227747360547,67.341431929406113,74.539853570443981,79.934890287176799,85.119127074254735,88.996151255600992,91.875914066248114,94.562450653059543,97.101351149531652,99.005274149229564,69.426969648717062,76.419062505808469,82.538212824272435,87.0352323507134,91.069039925024299,94.330694410080952,96.596647933587292,99.442952906200361,101.40935526094594]
[null,null,null,null,null,null,null,null,null,null,null,null,null,null,null,null,"W_O_Htex002","htc_area","kW/K","heat transfer coefficient x transfer area",398.33176823850363,null,395.86665327913857,469.76763311915443,534.98786046147052,591.30822774905562,642.73845032127906,686.61635078722622,728.07021782039146,763.87555522245452,796.67351932191264,443.00331885975913,525.90063670257393,599.35945349779286,663.5599938723044,719.43274124337086,769.2831468200427,813.31319882156322,854.86446934494325,891.8086491768147,497.77140658424935,590.29975594193331,671.12227096991023,741.98570137206366,804.72687123793548,862.50435584620323,911.57439434435628,957.46420267234134,999.24625870494845,559.23056805301371,665.09463814439266,755.5265265231269,834.16279735057776,906.36059628970577,967.6667591262493,1023.9155696995398,1075.3259165760994,1124.0617527945158,633.44053717306497,750.08074283310327,851.58197617427209,940.56259611068481,1019.7166117264587,1091.0240490059514,1153.8169280335881,1211.7506338808412,1267.2777692767322,720.49022372337356,852.78701874974479,966.01202650170819,1068.332986674664,1157.323405373777,1235.5402301175566,1307.8140365534714,1373.4047508244564,1432.0486031413043,826.64130063823825,974.74789898314123,1105.2629846047671,1217.569059789223,1318.4459674105753,1409.1841265244686,1488.3532594781718,1563.7072531120682,1630.3660235187649]
[null,null,null,null,null,null,null,null,null,null,null,null,null,null,null,null,"W_O_Htex002","MTD","°C","mean temperature difference",12.956362802241419,null,13.230599673214824,14.529197365171736,15.696198341481788,16.686889323499685,17.631118363590389,18.394294530370349,19.169726946686811,19.80358200626922,20.394611125218702,12.921146711257283,14.232825072145129,15.427284420876306,16.474743679402231,17.37372620145074,18.180814368504823,18.882180622887539,19.588289033604816,20.20409363260908,12.577235053918692,13.881742159426382,15.039393019662267,16.063446453323433,16.979249815433242,17.863250819266803,18.57087931116034,19.26930647223314,19.913831169118264,12.126057591113293,13.474926483841108,14.631186821029203,15.641456065742696,16.618634422153644,17.414182090504092,18.170586107825525,18.879658391651116,19.594974212786308,11.656720362215163,12.945184507774169,14.095509718288563,15.123250417732176,16.057957177064779,16.921785044084011,17.678085315911417,18.401814704474901,19.147315601632805,11.093459846379622,12.378427260819464,13.502011480866656,14.568819915382308,15.504658874086608,16.330732451151093,17.12759776879734,17.867067466134895,18.527781198573919,10.459880030574945,11.699698698040592,12.847708625113926,13.855119689738903,14.793225032255615,15.662050158729786,16.415583715902709,17.179109908419075,17.850597399986615]
[null,null,null,null,null,null,null,null,null,null,null,null,null,null,null,null,"W_O_Htex002","q_trans","kW","transferred heat ",5160.9309049563981,null,5237.5532135116173,6825.3466573577816,8397.2755680882237,9867.0949525232372,11332.197694445133,12629.823385748325,13956.907273631694,15127.47220043231,16247.846620329816,5724.1108765608387,7485.0517675174806,9246.4887594514366,10931.980814951929,12499.227466721482,13986.194089154438,15357.126723127201,16745.332310087953,18018.185450338988,6260.5879837298335,8194.3890087582404,10093.271597364757,11918.847583121775,13663.658579940886,15407.131641190876,16928.738060513122,18449.671157485693,19898.821292223416,6781.2620749218468,8962.1013537925937,11054.249757803145,13047.52074643609,15062.475404383806,16851.125146352468,18605.146026368715,20301.785964645882,22025.961059587913,7383.8392079177775,9709.9336117028288,12003.48202108383,14224.363674534174,16374.565683845067,18462.07443520489,20397.274092720592,22298.410632705243,24264.967403274793,7992.7293665843154,10556.1620805648,13043.105472481329,15564.350892525707,17943.904607316665,20177.276930683471,22399.71277447508,24538.715341290746,26532.683184725502,8646.5688329944078,11404.256724650861,14200.096780325826,16869.565053902548,19504.067888774593,22070.712472512048,24432.187529800598,26863.098765804305,29103.007500450582]
[null,null,null,null,null,null,null,null,null,null,null,null,null,null,null,null,"W_O_Htex001","htc_area","kW/K","heat transfer coefficient x transfer area",454.95527615854388,null,452.45251685526489,548.51523382095365,639.90678269727459,727.08941520693429,810.55399548945172,890.52419409434196,967.4180410412622,1041.3531965301702,1112.6069472937763,459.96138533249541,558.05372973592125,651.49325398613075,740.74457494313037,826.19434744361445,908.198428361222,987.01320095282233,1062.9486444707259,1136.1365422263996,467.27687704938461,567.33298257877073,662.72494526223386,753.93835174534638,841.3604773903221,925.35548176495638,1006.0953101681035,1083.901572548016,1158.9502519148871,474.36467850053322,576.37418828628734,673.69511473117734,766.82324124398747,856.19323338588447,942.01822817404116,1024.6385106748817,1104.2701357735111,1181.1387614439509,481.30649454487457,585.15586146978387,684.35832998015803,779.37473374838567,870.57546880844268,958.27160838428301,1042.6836699764217,1124.0717611407654,1202.6553217139342,488.06635393583616,593.75429144081136,694.78395841988618,791.65548445383092,884.66535681181165,974.10938210616541,1060.2768543616066,1143.348540080166,1223.5084158174359,494.67785419573795,602.14050635231479,704.99191212859944,803.61701088634186,898.38741400325523,989.57313306004858,1077.3805029458072,1162.0732725444632,1243.7761442329438]
[null,null,null,null,null,null,null,null,null,null,null,null,null,null,null,null,"W_O_Htex001","MTD","°C","mean temperature difference",26.268596451201052,null,25.977043920365738,24.460345403276758,23.198732038853436,22.120558582199429,21.187009135077069,20.362968113264269,19.632679655429758,18.975804513261942,18.382553470078705,26.715427529695905,25.159453160948136,23.863164668277243,22.754537969446115,21.789474072363259,20.939467510312305,20.182091229940763,19.503584565732513,18.889095272900704,27.455988559400669,25.859078616208237,24.524911801493108,23.383148912093347,22.388933950966585,21.513479677034862,20.73072312924802,20.027951911955054,19.391567134221351,28.19249865075578,26.559296813227043,25.188659546336922,24.013059028949478,22.990244131600456,22.083980029880838,21.275919714870973,20.548778896285686,19.890511274865823,28.93339689497002,27.256176061679579,25.849333999890455,24.64114819661328,23.585936252661003,22.652643904919703,21.817279339636062,21.064767872973967,20.382806699736449,29.672355049384141,27.95530204408599,26.510358113592858,25.269546644896437,24.182161059817144,23.217464256886803,22.354692601137199,21.575413459762288,20.866684765141436,30.412134916582925,28.652156743171386,27.171733617855644,25.89349935794348,24.773329734283269,23.778490703940005,22.884872970406654,22.077907810955658,21.342397735937201]
[null,null,null,null,null,null,null,null,null,null,null,null,null,null,null,null,"W_O_Htex001","q_trans","kW","transferred heat ",11951.036552753521,null,11753.378902229235,13416.872078219643,14845.025981638888,16083.624003582116,17173.214906908233,18133.715768433445,18993.008492646499,19760.514686616953,20452.556699808883,12288.065056308815,14040.326674583321,15546.690800142809,16855.300556204682,18002.340312355718,19017.191483586506,19919.990466785715,20731.308776465547,21460.591389138433,12829.548590340379,14670.708198072331,16253.270831205633,17629.452749399647,18837.164157245639,19907.616350983193,20857.083316729866,21708.328572284125,22473.861615230278,13373.525558592482,15308.093142178317,16969.476882994019,18413.771756762239,19684.091459365849,20803.511738779256,21800.126689883746,22691.402861781255,23493.453851681959,13925.831834793578,15949.111183744213,17690.20704726435,19204.688314989988,20533.337510446396,21707.385508923828,22748.52089075249,23678.310720995261,24513.490948904469,14482.078141642516,16598.580557200141,18418.971549290793,20004.775191094166,21393.120142463831,22616.349761347985,23702.163151354431,24668.217480845178,25530.564420360024,15044.209642046519,17252.624169419109,19155.852439101,20808.45655541795,22256.047636232695,23530.555545337149,24655.715950707632,25656.146580812205,26545.165164689879]
[null,null,null,null,null,null,null,null,null,null,null,null,null,null,null,null,"O_Xprescription003","x","---","vapor quality",1.1351210307832766,null,1.1319015283071632,1.1388582537323138,1.1466331240803587,1.153425259468069,1.1603205644139665,1.1658770731467041,1.1716807799296987,1.1763056445540641,1.1814099438572103,1.1341108403394791,1.1423083153124769,1.1508965475990496,1.15837697381588,1.1654797464360969,1.1717847114313742,1.1773105710286929,1.1836065968086436,1.1890698804935711,1.1359795814719593,1.1456127245607191,1.1544243843325326,1.1628435808334221,1.1703533650674915,1.1776041894239266,1.1843729786236707,1.1909110494963386,1.1969007713424147,1.1386159358919896,1.14957457554245,1.1590280172694094,1.1677534297308365,1.1760705859038665,1.1840504333321618,1.1915645450548227,1.1985420688036905,1.2061544850271162,1.1419803957375099,1.1528069889993617,1.1632144542030398,1.1730339232386171,1.1819635119658376,1.190968640744275,1.1989406919763133,1.207215382470707,1.2148905834354184,1.1448200716825547,1.1565557240929554,1.1677075939813277,1.1783009176057562,1.188766009428329,1.1980207824919415,1.2076340337128375,1.2159015577505425,1.2231566638724365,1.1480078130800826,1.1605433302273929,1.1726511696346547,1.1841368871246762,1.195308142233712,1.2063258873669911,1.2154813165405918,1.2243285411217508,1.2319686415806805]
[null,null,null,null,null,null,null,null,null,null,null,null,null,null,null,null,"O_Condenser_a001","htc_area","kW/K","heat transfer coefficient x heat transfer area",1482.9321769761436,null,1486.56888230394,1726.7014180272618,1968.2778876356663,2160.1506793607664,2386.9786492850053,2519.3824607025399,2720.2118608113633,2833.936516308413,2948.8860132312088,1561.9683475194142,1825.6944954603971,2103.4377029888242,2353.5810118469367,2546.3886598441763,2717.8384828921958,2839.4621072648838,3022.9405560190999,3156.1073711927829,1657.9876690001774,1936.5673227476136,2199.2101942591685,2433.2434990844972,2642.5156969678787,2898.7288319804043,3018.4128206663718,3188.4626342525926,3348.010198415056,1720.4079914603346,2064.7638131853191,2347.5393136383982,2578.3976237705483,2870.8366675161424,3020.7702473258041,3195.1463899522096,3374.4112805459617,3632.9126767089674,1825.4300290479005,2146.2784495103692,2443.5417032029122,2708.3990584465632,2955.7050635386263,3200.5927341282995,3371.6202723825854,3570.5269553225653,3883.0160679368691,1914.6542520193038,2274.8966807492729,2568.8806383934984,2916.1008005403346,3184.6552069949339,3378.4206131503279,3620.1130045134405,3848.1253754627915,4011.1602803027554,2016.6882287327376,2370.0385519050028,2744.0345506895464,3030.3633233906239,3324.738272910618,3611.3204876079035,3777.3529570417613,4060.1226241628092,4241.0291500337444]
[null,null,null,null,null,null,null,null,null,null,null,null,null,null,null,null,"O_Condenser_a001","MTD","°C","mean temperature difference",10.647205207198107,null,10.46191455275833,10.563740297441504,10.520404961817194,10.616099176740075,10.478983457203103,10.665746587745842,10.530573377278197,10.668910785236154,10.763043732390061,10.50008584984047,10.572191580330085,10.448002991827833,10.373103945871842,10.462533932088149,10.556600680243143,10.764014790387478,10.709161262113513,10.782708422622658,10.420366534556591,10.532901663184814,10.572677347972691,10.635048502804947,10.707309515063836,10.547645278612988,10.812995295369198,10.851632323356558,10.88201552237436,10.560082868571961,10.435786469265157,10.487334797905545,10.642290072144565,10.485353117106932,10.767282762409023,10.894315825498362,10.951414450550542,10.748327034479974,10.473530142711345,10.572674730428426,10.638917987845828,10.730233838273652,10.797179945360391,10.812158408028488,10.999703611484712,11.052551850689175,10.755139981633052,10.485504183938417,10.509020702586479,10.68326029871101,10.556816999619414,10.644752355825519,10.887205328972158,10.925920685695882,10.951595788745035,11.105184403309128,10.448914786516868,10.610291257156002,10.560536901101296,10.738612822458411,10.803416006396104,10.834173615967753,11.136444938892184,11.063717070612666,11.212714547634828]
[null,null,null,null,null,null,null,null,null,null,null,null,null,null,null,null,"O_Condenser_a001","q_trans","kW","transferred heat",15789.083196622021,null,15552.356623453275,18240.425351263973,20707.080455317329,22932.373848796349,25013.109778554579,26871.094883464837,28645.390602016523,30235.015863517401,31738.989122240881,16400.801743687305,19301.591973161394,21976.723413950698,24413.940480918503,26641.677757904163,28691.135577290745,30564.012119344003,32373.157900191633,34031.385534061876,17276.839220756938,20397.673174637705,23251.539804274533,25877.662631898453,28294.233465849713,30574.763478617449,32638.083629347548,34600.02418367003,36433.0989482203,18167.650957574577,21547.434263867686,24619.430733371271,27440.055433494443,30101.736200445259,32525.487413229173,34808.933880840319,36954.576459871809,39047.733536976004,19118.696432643632,22691.903927601383,25996.639780256894,29061.755224491812,31913.279436439414,34605.315640980181,37086.823686681797,39463.434307986005,41762.381361591382,20076.115170343892,23906.936314239378,27444.020536276657,30784.742503747984,33899.866017151326,36781.558902999634,39553.067560570074,42143.113656481211,44544.674583991226,21072.203453000013,25146.799326400323,28978.47813045387,32541.898441270241,35918.530674640308,39125.673145645349,42066.283220857149,44920.047985730766,47553.44924752674]
[null,null,null,null,null,null,null,null,null,null,null,null,null,null,null,null,"G_Stream001","mass","kg/s","mass flow",1469.6231627391428,null,1481.7495198631341,1756.0048132914831,2070.9353667771866,2294.5987261909031,2622.940402787789,2741.351360050634,3040.4794872956745,3140.917303963005,3258.153129616062,1566.9248363976217,1880.2464413967807,2262.7070204070747,2607.6577609058868,2835.7209456934952,3029.0105023389583,3118.0975898204279,3370.3885180804036,3513.437146239411,1693.6291373766976,2027.5441812584097,2354.4373612597383,2640.0027970032279,2886.5379594534738,3265.1158907315212,3329.6914522755533,3529.84587211797,3716.8535850774661,1748.5877412965388,2215.4545274594584,2569.0734725873344,2823.7230310964865,3250.0912893379855,3347.8998415048277,3523.3569345911101,3723.9815750320431,4124.1806684486846,1899.5763676967977,2287.4636131329889,2652.1406785775307,2964.839451299893,3255.7479464892754,3558.9177585644675,3703.2640747108276,3926.1959313717089,4428.8108767156009,2010.347004059367,2467.7992761476853,2799.8004304869132,3284.5822222778284,3599.8246861851148,3752.4029802584319,4035.1484009706364,4299.3812660032017,4426.4269074170124,2149.7566007513833,2565.4411490604307,3061.4100943931462,3369.7547433930495,3717.2186226156359,4061.5799775325941,4139.8340957006076,4501.4458076504579,4644.8620642693841]
[null,null,null,null,null,null,null,null,null,null,null,null,null,null,null,null,"O_Stream001","mass","kg/s","mass flow",38.356119908539057,null,37.867637965083048,44.131553231710285,49.718267410221344,54.737242103564917,59.290483046602738,63.428604843412721,67.226770262514805,70.710696749023043,73.926715449435463,39.853332486787437,46.545835164631626,52.538825029988772,57.945096723058256,62.852570984019394,67.335626964024527,71.446707258126935,75.241839746766388,78.747267538552904,41.888761816797881,49.025472152303635,55.436780376167846,61.242586994416314,66.53306877455546,71.38577840808955,75.841226308982669,79.959858724646452,83.775711226105813,43.965046918082834,51.573140138694313,58.428192203011655,64.655871793454082,70.357097645384144,75.58576935694596,80.412220404021312,84.881216834086942,89.035737020411801,46.097714651730712,54.183475427209643,61.50459281245476,68.182092159271065,74.307801921899227,79.954505306554822,85.173705957450096,90.019299227872466,94.534590642527235,48.278130540214093,56.871227766461985,64.679679408302135,71.834960347539891,78.416907437698242,84.498092804726667,90.14345567348677,95.394771068319628,100.29146732425529,50.512759295368411,59.630578307056389,67.958919914348797,75.608800314584528,82.677107536125234,89.232938498478433,95.328517392455666,101.02141325327236,106.34219809299069]
[null,null,null,null,null,null,null,null,null,null,null,null,null,null,null,null,"PS Outputs End"]
[]
[]
[null,null,null,null,null,null,null,null,null,null,null,null,null,null,null,null,null,null,null,"Net Power",{"$f":"U31-U32-U33","v":952.79811591824273},null,1061.8708241553502,1542.6711845825907,1985.8657689057563,2400.0628466446119,2783.2434433247536,3140.0829268887919,3470.0907901546661,3781.1817352347725,4050.3477734986354,1209.2617966570256,1728.5620493161366,2213.9973790285917,2672.9555455914769,3089.1385243220066,3479.8739455651939,3843.2810380163796,4162.0556825490785,4459.4331123776929,1375.7074682214852,1930.2612223137639,2460.6436783983745,2949.8158986345989,3409.1175105839839,3837.9549272372278,4212.7591564604681,4561.2368770894973,4885.0683490908086,1530.2320167077737,2134.4856884508276,2710.6119315590972,3245.5752272537029,3750.4421141176831,4191.2287519693555,4599.1093698567147,4977.7640115639715,5305.3072395320214,1693.1326623272589,2352.6726190430431,2972.4583597812971,3545.8142623865324,4082.4839327129439,4560.9998061044871,5001.4698725869648,5386.3967421730549,5758.6150450330051,1868.2216887317852,2582.6196378210402,3247.579920214826,3876.1636461161825,4431.5315237431032,4946.5562955648711,5397.2974482442096,5831.1153640421353,6236.2040149139002,2048.8453711922239,2812.3280019688832,3535.2459347671429,4193.2745006189416,4791.7540642557169,5322.1716815968293,5824.4836413726862,6297.0016343106408,6737.0228964526377]
[null,null,null,null,null,null,null,null,null,null,null,null,null,null,null,null,null,"Min Mass Flow",120,null,2,null,2,2,2,2,2,2,2,2,2,2,2,2,2,2,2,2,2,2,2,2,2,2,2,2,2,2,2,2,2,2,2,2,2,2,2,2,2,2,2,2,2,2,2,2,2,2,2,2,2,2,2,2,2,2,2,2,2,2,2,2,2,2,2]
[null,null,null,null,null,null,null,null,null,null,null,null,null,null,null,null,null,"Max Mass Flow",40,"Actual Plant Efficiency (w-hr/lb)",{"$f":"U51*1000/(U23*2.20462*3600)","v":3.0012671493343865},null,3.3448408095378186,3.8874706162074566,4.1702529253083602,4.3200455930075918,4.3835398997407742,4.3960473786316854,4.3722460486446471,4.331104101995054,4.2527986824245634,3.8091151153821472,4.3559082727185459,4.649321817761388,4.8112447726863721,4.8653171211699222,4.871747368636405,4.8424584105907647,4.7673710764660955,4.6823315737894164,4.3334107850202868,4.8641822433338575,5.1672709498570981,5.3095856180998959,5.3692761466450509,5.3730529065690833,5.3079935625848194,5.2246078426872646,5.1292415862408731,4.8201555039586497,5.3788198531841411,5.6921960758650458,5.8419440877866853,5.9068539937937201,5.8676285299879174,5.7947872219056071,5.7017132840639482,5.5704855236789168,5.3332845164273053,5.928642323451669,6.2420649795809631,6.3823659031519604,6.4298116832066547,6.3852999135380335,6.301753530448388,6.1697761860023421,6.0464512791582594,5.8848063282126013,6.5080997526936875,6.8198112251620628,6.9769854987718123,6.9795530455221808,6.9250705610878089,6.8004884795517917,6.6791731899765949,6.5479118587014202,6.4537620340473891,7.0869557816688067,7.4239004125997505,7.5477761142778768,7.5468946781451463,7.4509238813934475,7.3387346690292388,7.2128163940099537,7.0737634642047968]
[null,null,null,null,null,null,null,null,null,null,null,null,null,null,null,null,null,"Mass Flow Step",-40,"Actual Plant Efficiency (kW/kg/s)",{"$f":"U51/U23","v":23.819952897956068},null,26.546770603883754,30.853423691651816,33.09776281509594,34.286612094923029,34.790543041559417,34.889810298764353,34.700907901546664,34.374379411225206,33.75289811248863,30.231544916425641,34.571240986322735,36.899956317143193,38.185079222735382,38.614231554025082,38.665266061835489,38.432810380163794,37.836869841355259,37.161942603147438,34.39268670553713,38.60522444627528,41.010727973306238,42.140227123351416,42.613968882299801,42.643943635969201,42.127591564604678,41.465789791722706,40.708902909090071,38.255800417694346,42.689713769016549,45.176865525984951,46.365360389338612,46.880526426471036,46.569208355215061,45.991093698567148,45.252400105127016,44.210893662766843,42.32831655818147,47.053452380860861,49.54097266302162,50.654489462664749,51.031049158911799,50.677775623383191,50.01469872586965,48.967243110664135,47.988458708608377,46.705542218294632,51.652392756420802,54.12633200358043,55.373766373088323,55.394144046788789,54.961736617387459,53.972974482442098,53.010139673110324,51.968366790949169,51.221134279805597,56.246560039377663,58.920765579452379,59.903921437413452,59.89692580319646,59.135240906631438,58.244836413726858,57.245469402824007,56.141857470438644]
[null,null,null,null,null,null,null,null,null,null,null,null,null,null,null,null,null,null,null,"1st Law Efficiency (%)",{"$f":"U51/(U38+U41)","v":5.5680220189347811E-2},null,6.2496325505980027E-2,7.6210577740236277E-2,8.5441872641441249E-2,9.2485408620247719E-2,9.7639121462588893E-2,0.10207157606773445,0.10531410200769156,0.10838062246114812,0.11036248670531854,6.7135797538502559E-2,8.0303445254894898E-2,8.9298646577656821E-2,9.6193489024299556E-2,0.10127802435260479,0.10543990821473134,0.10894543954162221,0.11105732962931972,0.11295773246749664,7.2063783456116484E-2,8.4419550236468285E-2,9.3395316864425967E-2,9.9830307172963692E-2,0.10489326803051566,0.10867853079647458,0.11149047454603324,0.11358227271733791,0.11528815297724483,7.592399605159976E-2,8.7946789581977727E-2,9.6725605637794337E-2,0.10316089928358031,0.10793705544562558,0.11130710846462312,0.1138244852881982,0.11578029328460115,0.11655042688649569,7.9453721220458198E-2,9.1689797410560769E-2,0.10010404409298447,0.10606984198946781,0.11061273004922104,0.11354396629798694,0.11592021596780795,0.11715486845474081,0.11805652002070148,8.312514748114877E-2,9.5107498247076414E-2,0.10322204468469971,0.1089755097441434,0.11265548301966664,0.11559095776488519,0.11707327174554874,0.11850190673577171,0.11978131026741308,8.6482821716929018E-2,9.813796596931261E-2,0.10598546938391973,0.11129232166429996,0.11474475115822563,0.11671104583130518,0.11865415363859377,0.11989893595674672,0.12106458440229959]
[null,null,null,null,null,null,null,null,null,null,null,null,null,null,null,null,null,"Min Temp",190]
[null,null,null,null,null,null,null,null,null,null,null,null,null,null,null,null,null,"Max Temp",160,"Relative Efficiency",null,null,{"$f":"W34/0.8","v":0.85061378476590865},{"$f":"X34/0.8","v":0.91228737266378057},0.94701518419164477,0.96841775711886791,0.98141714342355357,0.9901602036124757,0.99555908268896653,1,0.99898346421531026,0.87319421173018086,0.92773032116223286,0.95904297748428069,0.97854855664395302,0.98901210569292419,0.99571381638359724,1,0.99860958913255915,0.99703258835087427,0.89634020061460828,0.9435913131090764,0.97140082035579245,0.98557935280468578,0.99457302493860145,1,0.99843919025771277,0.99617077317689406,0.99345876304096192,0.91122231543456778,0.95492497678225319,0.97957859633056754,0.99190469473561726,1,0.99851181380308851,0.99584926980140909,0.99247688950083213,0.98775255559078134,0.92486391939387957,0.96605631232196965,0.98613799266347613,0.99691701917424214,0.99887512560677194,0.99617457796864661,0.99214428399601984,0.98663409278859149,0.98149950602831271,0.93881094430919743,0.97625888992294774,0.99193853592458137,1,0.99726738252640457,0.99291256095324687,0.98649290765051045,0.98052134745112984,0.97495304422196671,0.95040316112934453,0.98214228292502537,0.99659979234744178,0.99850526636022674,0.99423956479927422,0.98752830691989768,0.98059668815800138,0.9741229824698755,0.96807242473540889]
[null,null,null,null,null,null,null,null,null,null,null,null,null,null,null,null,null,"Temp Step",-10,"Relative Binary Flow Rate",null,null,{"$f":"W47/70.35","v":0.53827488223287923},{"$f":"X47/70.35","v":0.62731418950547679},0.70672732637130564,0.77807025022835707,0.84279293598582439,0.90161485207409708,0.95560441027028875,1.0051271748261983,1.0508417263601346,0.56650081715405032,0.66163234064863718,0.74682054058264069,0.82366875228227809,0.89342673751271351,0.95715176921143619,1.0155893000444483,1.0695357462226922,1.1193641441158908,0.59543371452449023,0.69687949043786268,0.78801393569534972,0.87054139295545585,0.9457436926020677,1.0147232183097308,1.0780558110729592,1.1366006926033612,1.1908416663270194,0.6249473620196565,0.73309367645620915,0.83053578113733706,0.9190600112786651,1.0001008904816511,1.0744245821882867,1.1430308515141623,1.2065560317567441,1.2656110450662659,0.65526246839702507,0.77019865568172918,0.87426571161982614,0.96918396814884256,1.0562587337867695,1.1365245956866359,1.2107136596652466,1.2795920288254794,1.3437752756578143,0.68625629765762752,0.80840409049697215,0.91939842797870852,1.0211081783587761,1.1146681938549858,1.2011100611901446,1.2813568681376941,1.3560024316747639,1.4256072114322005,0.71802074335989219,0.84762726804628852,0.96601165478818485,1.0747519589848549,1.1752254091844383,1.2684141932974902,1.3550606594521062,1.4359831308212134,1.5116161775833787]
[null,null,null,null,null,null,null,null,null,null,null,null,null,null,null,null,null,null,null,"Gross Turbine Output",null,null,{"$f":"W31","v":1406.0250486986929},{"$f":"X31","v":1956.0248779623616},2479.1509848986429,2954.3174585195438,3420.5745311403589,3816.1323126376196,4222.7260042456492,4568.2336235544126,4875.0208396290827,1574.290855988711,2173.7275975723296,2755.2699340726649,3302.8199079786846,3783.0791749278383,4230.4963819588293,4628.4327724223831,5015.8379698317112,5358.4753280987716,1770.9930619290226,2412.6167673397408,3029.5551116492397,3597.10620420859,4126.7849517080876,4653.8214107794292,5060.5055910103174,5469.156531601091,5850.0337405767577,1941.6472318318586,2663.1493301335968,3333.8615273676787,3943.2634087717947,4559.1050020021266,5041.7276021940825,5507.7107334686998,5949.5249206515909,6381.9101215459114,2141.291362238173,2903.8178080166358,3623.1805026984189,4286.0866208898842,4908.2308094207592,5475.0142624597365,5970.2871003250257,6426.3779298860918,6928.3161520484236,2345.0552202781887,3179.7156135340765,3940.3168218095402,4697.9150120925788,5347.3017177496613,5922.4543615269968,6460.8406123868881,6978.2903418191454,7437.8626467411477,2560.8215325216561,3438.6444570437948,4295.0127720805031,5048.471842833038,5751.6071165654075,6386.6029602796407,6937.7309741143918,7518.7107919475693,8021.0946745545998]
[null,null,null,null,null,null,null,null,null,null,null,null,null,null,null,null,null,null,null,"Net Plant Power Output",null,null,{"$f":"W51","v":1061.8708241553502},{"$f":"X51","v":1542.6711845825907},1985.8657689057563,2400.0628466446119,2783.2434433247536,3140.0829268887919,3470.0907901546661,3781.1817352347725,4050.3477734986354,1209.2617966570256,1728.5620493161366,2213.9973790285917,2672.9555455914769,3089.1385243220066,3479.8739455651939,3843.2810380163796,4162.0556825490785,4459.4331123776929,1375.7074682214852,1930.2612223137639,2460.6436783983745,2949.8158986345989,3409.1175105839839,3837.9549272372278,4212.7591564604681,4561.2368770894973,4885.0683490908086,1530.2320167077737,2134.4856884508276,2710.6119315590972,3245.5752272537029,3750.4421141176831,4191.2287519693555,4599.1093698567147,4977.7640115639715,5305.3072395320214,1693.1326623272589,2352.6726190430431,2972.4583597812971,3545.8142623865324,4082.4839327129439,4560.9998061044871,5001.4698725869648,5386.3967421730549,5758.6150450330051,1868.2216887317852,2582.6196378210402,3247.579920214826,3876.1636461161825,4431.5315237431032,4946.5562955648711,5397.2974482442096,5831.1153640421353,6236.2040149139002,2048.8453711922239,2812.3280019688832,3535.2459347671429,4193.2745006189416,4791.7540642557169,5322.1716815968293,5824.4836413726862,6297.0016343106408,6737.0228964526377]
[]
[null,null,null,null,null,null,null,null,null,null,null,null,null,null,null,null,null,null,null,null,"SAM Inputs"]
[null,null,null,null,null,null,null,null,null,null,null,null,null,null,null,null,null,null,null,null,null,"SAM Plant Efficiency (%)",{"$f":"W53/VLOOKUP(W$24,'GETEM-Excel Max BE vs. Temp'!$C$4:$D$14,2)","v":0.42020349238231153},{"$f":"X53/VLOOKUP(X$24,'GETEM-Excel Max BE vs. Temp'!$C$4:$D$14,2)","v":0.48837263788637719},{"$f":"Y53/VLOOKUP(Y$24,'GETEM-Excel Max BE vs. Temp'!$C$4:$D$14,2)","v":0.52389783045437655},{"$f":"Z53/VLOOKUP(Z$24,'GETEM-Excel Max BE vs. Temp'!$C$4:$D$14,2)","v":0.5427158865845807},{"$f":"AA53/VLOOKUP(AA$24,'GETEM-Excel Max BE vs. Temp'!$C$4:$D$14,2)","v":0.55069250818032223},{"$f":"AB53/VLOOKUP(AB$24,'GETEM-Excel Max BE vs. Temp'!$C$4:$D$14,2)","v":0.5522637896284176},{"$f":"AC53/VLOOKUP(AC$24,'GETEM-Excel Max BE vs. Temp'!$C$4:$D$14,2)","v":0.54927369157789807},{"$f":"AD53/VLOOKUP(AD$24,'GETEM-Excel Max BE vs. Temp'!$C$4:$D$14,2)","v":0.54410513778117653},{"$f":"AE53/VLOOKUP(AE$24,'GETEM-Excel Max BE vs. Temp'!$C$4:$D$14,2)","v":0.53426783530562794},{"$f":"AF53/VLOOKUP(AF$24,'GETEM-Excel Max BE vs. Temp'!$C$4:$D$14,2)","v":0.45727288190641224},{"$f":"AG53/VLOOKUP(AG$24,'GETEM-Excel Max BE vs. Temp'!$C$4:$D$14,2)","v":0.52291376575689597},{"$f":"AH53/VLOOKUP(AH$24,'GETEM-Excel Max BE vs. Temp'!$C$4:$D$14,2)","v":0.55813718465287665},{"$f":"AI53/VLOOKUP(AI$24,'GETEM-Excel Max BE vs. Temp'!$C$4:$D$14,2)","v":0.577575551308257},{"$f":"AJ53/VLOOKUP(AJ$24,'GETEM-Excel Max BE vs. Temp'!$C$4:$D$14,2)","v":0.58406677508951577},{"$f":"AK53/VLOOKUP(AK$24,'GETEM-Excel Max BE vs. Temp'!$C$4:$D$14,2)","v":0.58483870707405883},{"$f":"AL53/VLOOKUP(AL$24,'GETEM-Excel Max BE vs. Temp'!$C$4:$D$14,2)","v":0.58132265522267701},{"$f":"AM53/VLOOKUP(AM$24,'GETEM-Excel Max BE vs. Temp'!$C$4:$D$14,2)","v":0.57230864524140801},{"$f":"AN53/VLOOKUP(AN$24,'GETEM-Excel Max BE vs. Temp'!$C$4:$D$14,2)","v":0.5620999071783811},{"$f":"AO53/VLOOKUP(AO$24,'GETEM-Excel Max BE vs. Temp'!$C$4:$D$14,2)","v":0.49807544616459493},{"$f":"AP53/VLOOKUP(AP$24,'GETEM-Excel Max BE vs. Temp'!$C$4:$D$14,2)","v":0.55908148598542551},{"$f":"AQ53/VLOOKUP(AQ$24,'GETEM-Excel Max BE vs. Temp'!$C$4:$D$14,2)","v":0.59391802704238106},{"$f":"AR53/VLOOKUP(AR$24,'GETEM-Excel Max BE vs. Temp'!$C$4:$D$14,2)","v":0.61027545203560518},{"$f":"AS53/VLOOKUP(AS$24,'GETEM-Excel Max BE vs. Temp'!$C$4:$D$14,2)","v":0.6171361878651509},{"$f":"AT53/VLOOKUP(AT$24,'GETEM-Excel Max BE vs. Temp'!$C$4:$D$14,2)","v":0.61757028273349834},{"$f":"AU53/VLOOKUP(AU$24,'GETEM-Excel Max BE vs. Temp'!$C$4:$D$14,2)","v":0.61009246366908987},{"$f":"AV53/VLOOKUP(AV$24,'GETEM-Excel Max BE vs. Temp'!$C$4:$D$14,2)","v":0.60050823967045597},{"$f":"AW53/VLOOKUP(AW$24,'GETEM-Excel Max BE vs. Temp'!$C$4:$D$14,2)","v":0.58954699157166501},{"$f":"AX53/VLOOKUP(AX$24,'GETEM-Excel Max BE vs. Temp'!$C$4:$D$14,2)","v":0.53136735635174615},{"$f":"AY53/VLOOKUP(AY$24,'GETEM-Excel Max BE vs. Temp'!$C$4:$D$14,2)","v":0.59295375083468738},{"$f":"AZ53/VLOOKUP(AZ$24,'GETEM-Excel Max BE vs. Temp'!$C$4:$D$14,2)","v":0.62749991741638633},{"$f":"BA53/VLOOKUP(BA$24,'GETEM-Excel Max BE vs. Temp'!$C$4:$D$14,2)","v":0.64400793363046527},{"$f":"BB53/VLOOKUP(BB$24,'GETEM-Excel Max BE vs. Temp'!$C$4:$D$14,2)","v":0.65116351297384367},{"$f":"BC53/VLOOKUP(BC$24,'GETEM-Excel Max BE vs. Temp'!$C$4:$D$14,2)","v":0.64683935144273896},{"$f":"BD53/VLOOKUP(BD$24,'GETEM-Excel Max BE vs. Temp'!$C$4:$D$14,2)","v":0.63880942517228723},{"$f":"BE53/VLOOKUP(BE$24,'GETEM-Excel Max BE vs. Temp'!$C$4:$D$14,2)","v":0.6285490814436353},{"$f":"BF53/VLOOKUP(BF$24,'GETEM-Excel Max BE vs. Temp'!$C$4:$D$14,2)","v":0.61408271245232637},{"$f":"BG53/VLOOKUP(BG$24,'GETEM-Excel Max BE vs. Temp'!$C$4:$D$14,2)","v":0.51781472255498329},{"$f":"BH53/VLOOKUP(BH$24,'GETEM-Excel Max BE vs. Temp'!$C$4:$D$14,2)","v":0.57561869620681083},{"$f":"BI53/VLOOKUP(BI$24,'GETEM-Excel Max BE vs. Temp'!$C$4:$D$14,2)","v":0.6060492620665815},{"$f":"BJ53/VLOOKUP(BJ$24,'GETEM-Excel Max BE vs. Temp'!$C$4:$D$14,2)","v":0.61967123996582008},{"$f":"BK53/VLOOKUP(BK$24,'GETEM-Excel Max BE vs. Temp'!$C$4:$D$14,2)","v":0.62427780527463739},{"$f":"BL53/VLOOKUP(BL$24,'GETEM-Excel Max BE vs. Temp'!$C$4:$D$14,2)","v":0.61995610640588306},{"$f":"BM53/VLOOKUP(BM$24,'GETEM-Excel Max BE vs. Temp'!$C$4:$D$14,2)","v":0.61184449206264202},{"$f":"BN53/VLOOKUP(BN$24,'GETEM-Excel Max BE vs. Temp'!$C$4:$D$14,2)","v":0.59903066002585947},{"$f":"BO53/VLOOKUP(BO$24,'GETEM-Excel Max BE vs. Temp'!$C$4:$D$14,2)","v":0.58705690309898051},{"$f":"BP53/VLOOKUP(BP$24,'GETEM-Excel Max BE vs. Temp'!$C$4:$D$14,2)","v":0.54989453341175709},{"$f":"BQ53/VLOOKUP(BQ$24,'GETEM-Excel Max BE vs. Temp'!$C$4:$D$14,2)","v":0.60813700184958341},{"$f":"BR53/VLOOKUP(BR$24,'GETEM-Excel Max BE vs. Temp'!$C$4:$D$14,2)","v":0.63726428746480113},{"$f":"BS53/VLOOKUP(BS$24,'GETEM-Excel Max BE vs. Temp'!$C$4:$D$14,2)","v":0.65195113848938135},{"$f":"BT53/VLOOKUP(BT$24,'GETEM-Excel Max BE vs. Temp'!$C$4:$D$14,2)","v":0.65219105801154775},{"$f":"BU53/VLOOKUP(BU$24,'GETEM-Excel Max BE vs. Temp'!$C$4:$D$14,2)","v":0.64710004588876613},{"$f":"BV53/VLOOKUP(BV$24,'GETEM-Excel Max BE vs. Temp'!$C$4:$D$14,2)","v":0.63545871025648182},{"$f":"BW53/VLOOKUP(BW$24,'GETEM-Excel Max BE vs. Temp'!$C$4:$D$14,2)","v":0.62412263378496824},{"$f":"BX53/VLOOKUP(BX$24,'GETEM-Excel Max BE vs. Temp'!$C$4:$D$14,2)","v":0.61185716836590631},{"$f":"BY53/VLOOKUP(BY$24,'GETEM-Excel Max BE vs. Temp'!$C$4:$D$14,2)","v":0.5815352623085106},{"$f":"BZ53/VLOOKUP(BZ$24,'GETEM-Excel Max BE vs. Temp'!$C$4:$D$14,2)","v":0.638591052431005},{"$f":"CA53/VLOOKUP(CA$24,'GETEM-Excel Max BE vs. Temp'!$C$4:$D$14,2)","v":0.66895244215968486},{"$f":"CB53/VLOOKUP(CB$24,'GETEM-Excel Max BE vs. Temp'!$C$4:$D$14,2)","v":0.68011462760888441},{"$f":"CC53/VLOOKUP(CC$24,'GETEM-Excel Max BE vs. Temp'!$C$4:$D$14,2)","v":0.68003520320650457},{"$f":"CD53/VLOOKUP(CD$24,'GETEM-Excel Max BE vs. Temp'!$C$4:$D$14,2)","v":0.67138747151628686},{"$f":"CE53/VLOOKUP(CE$24,'GETEM-Excel Max BE vs. Temp'!$C$4:$D$14,2)","v":0.661278331653953},{"$f":"CF53/VLOOKUP(CF$24,'GETEM-Excel Max BE vs. Temp'!$C$4:$D$14,2)","v":0.64993209410963926},{"$f":"CG53/VLOOKUP(CG$24,'GETEM-Excel Max BE vs. Temp'!$C$4:$D$14,2)","v":0.63740231975750128}]
[null,null,null,null,null,null,null,null,null,null,null,null,null,null,null,null,null,null,null,null,null,"Specified Plant Cost - Standard ($)",{"$f":"'Custom Design Results'!R75","v":5243529.9076154195},{"$f":"'Custom Design Results'!S75","v":5549320.2674798779},{"$f":"'Custom Design Results'!T75","v":5853618.3372225668},{"$f":"'Custom Design Results'!U75","v":6156499.4557076003},{"$f":"'Custom Design Results'!V75","v":6458069.8578863544},{"$f":"'Custom Design Results'!W75","v":6758436.0863141594},{"$f":"'Custom Design Results'!X75","v":7057696.048903795},{"$f":"'Custom Design Results'!Y75","v":7355937.0624790043},{"$f":"'Custom Design Results'!Z75","v":7653236.2199199153},{"$f":"'Custom Design Results'!AA75","v":5317167.6404273938},{"$f":"'Custom Design Results'!AB75","v":5639421.0686155017},{"$f":"'Custom Design Results'!AC75","v":5959904.3249240993},{"$f":"'Custom Design Results'!AD75","v":6278752.6934340252},{"$f":"'Custom Design Results'!AE75","v":6596109.9693394899},{"$f":"'Custom Design Results'!AF75","v":6912112.0656636171},{"$f":"'Custom Design Results'!AG75","v":7226878.1115225712},{"$f":"'Custom Design Results'!AH75","v":7540511.8233734835},{"$f":"'Custom Design Results'!AI75","v":7853103.3076414913},{"$f":"'Custom Design Results'!AJ75","v":5394143.5430158386},{"$f":"'Custom Design Results'!AK75","v":5733600.3871927876},{"$f":"'Custom Design Results'!AL75","v":6070998.5384488842},{"$f":"'Custom Design Results'!AM75","v":6406533.5359336296},{"$f":"'Custom Design Results'!AN75","v":6740392.6432155482},{"$f":"'Custom Design Results'!AO75","v":7072740.3542876402},{"$f":"'Custom Design Results'!AP75","v":7403717.8684015954},{"$f":"'Custom Design Results'!AQ75","v":7733445.9422393637},{"$f":"'Custom Design Results'!AR75","v":8062028.1932227891},{"$f":"'Custom Design Results'!AS75","v":5482150.5518134488},{"$f":"'Custom Design Results'!AT75","v":5841412.8899647435},{"$f":"'Custom Design Results'!AU75","v":6198298.5062130615},{"$f":"'Custom Design Results'!AV75","v":6553070.564897975},{"$f":"'Custom Design Results'!AW75","v":6905961.8832462737},{"$f":"'Custom Design Results'!AX75","v":7257169.5162960263},{"$f":"'Custom Design Results'!AY75","v":7606858.975907783},{"$f":"'Custom Design Results'!AZ75","v":7955169.7914324077},{"$f":"'Custom Design Results'!BA75","v":8302220.4659111919},{"$f":"'Custom Design Results'!BB75","v":5562396.5781837935},{"$f":"'Custom Design Results'!BC75","v":5939531.3866408551},{"$f":"'Custom Design Results'!BD75","v":6313989.5593172004},{"$f":"'Custom Design Results'!BE75","v":6686098.3995888811},{"$f":"'Custom Design Results'!BF75","v":7056133.8682998018},{"$f":"'Custom Design Results'!BG75","v":7424323.8213188602},{"$f":"'Custom Design Results'!BH75","v":7790856.7443720475},{"$f":"'Custom Design Results'!BI75","v":8155889.8890715195},{"$f":"'Custom Design Results'!BJ75","v":8519555.7992703989},{"$f":"'Custom Design Results'!BK75","v":5635142.2517680498},{"$f":"'Custom Design Results'!BL75","v":6028286.7877895832},{"$f":"'Custom Design Results'!BM75","v":6418470.0574209895},{"$f":"'Custom Design Results'!BN75","v":6806080.339076953},{"$f":"'Custom Design Results'!BO75","v":7191434.5926316977},{"$f":"'Custom Design Results'!BP75","v":7574789.9336256739},{"$f":"'Custom Design Results'!BQ75","v":7956356.6654482232},{"$f":"'Custom Design Results'!BR75","v":8336308.865443496},{"$f":"'Custom Design Results'!BS75","v":8714792.4046569113},{"$f":"'Custom Design Results'!BT75","v":5712895.8916412899},{"$f":"'Custom Design Results'!BU75","v":6123207.9306631265},{"$f":"'Custom Design Results'!BV75","v":6530256.0460474389},{"$f":"'Custom Design Results'!BW75","v":6934492.7663046475},{"$f":"'Custom Design Results'!BX75","v":7336278.3488943446},{"$f":"'Custom Design Results'!BY75","v":7735900.8684471063},{"$f":"'Custom Design Results'!BZ75","v":8133593.751780876},{"$f":"'Custom Design Results'!CA75","v":8529548.9354923386},{"$f":"'Custom Design Results'!CB75","v":8923926.4553956874}]
[]
[null,null,null,null,null,null,null,null,null,null,null,null,null,null,null,null,null,null,null,null,"SAM Plant Efficiency (%)"]
[null,null,null,null,null,null,null,null,null,null,null,null,null,null,null,null,null,null,null,null,0.42020349238231153]
[null,null,null,null,null,null,null,null,null,null,null,null,null,null,null,null,null,null,null,null,0.48837263788637719]
[null,null,null,null,null,null,null,null,null,null,null,null,null,null,null,null,null,null,null,null,0.52389783045437655]
[null,null,null,null,null,null,null,null,null,null,null,null,null,null,null,null,null,null,null,null,0.5427158865845807]
[null,null,null,null,null,null,null,null,null,null,null,null,null,null,null,null,null,null,null,null,0.55069250818032223]
[null,null,null,null,null,null,null,null,null,null,null,null,null,null,null,null,null,null,null,null,0.5522637896284176]
[null,null,null,null,null,null,null,null,null,null,null,null,null,null,null,null,null,null,null,null,0.54927369157789807]
[null,null,null,null,null,null,null,null,null,null,null,null,null,null,null,null,null,null,null,null,0.54410513778117653]
[null,null,null,null,null,null,null,null,null,null,null,null,null,null,null,null,null,null,null,null,0.53426783530562794]
[null,null,null,null,null,null,null,null,null,null,null,null,null,null,null,null,null,null,null,null,0.45727288190641224]
[null,null,null,null,null,null,null,null,null,null,null,null,null,null,null,null,null,null,null,null,0.52291376575689597]
[null,null,null,null,null,null,null,null,null,null,null,null,null,null,null,null,null,null,null,null,0.55813718465287665]
[null,null,null,null,null,null,null,null,null,null,null,null,null,null,null,null,null,null,null,null,0.577575551308257]
[null,null,null,null,null,null,null,null,null,null,null,null,null,null,null,null,null,null,null,null,0.58406677508951577]
[null,null,null,null,null,null,null,null,null,null,null,null,null,null,null,null,null,null,null,null,0.58483870707405883]
[null,null,null,null,null,null,null,null,null,null,null,null,null,null,null,null,null,null,null,null,0.58132265522267701]
[null,null,null,null,null,null,null,null,null,null,null,null,null,null,null,null,null,null,null,null,0.57230864524140801]
[null,null,null,null,null,null,null,null,null,null,null,null,null,null,null,null,null,null,null,null,0.5620999071783811]
[null,null,null,null,null,null,null,null,null,null,null,null,null,null,null,null,null,null,null,null,0.49807544616459493]
[null,null,null,null,null,null,null,null,null,null,null,null,null,null,null,null,null,null,null,null,0.55908148598542551]
[null,null,null,null,null,null,null,null,null,null,null,null,null,null,null,null,null,null,null,null,0.59391802704238106]
[null,null,null,null,null,null,null,null,null,null,null,null,null,null,null,null,null,null,null,null,0.61027545203560518]
[null,null,null,null,null,null,null,null,null,null,null,null,null,null,null,null,null,null,null,null,0.6171361878651509]
[null,null,null,null,null,null,null,null,null,null,null,null,null,null,null,null,null,null,null,null,0.61757028273349834]
[null,null,null,null,null,null,null,null,null,null,null,null,null,null,null,null,null,null,null,null,0.61009246366908987]
[null,null,null,null,null,null,null,null,null,null,null,null,null,null,null,null,null,null,null,null,0.60050823967045597]
[null,null,null,null,null,null,null,null,null,null,null,null,null,null,null,null,null,null,null,null,0.58954699157166501]
[null,null,null,null,null,null,null,null,null,null,null,null,null,null,null,null,null,null,null,null,0.53136735635174615]
[null,null,null,null,null,null,null,null,null,null,null,null,null,null,null,null,null,null,null,null,0.59295375083468738]
[null,null,null,null,null,null,null,null,null,null,null,null,null,null,null,null,null,null,null,null,0.62749991741638633]
[null,null,null,null,null,null,null,null,null,null,null,null,null,null,null,null,null,null,null,null,0.64400793363046527]
[null,null,null,null,null,null,null,null,null,null,null,null,null,null,null,null,null,null,null,null,0.65116351297384367]
[null,null,null,null,null,null,null,null,null,null,null,null,null,null,null,null,null,null,null,null,0.64683935144273896]
[null,null,null,null,null,null,null,null,null,null,null,null,null,null,null,null,null,null,null,null,0.63880942517228723]
[null,null,null,null,null,null,null,null,null,null,null,null,null,null,null,null,null,null,null,null,0.6285490814436353]
[null,null,null,null,null,null,null,null,null,null,null,null,null,null,null,null,null,null,null,null,0.61408271245232637]
[null,null,null,null,null,null,null,null,null,null,null,null,null,null,null,null,null,null,null,null,0.51781472255498329]
[null,null,null,null,null,null,null,null,null,null,null,null,null,null,null,null,null,null,null,null,0.57561869620681083]
[null,null,null,null,null,null,null,null,null,null,null,null,null,null,null,null,null,null,null,null,0.6060492620665815]
[null,null,null,null,null,null,null,null,null,null,null,null,null,null,null,null,null,null,null,null,0.61967123996582008]
[null,null,null,null,null,null,null,null,null,null,null,null,null,null,null,null,null,null,null,null,0.62427780527463739]
[null,null,null,null,null,null,null,null,null,null,null,null,null,null,null,null,null,null,null,null,0.61995610640588306]
[null,null,null,null,null,null,null,null,null,null,null,null,null,null,null,null,null,null,null,null,0.61184449206264202]
[null,null,null,null,null,null,null,null,null,null,null,null,null,null,null,null,null,null,null,null,0.59903066002585947]
[null,null,null,null,null,null,null,null,null,null,null,null,null,null,null,null,null,null,null,null,0.58705690309898051]
[null,null,null,null,null,null,null,null,null,null,null,null,null,null,null,null,null,null,null,null,0.54989453341175709]
[null,null,null,null,null,null,null,null,null,null,null,null,null,null,null,null,null,null,null,null,0.60813700184958341]
[null,null,null,null,null,null,null,null,null,null,null,null,null,null,null,null,null,null,null,null,0.63726428746480113]
[null,null,null,null,null,null,null,null,null,null,null,null,null,null,null,null,null,null,null,null,0.65195113848938135]
[null,null,null,null,null,null,null,null,null,null,null,null,null,null,null,null,null,null,null,null,0.65219105801154775]
[null,null,null,null,null,null,null,null,null,null,null,null,null,null,null,null,null,null,null,null,0.64710004588876613]
[null,null,null,null,null,null,null,null,null,null,null,null,null,null,null,null,null,null,null,null,0.63545871025648182]
[null,null,null,null,null,null,null,null,null,null,null,null,null,null,null,null,null,null,null,null,0.62412263378496824]
[null,null,null,null,null,null,null,null,null,null,null,null,null,null,null,null,null,null,null,null,0.61185716836590631]
[null,null,null,null,null,null,null,null,null,null,null,null,null,null,null,null,null,null,null,null,0.5815352623085106]
[null,null,null,null,null,null,null,null,null,null,null,null,null,null,null,null,null,null,null,null,0.638591052431005]
[null,null,null,null,null,null,null,null,null,null,null,null,null,null,null,null,null,null,null,null,0.66895244215968486]
[null,null,null,null,null,null,null,null,null,null,null,null,null,null,null,null,null,null,null,null,0.68011462760888441]
[null,null,null,null,null,null,null,null,null,null,null,null,null,null,null,null,null,null,null,null,0.68003520320650457]
[null,null,null,null,null,null,null,null,null,null,null,null,null,null,null,null,null,null,null,null,0.67138747151628686]
[null,null,null,null,null,null,null,null,null,null,null,null,null,null,null,null,null,null,null,null,0.661278331653953]
[null,null,null,null,null,null,null,null,null,null,null,null,null,null,null,null,null,null,null,null,0.64993209410963926]
[null,null,null,null,null,null,null,null,null,null,null,null,null,null,null,null,null,null,null,null,0.63740231975750128]

{"sheet":"Pivot Table","index":5,"n_rows":80,"n_cols":10,"rows_kept":80,"cut":false,"hidden":false,"merged":[]}
["Design","Standard"]
[]
["Sum of 1st Law Efficiency (%)","Column Labels"]
["Row Labels",40,50,60,70,80,90,100,110,120]
[160,6.2496325505980027E-2,7.6210577740236277E-2,8.5441872641441249E-2,9.2485408620247719E-2,9.7639121462588893E-2,0.10207157606773445,0.10531410200769156,0.10838062246114812,0.11036248670531854]
[165,6.7135797538502559E-2,8.0303445254894898E-2,8.9298646577656821E-2,9.6193489024299556E-2,0.10127802435260479,0.10543990821473134,0.10894543954162221,0.11105732962931972,0.11295773246749664]
[170,7.2063783456116484E-2,8.4419550236468285E-2,9.3395316864425967E-2,9.9830307172963692E-2,0.10489326803051566,0.10867853079647458,0.11149047454603324,0.11358227271733791,0.11528815297724483]
[175,7.592399605159976E-2,8.7946789581977727E-2,9.6725605637794337E-2,0.10316089928358031,0.10793705544562558,0.11130710846462312,0.1138244852881982,0.11578029328460115,0.11655042688649569]
[180,7.9453721220458198E-2,9.1689797410560769E-2,0.10010404409298447,0.10606984198946781,0.11061273004922104,0.11354396629798694,0.11592021596780795,0.11715486845474081,0.11805652002070148]
[185,8.312514748114877E-2,9.5107498247076414E-2,0.10322204468469971,0.1089755097441434,0.11265548301966664,0.11559095776488519,0.11707327174554874,0.11850190673577171,0.11978131026741308]
[190,8.6482821716929018E-2,9.813796596931261E-2,0.10598546938391973,0.11129232166429996,0.11474475115822563,0.11671104583130518,0.11865415363859377,0.11989893595674672,0.12106458440229959]
[]
[]
[]
[]
[]
["Design","Custom"]
["Sum of Net Power","Column Labels"]
[null,160,165,170,175,180,185,190]
[40,1424.1170738074991,1564.291989669653,1713.1440370461546,1876.1708881927782,2043.6209901176892,2217.563421016443,2407.5046929053515]
[50,1780.1463422593731,1955.3649870870663,2141.4300463076929,2345.2136102409731,2554.5262376471119,2771.9542762705532,3009.3808661316893]
[60,2136.1756107112483,2346.4379845044796,2569.7160555692312,2814.2563322891674,3065.4314851765344,3326.3451315246648,3611.2570393580281]
[70,2492.2048791631228,2737.511668796782,2998.0020648307705,3283.2990543373617,3576.3367327059564,3880.735986778775,4213.1332125843655]
[80,2848.2341476149973,3128.5847643391794,3426.2880740923097,3752.3417763855564,4087.2419802353784,4435.1268420328852,4815.009385810703]
[90,3204.2634160668727,3519.6578598815768,3854.5740833538475,4221.384498433752,4598.1472277648008,4989.5176972869967,5416.8855590370404]
[100,3560.2926845187471,3910.7309554239741,4282.8600926153858,4690.4272204819463,5109.0524752942238,5543.9085525411074,6018.7617322633787]
[110,3916.3219529706212,4301.8040509663715,4711.1461018769241,5159.4699425301396,5619.9577228236449,6098.2994077952171,6620.637905489717]
[120,4272.3512214224966,4692.8771465087684,5139.4321111384625,5628.5126645783348,6130.8629703530687,6652.6902630493305,7222.5140787160562]
[]
[]
["Design","Standard"]
["Sum of Net Power","Column Labels"]
["Row Labels",160,165,170,175,180,185,190]
[40,1061.8708241553502,1209.2617966570256,1375.7074682214852,1530.2320167077737,1693.1326623272589,1868.2216887317852,2048.8453711922239]
[50,1542.6711845825907,1728.5620493161366,1930.2612223137639,2134.4856884508276,2352.6726190430431,2582.6196378210402,2812.3280019688832]
[60,1985.8657689057563,2213.9973790285917,2460.6436783983745,2710.6119315590972,2972.4583597812971,3247.579920214826,3535.2459347671429]
[70,2400.0628466446119,2672.9555455914769,2949.8158986345989,3245.5752272537029,3545.8142623865324,3876.1636461161825,4193.2745006189416]
[80,2783.2434433247536,3089.1385243220066,3409.1175105839839,3750.4421141176831,4082.4839327129439,4431.5315237431032,4791.7540642557169]
[90,3140.0829268887919,3479.8739455651939,3837.9549272372278,4191.2287519693555,4560.9998061044871,4946.5562955648711,5322.1716815968293]
[100,3470.0907901546661,3843.2810380163796,4212.7591564604681,4599.1093698567147,5001.4698725869648,5397.2974482442096,5824.4836413726862]
[110,3781.1817352347725,4162.0556825490785,4561.2368770894973,4977.7640115639715,5386.3967421730549,5831.1153640421353,6297.0016343106408]
[120,4050.3477734986354,4459.4331123776929,4885.0683490908086,5305.3072395320214,5758.6150450330051,6236.2040149139002,6737.0228964526377]
[]
[]
[]
["Design","Standard"]
["Sum of Actual Plant Efficiency (w-hr/lb)","Column Labels"]
[null,40,50,60,70,80,90,100,110,120]
[160,3.3448408095378186,3.8874706162074566,4.1702529253083602,4.3200455930075918,4.3835398997407742,4.3960473786316854,4.3722460486446471,4.331104101995054,4.2527986824245634]
[165,3.8091151153821472,4.3559082727185459,4.649321817761388,4.8112447726863721,4.8653171211699222,4.871747368636405,4.8424584105907647,4.7673710764660955,4.6823315737894164]
[170,4.3334107850202868,4.8641822433338575,5.1672709498570981,5.3095856180998959,5.3692761466450509,5.3730529065690833,5.3079935625848194,5.2246078426872646,5.1292415862408731]
[175,4.8201555039586497,5.3788198531841411,5.6921960758650458,5.8419440877866853,5.9068539937937201,5.8676285299879174,5.7947872219056071,5.7017132840639482,5.5704855236789168]
[180,5.3332845164273053,5.928642323451669,6.2420649795809631,6.3823659031519604,6.4298116832066547,6.3852999135380335,6.301753530448388,6.1697761860023421,6.0464512791582594]
[185,5.8848063282126013,6.5080997526936875,6.8198112251620628,6.9769854987718123,6.9795530455221808,6.9250705610878089,6.8004884795517917,6.6791731899765949,6.5479118587014202]
[190,6.4537620340473891,7.0869557816688067,7.4239004125997505,7.5477761142778768,7.5468946781451463,7.4509238813934475,7.3387346690292388,7.2128163940099537,7.0737634642047968]
[]
[]
["Design","Custom"]
["Sum of Actual Plant Efficiency (w-hr/lb)","Column Labels"]
["Row Labels",40,50,60,70,80,90,100,110,120]
[160,4.4858986589257865,4.4858986589257839,4.4858986589257848,4.4858986589257848,4.4858986589257848,4.4858986589257848,4.4858986589257848,4.4858986589257848,4.4858986589257848]
[165,4.9274427416744704,4.9274427416744695,4.9274427416744695,4.9274439780299426,4.9274439780299435,4.9274439780299426,4.9274439780299426,4.9274439780299435,4.9274439780299426]
[170,5.3963193614311296,5.3963193614311278,5.3963193614311278,5.3963193614311287,5.3963193614311304,5.3963193614311287,5.3963193614311278,5.3963193614311278,5.3963193614311278]
[175,5.9098459150959073,5.9098459150959073,5.9098459150959064,5.9098459150959064,5.9098459150959073,5.9098459150959082,5.9098459150959073,5.9098459150959064,5.9098459150959064]
[180,6.437305490911287,6.4373054909112888,6.4373054909112888,6.4373054909112879,6.437305490911287,6.4373054909112879,6.4373054909112888,6.437305490911287,6.4373054909112888]
[185,6.9852155833117981,6.9852155833117973,6.9852155833117981,6.9852155833117964,6.9852155833117964,6.9852155833117973,6.9852155833117973,6.9852155833117964,6.985215583311799]
[190,7.5835212370478802,7.5835212370478802,7.5835212370478819,7.5835212370478802,7.5835212370478802,7.5835212370478784,7.5835212370478802,7.5835212370478802,7.5835212370478819]
[]
[]
[]
["Design","Standard"]
["Sum of 1st Law Efficiency (%)","Column Labels"]
[null,40,50,60,70,80,90,100,110,120]
[160,6.2496325505980027E-2,7.6210577740236277E-2,8.5441872641441249E-2,9.2485408620247719E-2,9.7639121462588893E-2,0.10207157606773445,0.10531410200769156,0.10838062246114812,0.11036248670531854]
[165,6.7135797538502559E-2,8.0303445254894898E-2,8.9298646577656821E-2,9.6193489024299556E-2,0.10127802435260479,0.10543990821473134,0.10894543954162221,0.11105732962931972,0.11295773246749664]
[170,7.2063783456116484E-2,8.4419550236468285E-2,9.3395316864425967E-2,9.9830307172963692E-2,0.10489326803051566,0.10867853079647458,0.11149047454603324,0.11358227271733791,0.11528815297724483]
[175,7.592399605159976E-2,8.7946789581977727E-2,9.6725605637794337E-2,0.10316089928358031,0.10793705544562558,0.11130710846462312,0.1138244852881982,0.11578029328460115,0.11655042688649569]
[180,7.9453721220458198E-2,9.1689797410560769E-2,0.10010404409298447,0.10606984198946781,0.11061273004922104,0.11354396629798694,0.11592021596780795,0.11715486845474081,0.11805652002070148]
[185,8.312514748114877E-2,9.5107498247076414E-2,0.10322204468469971,0.1089755097441434,0.11265548301966664,0.11559095776488519,0.11707327174554874,0.11850190673577171,0.11978131026741308]
[190,8.6482821716929018E-2,9.813796596931261E-2,0.10598546938391973,0.11129232166429996,0.11474475115822563,0.11671104583130518,0.11865415363859377,0.11989893595674672,0.12106458440229959]

{"sheet":"Results Comparison","index":6,"n_rows":129,"n_cols":27,"rows_kept":129,"cut":false,"hidden":false,"merged":[]}
[null,null,"kg/s","°C","bar","bar","kW","kW","kW","----","kJ/kg","kW/K","°C","kW","kW/K","°C","kW","---","kW/K","°C","kW","kg/s","kg/s","kW"]
[null,null,"mass flow","temperature","pressure","pressure","electrical power output","electrical power input","electrical power input","isentropic efficiency","isentropic enthalpy difference","heat transfer coefficient x transfer area","mean temperature difference","transferred heat ","heat transfer coefficient x transfer area","mean temperature difference","transferred heat ","vapor quality","heat transfer coefficient x heat transfer area","mean temperature difference","transferred heat","mass flow","mass flow"]
[null,"Design","W_Stream001","W_Stream001","O_Stream001","O_Stream002","generator001","motor001","motor002","O_Turbine001","O_Turbine001","W_O_Htex002","W_O_Htex002","W_O_Htex002","W_O_Htex001","W_O_Htex001","W_O_Htex001","O_Xprescription003","O_Condenser_a001","O_Condenser_a001","O_Condenser_a001","G_Stream001","O_Stream001","Net Power","Actual Plant Efficiency (w-hr/lb)","Actual Plant Efficiency (kW/kg/s)","1st Law Efficiency (%)"]
[null,"Custom",40,160,5.87890625,0.81699999999999995,1747.300813225424,42.677404074845043,280.50633534307985,0.8,73.427558230554411,334.94734367334684,16.870399512971488,5650.6955035779229,413.59882070980507,21.944607894616357,9076.2639461524032,1.1501563178188676,1235.1441378253137,10.480154292729956,12944.501138170202,1320.5798258014363,30.971800581222297,1424.1170738074991,4.4858986589257865,35.602926845187476,9.6701364505595688E-2]
[null,"Custom",50,160,5.87890625,0.81699999999999995,2184.126016531779,53.346755093556297,350.6329191788497,0.8,73.427558230554411,418.68417959168346,16.870399512971488,7063.3693794724031,516.99852588725639,21.944607894616357,11345.329932690503,1.1501563178188676,1543.9301722816419,10.480154292729956,16180.626422712752,1650.7247822517952,38.714750726527868,1780.1463422593731,4.4858986589257839,35.602926845187461,9.6701364505595647E-2]
[null,"Custom",60,160,5.87890625,0.81699999999999995,2620.9512198381358,64.016106112267579,420.75950301461972,0.8,73.427558230554411,502.42101551002054,16.870399512971478,8476.0432553668852,620.39823106470772,21.944607894616357,13614.395919228606,1.1501563178188676,1852.7162067379707,10.480154292729956,19416.751707255306,1980.8697387021546,46.457700871833453,2136.1756107112483,4.4858986589257848,35.602926845187469,9.6701364505595647E-2]
[null,"Custom",70,160,5.87890625,0.81699999999999995,3057.7764231444912,74.685457130978818,490.88608685038974,0.8,73.427558230554411,586.15785142835682,16.870399512971488,9888.7171312613646,723.79793624215893,21.944607894616357,15883.461905766706,1.1501563178188676,2161.5022411942991,10.480154292729956,22652.876991797857,2311.0146951525139,54.200651017139023,2492.2048791631228,4.4858986589257848,35.602926845187469,9.6701364505595647E-2]
[null,"Custom",80,160,5.87890625,0.81699999999999995,3494.6016264508471,85.354808149690086,561.01267068615971,0.8,73.427558230554411,669.89468734669356,16.870399512971488,11301.391007155846,827.19764141961014,21.944607894616357,18152.527892304806,1.1501563178188676,2470.2882756506274,10.480154292729956,25889.002276340405,2641.1596516028726,61.943601162444594,2848.2341476149973,4.4858986589257848,35.602926845187469,9.6701364505595647E-2]
[null,"Custom",90,160,5.87890625,0.81699999999999995,3931.4268297572034,96.024159168401354,631.13925452192973,0.8,73.427558230554411,753.63152326503086,16.870399512971478,12714.064883050329,930.59734659706146,21.944607894616357,20421.593878842908,1.1501563178188676,2779.0743101069561,10.480154292729956,29125.12756088296,2971.3046080532322,69.686551307750179,3204.2634160668727,4.4858986589257848,35.602926845187476,9.6701364505595661E-2]
[null,"Custom",100,160,5.87890625,0.81699999999999995,4368.2520330635589,106.69351018711262,701.26583835769952,0.8,73.427558230554411,837.36835918336749,16.870399512971478,14126.738758944808,1033.9970517745126,21.944607894616357,22690.659865381007,1.1501563178188676,3087.8603445632843,10.480154292729956,32361.252845425508,3301.4495645035909,77.429501453055749,3560.2926845187471,4.4858986589257848,35.602926845187469,9.6701364505595674E-2]
[null,"Custom",110,160,5.87890625,0.81699999999999995,4805.0772363699143,117.36286120582386,771.39242219346943,0.8,73.427558230554411,921.10519510170354,16.870399512971488,15539.412634839287,1137.3967569519639,21.944607894616357,24959.725851919109,1.1501563178188676,3396.6463790196126,10.480154292729956,35597.378129968056,3631.5945209539495,85.17245159836132,3916.3219529706212,4.4858986589257848,35.602926845187469,9.6701364505595647E-2]
[null,"Custom",120,160,5.87890625,0.81699999999999995,5241.9024396762716,128.03221222453513,841.51900602923956,0.8,73.427558230554411,1004.8420310200411,16.870399512971478,16952.08651073377,1240.7964621294152,21.944607894616357,27228.791838457211,1.1501563178188676,3705.4324134759413,10.480154292729956,38833.503414510611,3961.7394774043096,92.915401743666905,4272.3512214224966,4.4858986589257848,35.602926845187469,9.6701364505595647E-2]
[null,"Custom",40,165,6.3125,0.81699999999999995,1909.7226068096884,48.695743356212304,296.73487378382299,0.8,76.335672425501215,372.04759472824469,16.706346766046913,6215.5561310037419,420.00596177310365,22.43829373905546,9424.2171424194003,1.1573249311317595,1295.0867498430637,10.573344274548301,13693.398071496529,1396.9812391273661,32.561215999547969,1564.291989669653,4.9274427416744704,39.107299741741329,0.10002011936630012]
[null,"Custom",50,165,6.3125,0.81699999999999995,2387.1532585121104,60.869679195265377,370.91859222977882,0.8,76.335672425501215,465.05949341030606,16.706346766046906,7769.4451637546781,525.00745221637953,22.43829373905546,11780.271428024249,1.1573249311317595,1618.8584373038302,10.573344274548301,17116.747589370665,1746.2265489092081,40.701519999434964,1955.3649870870663,4.9274427416744695,39.107299741741329,0.10002011936630012]
[null,"Custom",60,165,6.3125,0.81699999999999995,2864.5839102145324,73.043615034318435,445.10231067573454,0.8,76.335672425501215,558.0713920923672,16.706346766046906,9323.3341965056134,630.00894265965553,22.43829373905546,14136.325713629099,1.1573249311317595,1942.6301247645961,10.573344274548301,20540.097107244797,2095.4718586910494,48.841823999321953,2346.4379845044796,4.9274427416744695,39.107299741741329,0.10002011936630012]
[null,"Custom",70,165,6.31640625,0.81699999999999995,3341.8777356881715,85.246017631820465,519.12004925956899,0.8,76.361097017793256,650.84064781185657,16.712841615293328,10877.396663674466,734.88264379941461,22.431309505463481,16484.380033257941,1.1573878936821165,2265.5167187179395,10.5740941874862,23955.787167048169,2443.9357613180805,56.960823534162657,2737.511668796782,4.9274439780299426,39.107309554239741,0.10004875411119377]
[null,"Custom",80,165,6.31640625,0.81699999999999995,3819.2888407864816,97.424020150651955,593.2800562966504,0.8,76.361097017793256,743.81788321355066,16.712841615293328,12431.310472770821,839.86587862790236,22.431309505463481,18839.291466580504,1.1573878936821165,2589.1619642490741,10.5740941874862,27378.042476626484,2793.0694415063781,65.098084039043044,3128.5847643391794,4.9274439780299435,39.107309554239741,0.10004875411119375]
[null,"Custom",90,165,6.31640625,0.81699999999999995,4296.6999458847922,109.60202266948346,667.44006333373159,0.8,76.361097017793256,836.79511861524429,16.712841615293328,13985.224281867171,944.84911345639011,22.431309505463481,21194.202899903066,1.1573878936821165,2912.8072097802083,10.5740941874862,30800.297786204792,3142.2031216946752,73.235344543923418,3519.6578598815768,4.9274439780299426,39.107309554239741,0.10004875411119377]
[null,"Custom",100,165,6.31640625,0.81699999999999995,4774.1110509831014,121.78002518831494,741.60007037081277,0.8,76.361097017793256,929.77235401693804,16.712841615293328,15539.138090963523,1049.8323482848778,22.431309505463481,23549.114333225629,1.1573878936821165,3236.4524553113424,10.5740941874862,34222.5530957831,3491.3368018829724,81.372605048803791,3910.7309554239741,4.9274439780299426,39.107309554239741,0.10004875411119377]
[null,"Custom",110,165,6.31640625,0.81699999999999995,5251.5221560814116,133.95802770714641,815.76007740789396,0.8,76.361097017793256,1022.7495894186319,16.712841615293328,17093.051900059876,1154.8155831133656,22.431309505463481,25904.025766548191,1.1573878936821165,3560.0977008424761,10.5740941874862,37644.808405361407,3840.4704820712695,89.509865553684165,4301.8040509663715,4.9274439780299435,39.107309554239741,0.10004875411119378]
[null,"Custom",120,165,6.31640625,0.81699999999999995,5728.9332611797217,146.13603022597792,889.92008444497537,0.8,76.361097017793256,1115.7268248203254,16.712841615293328,18646.965709156226,1259.7988179418535,22.431309505463481,28258.937199870754,1.1573878936821165,3883.7429463736103,10.5740941874862,41067.063714939715,4189.6041622595667,97.647126058564538,4692.8771465087684,4.9274439780299426,39.107309554239734,0.10004875411119377]
[null,"Custom",40,170,6.78125,0.81699999999999995,2081.9972556326561,55.449633915204728,313.40358467129693,0.8,79.295625173155713,413.69265703605134,16.490699999391133,6822.0814991325278,426.05387355505133,22.908937432702452,9760.4415322331915,1.1646871582453606,1357.4865352746799,10.65396026267519,14462.607603933066,1475.4549152858463,34.173446963021853,1713.1440370461546,5.3963193614311296,42.828600926153868,0.10331021605130626]
[null,"Custom",50,170,6.78125,0.81699999999999995,2602.49656954082,69.312042394005886,391.75448083912113,0.8,79.295625173155713,517.11582129506428,16.490699999391133,8527.6018739156607,532.5673419438142,22.908937432702452,12200.551915291489,1.1646871582453606,1696.8581690933499,10.65396026267519,18078.259504916332,1844.3186441073076,42.716808703777318,2141.4300463076929,5.3963193614311278,42.828600926153861,0.10331021605130625]
[null,"Custom",60,170,6.78125,0.81699999999999995,3122.9958834489839,83.174450872807071,470.10537700694556,0.8,79.295625173155713,620.53898555407704,16.490699999391133,10233.122248698792,639.08081033257702,22.908937432702452,14640.662298349787,1.1646871582453606,2036.2298029120204,10.65396026267519,21693.911405899602,2213.1823729287698,51.260170444532783,2569.7160555692312,5.3963193614311278,42.828600926153854,0.10331021605130625]
[null,"Custom",70,170,6.78125,0.81699999999999995,3643.4951973571483,97.036859351608257,548.45627317476976,0.8,79.295625173155713,723.96214981308981,16.490699999391133,11938.642623481925,745.59427872133983,22.908937432702452,17080.772681408085,1.1646871582453606,2375.6014367306907,10.65396026267519,25309.563306882868,2582.0461017502312,59.803532185288248,2998.0020648307705,5.3963193614311287,42.828600926153861,0.10331021605130625]
[null,"Custom",80,170,6.78125,0.81699999999999995,4163.9945112653131,110.89926783040944,626.80716934259408,0.8,79.295625173155713,827.3853140721028,16.490699999391133,13644.162998265057,852.10774711010265,22.908937432702452,19520.883064466383,1.1646871582453606,2714.9730705493607,10.65396026267519,28925.215207866138,2950.9098305716934,68.34689392604372,3426.2880740923097,5.3963193614311304,42.828600926153868,0.10331021605130628]
[null,"Custom",90,170,6.78125,0.81699999999999995,4684.4938251734766,124.76167630921061,705.15806551041817,0.8,79.295625173155713,930.80847833111557,16.490699999391133,15349.683373048189,958.62121549886547,22.908937432702452,21960.993447524681,1.1646871582453606,3054.3447043680308,10.65396026267519,32540.867108849401,3319.7735593931543,76.890255666799177,3854.5740833538475,5.3963193614311287,42.828600926153861,0.10331021605130625]
[null,"Custom",100,170,6.78125,0.81699999999999995,5204.99313908164,138.62408478801177,783.50896167824226,0.8,79.295625173155713,1034.2316425901283,16.490699999391133,17055.203747831321,1065.1346838876284,22.908937432702452,24401.103830582979,1.1646871582453606,3393.7163381867003,10.65396026267519,36156.519009832664,3688.6372882146152,85.433617407554635,4282.8600926153858,5.3963193614311278,42.828600926153861,0.10331021605130625]
[null,"Custom",110,170,6.78125,0.81699999999999995,5725.4924529898044,152.48649326681297,861.85985784606669,0.8,79.295625173155713,1137.6548068491413,16.490699999391133,18760.724122614454,1171.6481522763911,22.908937432702452,26841.214213641277,1.1646871582453606,3733.0879720053708,10.65396026267519,39772.170910815934,4057.5010170360774,93.976979148310107,4711.1461018769241,5.3963193614311278,42.828600926153854,0.10331021605130625]
[null,"Custom",120,170,6.78125,0.81699999999999995,6245.9917668979679,166.34890174561414,940.21075401389112,0.8,79.295625173155713,1241.0779711081541,16.490699999391133,20466.244497397583,1278.1616206651538,22.908937432702452,29281.324596699575,1.1646871582453606,4072.4596058240413,10.65396026267519,43387.822811799204,4426.3647458575397,102.52034088906557,5139.4321111384625,5.3963193614311278,42.828600926153854,0.10331021605130625]
[null,"Custom",40,175,7.52099609375,0.81699999999999995,2265.7756850262481,64.128443840365122,325.47635299310485,0.8,83.836613589092465,452.0231181776096,16.553552393182887,7482.5883696829596,428.0792038068339,22.988526576663215,9840.9101536302296,1.1751193328087428,1397.5584195297106,10.747120385029637,15019.728579797553,1532.2916147773378,35.17556208789361,1876.1708881927782,5.9098459150959073,46.904272204819456,0.10830207799353643]
[null,"Custom",50,175,7.52099609375,0.81699999999999995,2832.2196062828107,80.160554800456424,406.84544124138108,0.8,83.836613589092465,565.02889772201206,16.553552393182887,9353.2354621037011,535.09900475854238,22.988526576663215,12301.137692037788,1.1751193328087428,1746.9480244121385,10.747120385029637,18774.660724746944,1915.3645184716725,43.96945260986702,2345.2136102409731,5.9098459150959073,46.904272204819463,0.10830207799353643]
[null,"Custom",60,175,7.52099609375,0.81699999999999995,3398.6635275393724,96.192665760547698,488.2145294896572,0.8,83.836613589092465,678.03467726641441,16.553552393182887,11223.88255452444,642.11880571025085,22.988526576663215,14761.365230445344,1.1751193328087428,2096.3376292945654,10.747120385029637,22529.592869696327,2298.4374221660064,52.763343131840415,2814.2563322891674,5.9098459150959064,46.904272204819456,0.10830207799353644]
[null,"Custom",70,175,7.52099609375,0.81699999999999995,3965.107448795934,112.22477672063896,569.58361773793342,0.8,83.836613589092465,791.04045681081675,16.553552393182887,13094.529646945179,749.13860666195922,22.988526576663215,17221.592768852901,1.1751193328087428,2445.7272341769931,10.747120385029637,26284.525014645715,2681.5103258603408,61.55723365381381,3283.2990543373617,5.9098459150959064,46.904272204819449,0.10830207799353643]
[null,"Custom",80,175,7.5209960639476776,0.81699999999999995,4531.5513700524962,128.25688768073024,650.95270598620971,0.8,83.836613589092465,904.04623635521921,16.553552393182887,14965.176739365919,856.1584076136678,22.988526576663215,19681.820307260459,1.1751193328087428,2795.1168390594212,10.747120385029637,30039.457159595106,3064.5832295546757,70.35112417578722,3752.3417763855564,5.9098459150959073,46.904272204819456,0.10830207799353643]
[null,"Custom",90,175,7.5209960639476776,0.81699999999999995,5097.9952913090592,144.28899864082155,732.32179423448588,0.8,83.836613589092465,1017.0520158996216,16.553552393182887,16835.82383178666,963.17820856537628,22.988526576663215,22142.047845668018,1.1751193328087428,3144.5064439418484,10.747120385029637,33794.389304544493,3447.6561332490101,79.145014697760629,4221.384498433752,5.9098459150959082,46.904272204819463,0.10830207799353646]
[null,"Custom",100,175,7.5209960639476776,0.81699999999999995,5664.4392125656213,160.32110960091285,813.69088248276216,0.8,83.836613589092465,1130.0577954440241,16.553552393182887,18706.470924207402,1070.1980095170848,22.988526576663215,24602.275384075576,1.1751193328087428,3493.8960488242765,10.747120385029637,37549.321449493887,3830.7290369433449,87.938905219734039,4690.4272204819463,5.9098459150959073,46.904272204819463,0.10830207799353643]
[null,"Custom",110,175,7.5209960639476776,0.81699999999999995,6230.8831338221826,176.35322056100409,895.05997073103845,0.8,83.836613589092465,1243.0635749884264,16.553552393182887,20577.118016628137,1177.2178104687932,22.988526576663215,27062.502922483131,1.1751193328087428,3843.2856537067037,10.747120385029637,41304.253594443268,4213.8019406376789,96.73279574170742,5159.4699425301396,5.9098459150959064,46.904272204819449,0.10830207799353643]
[null,"Custom",120,175,7.5209960639476776,0.81699999999999995,6797.3270550787447,192.3853315210954,976.4290589793145,0.8,83.836613589092465,1356.0693545328288,16.553552393182887,22447.76510904888,1284.2376114205017,22.988526576663215,29522.730460890689,1.1751193328087428,4192.6752585891309,10.747120385029637,45059.185739392655,4596.8748443320128,105.52668626368083,5628.5126645783348,5.9098459150959064,46.904272204819456,0.10830207799353644]
[null,"Custom",40,180,7.52099609375,0.81699999999999995,2467.998399270627,69.851970692281455,354.52543846065618,0.8,83.836613589092465,527.54794165988267,15.449622900354116,8150.4167605032007,441.80545500904225,24.262310407794562,10719.221089286297,1.1751193328087428,1522.2918866509751,10.747120385029637,16360.254166991919,1669.0501524392801,38.315015692014669,2043.6209901176892,6.437305490911287,51.09052475294223,0.10830207799353642]
[null,"Custom",50,180,7.52099609375,0.81699999999999995,3084.9979990882839,87.314963365351815,443.15679807582023,0.8,83.836613589092465,659.43492707485336,15.449622900354116,10188.020950629001,552.25681876130284,24.262310407794562,13399.026361607872,1.1751193328087428,1902.8648583137187,10.747120385029637,20450.317708739898,2086.3126905490999,47.893769615018336,2554.5262376471119,6.4373054909112888,51.090524752942237,0.10830207799353644]
[null,"Custom",60,180,7.52099609375,0.81699999999999995,3701.9975989059408,104.77795603842219,531.78815769098435,0.8,83.836613589092465,791.32191248982417,15.449622900354116,12225.625140754802,662.70818251356343,24.262310407794562,16078.831633929447,1.1751193328087428,2283.4378299764626,10.747120385029637,24540.381250487881,2503.5752286589204,57.472523538022003,3065.4314851765344,6.4373054909112888,51.090524752942237,0.10830207799353643]
[null,"Custom",70,180,7.5209960639476776,0.81699999999999995,4318.9971987235976,122.24094871149254,620.41951730614835,0.8,83.836613589092465,923.20889790479464,15.449622900354116,14263.2293308806,773.15954626582391,24.262310407794562,18758.63690625102,1.1751193328087428,2664.010801639206,10.747120385029637,28630.444792235856,2920.83776676874,67.051277461025663,3576.3367327059564,6.4373054909112879,51.090524752942237,0.10830207799353644]
[null,"Custom",80,180,7.5209960639476776,0.81699999999999995,4935.9967985412541,139.70394138456291,709.05087692131235,0.8,83.836613589092465,1055.0958833197653,15.449622900354116,16300.833521006401,883.6109100180845,24.262310407794562,21438.442178572594,1.1751193328087428,3044.5837733019503,10.747120385029637,32720.508333983838,3338.1003048785601,76.630031384029337,4087.2419802353784,6.437305490911287,51.09052475294223,0.10830207799353642]
[null,"Custom",90,180,7.5209960639476776,0.81699999999999995,5552.9963983589114,157.16693405763328,797.68223653647669,0.8,83.836613589092465,1186.982868734736,15.449622900354116,18338.437711132203,994.06227377034509,24.262310407794562,24118.24745089417,1.1751193328087428,3425.1567449646946,10.747120385029637,36810.571875731825,3755.3628429883811,86.208785307033011,4598.1472277648008,6.4373054909112879,51.09052475294223,0.10830207799353642]
[null,"Custom",100,180,7.5209960639476776,0.81699999999999995,6169.9959981765678,174.62992673070363,886.31359615164047,0.8,83.836613589092465,1318.8698541497067,15.449622900354116,20376.041901258002,1104.5136375226057,24.262310407794562,26798.052723215744,1.1751193328087428,3805.7297166274375,10.747120385029637,40900.635417479796,4172.6253810981998,95.787539230036671,5109.0524752942238,6.4373054909112888,51.090524752942237,0.10830207799353644]
[null,"Custom",110,180,7.5209960639476776,0.81699999999999995,6786.9955979942242,192.092919403774,974.94495576680447,0.8,83.836613589092465,1450.7568395646772,15.449622900354116,22413.646091383802,1214.9650012748662,24.262310407794562,29477.857995537317,1.1751193328087428,4186.3026882901813,10.747120385029637,44990.698959227775,4589.8879192080203,105.36629315304033,5619.9577228236449,6.437305490911287,51.090524752942223,0.10830207799353642]
[null,"Custom",120,180,7.5209960639476776,0.81699999999999995,7403.9951978118816,209.55591207684438,1063.5763153819687,0.8,83.836613589092465,1582.6438249796483,15.449622900354116,24451.250281509605,1325.4163650271269,24.262310407794562,32157.663267858894,1.1751193328087428,4566.8756599529252,10.747120385029637,49080.762500975761,5007.1504573178408,114.94504707604401,6130.8629703530687,6.4373054909112888,51.090524752942237,0.10830207799353643]
[null,"Custom",40,185,8.46875,0.81699999999999995,2664.9286359138182,81.356188211848433,366.00902668552681,0.8,88.673570169766919,576.0626525833876,15.510018299667685,8934.7422833234505,441.81427757713584,24.127636161728272,10659.934140437954,1.1883870639680545,1558.5050220403332,10.837428216131809,16890.186300843037,1723.1130844547981,39.115532853373644,2217.563421016443,6.9852155833117981,55.439085525411073,0.11317172955851028]
[null,"Custom",50,185,8.46875,0.81699999999999995,3331.1607948922724,101.69523526481052,457.51128335690851,0.8,88.673570169766919,720.07831572923442,15.510018299667685,11168.427854154312,552.26784697141977,24.127636161728272,13324.917675547442,1.1883870639680545,1948.1312775504166,10.837428216131809,21112.732876053797,2153.8913555684976,48.894416066717049,2771.9542762705532,6.9852155833117973,55.439085525411066,0.11317172955851026]
[null,"Custom",60,185,8.46875,0.81699999999999995,3997.3929538707275,122.03428231777264,549.01354002829021,0.8,88.673570169766919,864.09397887508135,15.510018299667685,13402.113424985175,662.72141636570382,24.127636161728272,15989.901210656932,1.1883870639680545,2337.7575330605,10.837428216131809,25335.279451264556,2584.6696266821973,58.673299280060462,3326.3451315246648,6.9852155833117981,55.43908552541108,0.11317172955851029]
[null,"Custom",70,185,8.46875,0.81699999999999995,4663.6251128491813,142.37332937073472,640.5157966996718,0.8,88.673570169766919,1008.1096420209283,15.510018299667685,15635.798995816036,773.17498575998763,24.127636161728272,18654.88474576642,1.1883870639680545,2727.383788570583,10.837428216131809,29557.826026475312,3015.4478977958966,68.452182493403868,3880.735986778775,6.9852155833117964,55.439085525411073,0.11317172955851028]
[null,"Custom",80,185,8.46875,0.81699999999999995,5329.8572718276355,162.71237642369687,732.0180533710535,0.8,88.673570169766919,1152.125305166775,15.510018299667685,17869.484566646897,883.62855515427157,24.127636161728272,21319.868280875908,1.1883870639680545,3117.0100440806664,10.837428216131809,33780.372601686067,3446.2261689095958,78.231065706747273,4435.1268420328852,6.9852155833117964,55.439085525411066,0.11317172955851026]
[null,"Custom",90,185,8.46875,0.81699999999999995,5996.0894308060906,183.05142347665895,823.52031004243509,0.8,88.673570169766919,1296.1409683126221,15.510018299667685,20103.170137477762,994.0821245485555,24.127636161728272,23984.851815985396,1.1883870639680545,3506.6362995907498,10.837428216131809,38002.91917689683,3877.0044400232955,88.009948920090693,4989.5176972869967,6.9852155833117973,55.439085525411073,0.11317172955851028]
[null,"Custom",100,185,8.46875,0.81699999999999995,6662.3215897845448,203.39047052962104,915.02256671381679,0.8,88.673570169766919,1440.1566314584688,15.510018299667685,22336.855708308623,1104.5356939428395,24.127636161728272,26649.835351094884,1.1883870639680545,3896.2625551008337,10.837428216131809,42225.465752107593,4307.7827111369952,97.788832133434099,5543.9085525411074,6.9852155833117973,55.439085525411073,0.11317172955851028]
[null,"Custom",110,185,8.46875,0.81699999999999995,7328.553748762999,223.72951758258316,1006.5248233851987,0.8,88.673570169766919,1584.1722946043158,15.510018299667685,24570.541279139485,1214.9892633371232,24.127636161728272,29314.818886204372,1.1883870639680545,4285.8888106109171,10.837428216131809,46448.012327318349,4738.5609822506949,107.5677153467775,6098.2994077952171,6.9852155833117964,55.439085525411066,0.11317172955851028]
[null,"Custom",120,185,8.46875,0.81699999999999995,7994.785907741456,244.06856463554527,1098.0270800565804,0.8,88.673570169766919,1728.1879577501627,15.510018299667685,26804.22684997035,1325.4428327314074,24.127636161728272,31979.802421313863,1.1883870639680545,4675.5150661210009,10.837428216131809,50670.558902529112,5169.3392533643946,117.34659856012092,6652.6902630493305,6.985215583311799,55.439085525411087,0.11317172955851031]
[null,"Custom",40,190,9.15625,0.81699999999999995,2884.4004905595584,92.440806044962358,384.45499160924459,0.8,92.030572831930343,648.03512559576461,15.05523749838399,9756.3227231393339,446.18290341598788,24.448534743746315,10908.518216231387,1.1969805035291121,1630.2862455923894,10.882389927927974,17741.410618674126,1809.9537938309672,40.792591572998489,2407.5046929053515,7.5835212370478802,60.187617322633784,0.11650245457822839]
[null,"Custom",50,190,9.15625,0.81699999999999995,3605.5006131994478,115.55100755620295,480.56873951155558,0.8,92.030572831930343,810.04390699470503,15.055237498384002,12195.403403924167,557.72862926998482,24.448534743746315,13635.647770289233,1.1969805035291121,2037.8578069904863,10.882389927927974,22176.763273342654,2262.4422422887087,50.990739466248108,3009.3808661316893,7.5835212370478802,60.187617322633784,0.11650245457822837]
[null,"Custom",60,190,9.15625,0.81699999999999995,4326.6007358393381,138.66120906744351,576.68248741386662,0.8,92.030572831930343,972.05268839364601,15.055237498384002,14634.484084709,669.27435512398188,24.448534743746315,16362.77732434708,1.1969805035291121,2445.429368388583,10.882389927927974,26612.115928011182,2714.9306907464497,61.188887359497727,3611.2570393580281,7.5835212370478819,60.187617322633805,0.1165024545782284]
[null,"Custom",70,190,9.15625,0.81699999999999995,5047.7008584792275,161.77141057868414,672.7962353161779,0.8,92.030572831930343,1134.0614697925871,15.055237498384002,17073.564765493833,780.82008097797882,24.448534743746315,19089.906878404927,1.1969805035291121,2853.0009297866809,10.882389927927974,31047.468582679718,3167.4191392041921,71.387035252747353,4213.1332125843655,7.5835212370478802,60.187617322633791,0.11650245457822839]
[null,"Custom",80,190,9.15625,0.81699999999999995,5768.8009811191159,184.88161208992469,768.90998321848883,0.8,92.030572831930343,1296.0702511915279,15.055237498384002,19512.645446278664,892.36580683197587,24.448534743746315,21817.036432462774,1.1969805035291121,3260.5724911847778,10.882389927927974,35482.821237348246,3619.9075876619336,81.585183145996965,4815.009385810703,7.5835212370478802,60.187617322633784,0.11650245457822839]
[null,"Custom",90,190,9.15625,0.81699999999999995,6489.9011037590062,207.99181360116529,865.02373112079999,0.8,92.030572831930343,1458.0790325904691,15.055237498384002,21951.726127063499,1003.9115326859728,24.448534743746315,24544.16598652062,1.1969805035291121,3668.1440525828748,10.882389927927974,39918.173892016777,4072.396036119675,91.78333103924659,5416.8855590370404,7.5835212370478784,60.187617322633784,0.11650245457822836]
[null,"Custom",100,190,9.15625,0.81699999999999995,7211.0012263988956,231.10201511240589,961.13747902311115,0.8,92.030572831930343,1620.0878139894101,15.055237498384002,24390.806807848334,1115.4572585399699,24.448534743746315,27271.295540578467,1.1969805035291121,4075.7156139809722,10.882389927927974,44353.526546685309,4524.8844845774174,101.98147893249622,6018.7617322633787,7.5835212370478802,60.187617322633784,0.11650245457822837]
[null,"Custom",110,190,9.15625,0.81699999999999995,7932.1013490387859,254.2122166236465,1057.2512269254221,0.8,92.030572831930343,1782.096595388351,15.055237498384002,26829.887488633165,1227.0029843939667,24.448534743746315,29998.425094636314,1.1969805035291121,4483.2871753790687,10.882389927927974,48788.879201353833,4977.372933035158,112.17962682574583,6620.637905489717,7.5835212370478802,60.187617322633791,0.11650245457822839]
[null,"Custom",120,190,9.15625,0.81699999999999995,8653.2014716786762,277.32241813488702,1153.3649748277335,0.8,92.030572831930343,1944.105376787292,15.055237498384002,29268.968169418,1338.5487102479638,24.448534743746315,32725.55464869416,1.1969805035291121,4890.8587367771661,10.882389927927974,53224.231856022365,5429.8613814929004,122.37777471899545,7222.5140787160562,7.5835212370478819,60.187617322633805,0.1165024545782284]
[null,"Standard",40,160,3.9686731518807621,0.81699999999999995,1406.0250486986929,29.413593502026274,314.74063104131642,0.68049102781272697,56.813335398961449,395.86665327913857,13.230599673214824,5237.5532135116173,452.45251685526489,25.977043920365738,11753.378902229235,1.1319015283071632,1486.56888230394,10.46191455275833,15552.356623453275,1481.7495198631341,37.867637965083048,1061.8708241553502,3.3448408095378186,26.546770603883754,6.2496325505980027E-2]
[null,"Standard",50,160,4.6356222106813716,0.81699999999999995,1956.0248779623616,40.358085391991168,372.99560798777975,0.7298298981310245,63.234102541753352,469.76763311915443,14.529197365171736,6825.3466573577816,548.51523382095365,24.460345403276758,13416.872078219643,1.1388582537323138,1726.7014180272618,10.563740297441504,18240.425351263973,1756.0048132914831,44.131553231710285,1542.6711845825907,3.8874706162074566,30.853423691651816,7.6210577740236277E-2]
[null,"Standard",60,160,5.2378014398509505,0.81699999999999995,2479.1509848986429,53.394738251791608,439.89047774109474,0.75761214735331583,68.531132737115996,534.98786046147052,15.696198341481788,8397.2755680882237,639.90678269727459,23.198732038853436,14845.025981638888,1.1466331240803587,1968.2778876356663,10.520404961817194,20707.080455317329,2070.9353667771866,49.718267410221344,1985.8657689057563,4.1702529253083602,33.09776281509594,8.5441872641441249E-2]
[null,"Standard",70,160,5.7864234846950895,0.81699999999999995,2954.3174585195438,66.855465537004335,487.39914633792762,0.77473420569509432,72.538632900791697,591.30822774905562,16.686889323499685,9867.0949525232372,727.08941520693429,22.120558582199429,16083.624003582116,1.153425259468069,2160.1506793607664,10.616099176740075,22932.373848796349,2294.5987261909031,54.737242103564917,2400.0628466446119,4.3200455930075918,34.286612094923029,9.2485408620247719E-2]
[null,"Standard",80,160,6.2865782272000024,0.81699999999999995,3420.5745311403589,80.188395011866703,557.14269280373867,0.78513371473884286,76.510015645364291,642.73845032127906,17.631118363590389,11332.197694445133,810.55399548945172,21.187009135077069,17173.214906908233,1.1603205644139665,2386.9786492850053,10.478983457203103,25013.109778554579,2622.940402787789,59.290483046602738,2783.2434433247536,4.3835398997407742,34.790543041559417,9.7639121462588893E-2]
[null,"Standard",90,160,6.7468438176441419,0.81699999999999995,3816.1323126376196,93.754844463601813,582.29454128522605,0.79212816288998056,79.084370054979871,686.61635078722622,18.394294530370349,12629.823385748325,890.52419409434196,20.362968113264269,18133.715768433445,1.1658770731467041,2519.3824607025399,10.665746587745842,26871.094883464837,2741.351360050634,63.428604843412721,3140.0829268887919,4.3960473786316854,34.889810298764353,0.10207157606773445]
[null,"Standard",100,160,7.1694837998136878,0.81699999999999995,4222.7260042456492,106.80242003817283,645.83279405281087,0.79644726615117323,82.118588954060669,728.07021782039146,19.169726946686811,13956.907273631694,967.4180410412622,19.632679655429758,18993.008492646499,1.1716807799296987,2720.2118608113633,10.530573377278197,28645.390602016523,3040.4794872956745,67.226770262514805,3470.0907901546661,4.3722460486446471,34.700907901546664,0.10531410200769156]
[null,"Standard",110,160,7.5608413613871779,0.81699999999999995,4568.2336235544126,119.88494745286033,667.16694086677944,0.8,84.085488394970753,763.87555522245452,19.80358200626922,15127.47220043231,1041.3531965301702,18.975804513261942,19760.514686616953,1.1763056445540641,2833.936516308413,10.668910785236154,30235.015863517401,3140.917303963005,70.710696749023043,3781.1817352347725,4.331104101995054,34.374379411225206,0.10838062246114812]
[null,"Standard",120,160,7.9234047213182919,0.81699999999999995,4875.0208396290827,132.60388824448418,692.06917788596286,0.79918677137224825,85.91611439689251,796.67351932191264,20.394611125218702,16247.846620329816,1112.6069472937763,18.382553470078705,20452.556699808883,1.1814099438572103,2948.8860132312088,10.763043732390061,31738.989122240881,3258.153129616062,73.926715449435463,4050.3477734986354,4.2527986824245634,33.75289811248863,0.11036248670531854]
[null,"Standard",40,165,4.1788737374950919,0.81699999999999995,1574.290855988711,32.196211950265436,332.83284738142004,0.69855536938414475,58.879937990769491,443.00331885975913,12.921146711257283,5724.1108765608387,459.96138533249541,26.715427529695905,12288.065056308815,1.1341108403394791,1561.9683475194142,10.50008584984047,16400.801743687305,1566.9248363976217,39.853332486787437,1209.2617966570256,3.8091151153821472,30.231544916425641,6.7135797538502559E-2]
[null,"Standard",50,165,4.8951297168406089,0.81699999999999995,2173.7275975723296,45.77959027520123,399.38595798099169,0.74218425692978629,65.51796545096208,525.90063670257393,14.232825072145129,7485.0517675174806,558.05372973592125,25.159453160948136,14040.326674583321,1.1423083153124769,1825.6944954603971,10.572191580330085,19301.591973161394,1880.2464413967807,46.545835164631626,1728.5620493161366,4.3559082727185459,34.571240986322735,8.0303445254894898E-2]
[null,"Standard",60,165,5.5443123079059884,0.81699999999999995,2755.2699340726649,60.64757361649653,480.6249814275767,0.76723438198742455,71.171085398322589,599.35945349779286,15.427284420876306,9246.4887594514366,651.49325398613075,23.863164668277243,15546.690800142809,1.1508965475990496,2103.4377029888242,10.448002991827833,21976.723413950698,2262.7070204070747,52.538825029988772,2213.9973790285917,4.649321817761388,36.899956317143193,8.9298646577656821E-2]
[null,"Standard",70,165,6.1371529215046099,0.81699999999999995,3302.8199079786846,75.967878396367581,553.89648399083978,0.78283884531516246,75.813000000000002,663.5599938723044,16.474743679402231,10931.980814951929,740.74457494313037,22.754537969446115,16855.300556204682,1.15837697381588,2353.5810118469367,10.373103945871842,24413.940480918503,2607.6577609058868,57.945096723058256,2672.9555455914769,4.8112447726863721,38.185079222735382,9.6193489024299556E-2]
[null,"Standard",80,165,6.6812802798136861,0.81699999999999995,3783.0791749278383,91.600924531826507,602.33972607400551,0.79120968455433938,79.209749083386455,719.43274124337086,17.37372620145074,12499.227466721482,826.19434744361445,21.789474072363259,18002.340312355718,1.1654797464360969,2546.3886598441763,10.462533932088149,26641.677757904163,2835.7209456934952,62.852570984019394,3089.1385243220066,4.8653171211699222,38.614231554025082,0.10127802435260479]
[null,"Standard",90,165,7.18184322976711,0.81699999999999995,4230.4963819588293,107.22578658402578,643.39664980960993,0.79657105310687781,82.12393451219701,769.2831468200427,18.180814368504823,13986.194089154438,908.198428361222,20.939467510312305,19017.191483586506,1.1717847114313742,2717.8384828921958,10.556600680243143,28691.135577290745,3029.0105023389583,67.335626964024527,3479.8739455651939,4.871747368636405,38.665266061835489,0.10543990821473134]
[null,"Standard",100,165,7.6442472109839859,0.81699999999999995,4628.4327724223831,122.83196314052144,662.31977126548236,0.8,84.315923909860601,813.31319882156322,18.882180622887539,15357.126723127201,987.01320095282233,20.182091229940763,19919.990466785715,1.1773105710286929,2839.4621072648838,10.764014790387478,30564.012119344003,3118.0975898204279,71.446707258126935,3843.2810380163796,4.8424584105907647,38.432810380163794,0.10894543954162221]
[null,"Standard",110,165,8.0714878514310531,0.81699999999999995,5015.8379698317112,137.8730227174467,715.90926456518582,0.79888767130604732,86.885283457664514,854.86446934494325,19.588289033604816,16745.332310087953,1062.9486444707259,19.503584565732513,20731.308776465547,1.1836065968086436,3022.9405560190999,10.709161262113513,32373.157900191633,3370.3885180804036,75.241839746766388,4162.0556825490785,4.7673710764660955,37.836869841355259,0.11105732962931972]
[null,"Standard",120,165,8.468673029281117,0.81699999999999995,5358.4753280987716,152.74777816085154,746.29443756022704,0.79762607068069946,88.828893097928145,891.8086491768147,20.20409363260908,18018.185450338988,1136.1365422263996,18.889095272900704,21460.591389138433,1.1890698804935711,3156.1073711927829,10.782708422622658,34031.385534061876,3513.437146239411,78.747267538552904,4459.4331123776929,4.6823315737894164,37.161942603147438,0.11295773246749664]
[null,"Standard",40,170,4.3942248151751091,0.81699999999999995,1770.9930619290226,35.53929630557208,359.74629740196519,0.71707216049168665,61.390945659632884,497.77140658424935,12.577235053918692,6260.5879837298335,467.27687704938461,27.455988559400669,12829.548590340379,1.1359795814719593,1657.9876690001774,10.420366534556591,17276.839220756938,1693.6291373766976,41.888761816797881,1375.7074682214852,4.3334107850202868,34.39268670553713,7.2063783456116484E-2]
[null,"Standard",50,170,5.1627770869707952,0.81699999999999995,2412.6167673397408,51.681853879874453,430.67369114610256,0.75487305048726117,67.879789118762446,590.29975594193331,13.881742159426382,8194.3890087582404,567.33298257877073,25.859078616208237,14670.708198072331,1.1456127245607191,1936.5673227476136,10.532901663184814,20397.673174637705,2027.5441812584097,49.025472152303635,1930.2612223137639,4.8641822433338575,38.60522444627528,8.4419550236468285E-2]
[null,"Standard",60,170,5.8627770869707927,0.81699999999999995,3029.5551116492397,68.801872966620749,500.1095602842442,0.777120656284634,73.221775132897235,671.12227096991023,15.039393019662267,10093.271597364757,662.72494526223386,24.524911801493108,16253.270831205633,1.1544243843325326,2199.2101942591685,10.572677347972691,23251.539804274533,2354.4373612597383,55.436780376167846,2460.6436783983745,5.1672709498570981,41.010727973306238,9.3395316864425967E-2]
[null,"Standard",70,170,6.5037370869707942,0.81699999999999995,3597.10620420859,86.523364103082741,560.76694147090825,0.78846348224374863,77.565035859089164,741.98570137206366,16.063446453323433,11918.847583121775,753.93835174534638,23.383148912093347,17629.452749399647,1.1628435808334221,2433.2434990844972,10.635048502804947,25877.662631898453,2640.0027970032279,61.242586994416314,2949.8158986345989,5.3095856180998959,42.140227123351416,9.9830307172963692E-2]
[null,"Standard",80,170,7.0931280488755295,0.81699999999999995,4126.7849517080876,104.53359717521722,613.13384394888635,0.79565841995088116,81.169985522198402,804.72687123793548,16.979249815433242,13663.658579940886,841.3604773903221,22.388933950966585,18837.164157245639,1.1703533650674915,2642.5156969678787,10.707309515063836,28294.233465849713,2886.5379594534738,66.53306877455546,3409.1175105839839,5.3692761466450509,42.613968882299801,0.10489326803051566]
[null,"Standard",90,170,7.636000000000001,0.81699999999999995,4653.8214107794292,122.31833515691166,693.54814838528978,0.8,84.850787120921211,862.50435584620323,17.863250819266803,15407.131641190876,925.35548176495638,21.513479677034862,19907.616350983193,1.1776041894239266,2898.7288319804043,10.547645278612988,30574.763478617449,3265.1158907315212,71.38577840808955,3837.9549272372278,5.3730529065690833,42.643943635969201,0.10867853079647458]
[null,"Standard",100,170,8.1397370869707935,0.81699999999999995,5060.5055910103174,140.48169458294461,707.26473996690447,0.79875135220617022,86.981081760845925,911.57439434435628,18.57087931116034,16928.738060513122,1006.0953101681035,20.73072312924802,20857.083316729866,1.1843729786236707,3018.4128206663718,10.812995295369198,32638.083629347548,3329.6914522755533,75.841226308982669,4212.7591564604681,5.3079935625848194,42.127591564604678,0.11149047454603324]
[null,"Standard",110,170,8.6066925742262548,0.81699999999999995,5469.156531601091,158.13981495300561,749.77983955858815,0.79693661854151532,89.36601681270443,957.46420267234134,19.26930647223314,18449.671157485693,1083.901572548016,20.027951911955054,21708.328572284125,1.1909110494963386,3188.4626342525926,10.851632323356558,34600.02418367003,3529.84587211797,79.959858724646452,4561.2368770894973,5.2246078426872646,41.465789791722706,0.11358227271733791]
[null,"Standard",120,170,9.0411799412122136,0.81699999999999995,5850.0337405767577,175.46296400177039,789.50242748417895,0.79476701043276954,91.484656992407821,999.24625870494845,19.913831169118264,19898.821292223416,1158.9502519148871,19.391567134221351,22473.861615230278,1.1969007713424147,3348.010198415056,10.88201552237436,36433.0989482203,3716.8535850774661,83.775711226105813,4885.0683490908086,5.1292415862408731,40.708902909090071,0.11528815297724483]
[null,"Standard",40,175,4.6177482001863162,0.81699999999999995,1941.6472318318586,39.995078488833911,371.42013663525091,0.72897785234765422,63.080670619785273,559.23056805301371,12.126057591113293,6781.2620749218468,474.36467850053322,28.19249865075578,13373.525558592482,1.1386159358919896,1720.4079914603346,10.560082868571961,18167.650957574577,1748.5877412965388,43.965046918082834,1530.2320167077737,4.8201555039586497,38.255800417694346,7.592399605159976E-2]
[null,"Standard",50,175,5.4388147497671087,0.81699999999999995,2663.1493301335968,58.075632934611122,470.58800874815796,0.76393998142580255,70.381829701138244,665.09463814439266,13.474926483841108,8962.1013537925937,576.37418828628734,26.559296813227043,15308.093142178317,1.14957457554245,2064.7638131853191,10.435786469265157,21547.434263867686,2215.4545274594584,51.573140138694313,2134.4856884508276,5.3788198531841411,42.689713769016549,8.7946789581977727E-2]
[null,"Standard",60,175,6.1914100654080029,0.81699999999999995,3333.8615273676787,77.548858191111577,545.7007376174696,0.78366287706445403,75.813000000000002,755.5265265231269,14.631186821029203,11054.249757803145,673.69511473117734,25.188659546336922,16969.476882994019,1.1590280172694094,2347.5393136383982,10.487334797905545,24619.430733371271,2569.0734725873344,58.428192203011655,2710.6119315590972,5.6921960758650458,45.176865525984951,9.6725605637794337E-2]
[null,"Standard",70,175,6.8832227212289823,0.81699999999999995,3943.2634087717947,97.896950423042682,599.79123109504894,0.79352375578849388,80.026851850183832,834.16279735057776,15.641456065742696,13047.52074643609,766.82324124398747,24.013059028949478,18413.771756762239,1.1677534297308365,2578.3976237705483,10.642290072144565,27440.055433494443,2823.7230310964865,64.655871793454082,3245.5752272537029,5.8419440877866853,46.365360389338612,0.10316089928358031]
[null,"Standard",80,175,7.5200000000000014,0.81699999999999995,4559.1050020021266,118.30613754609412,690.35675033834968,0.8,84.339212304495376,906.36059628970577,16.618634422153644,15062.475404383806,856.19323338588447,22.990244131600456,19684.091459365849,1.1760705859038665,2870.8366675161424,10.485353117106932,30101.736200445259,3250.0912893379855,70.357097645384144,3750.4421141176831,5.9068539937937201,46.880526426471036,0.10793705544562558]
[null,"Standard",90,175,8.1107037336407615,0.81699999999999995,5041.7276021940825,139.36643907626052,711.13241114846619,0.79880945104247081,86.944876264913518,967.6667591262493,17.414182090504092,16851.125146352468,942.01822817404116,22.083980029880838,20803.511738779256,1.1840504333321618,3020.7702473258041,10.767282762409023,32525.487413229173,3347.8998415048277,75.58576935694596,4191.2287519693555,5.8676285299879174,46.569208355215061,0.11130710846462312]
[null,"Standard",100,175,8.6583021302370522,0.81699999999999995,5507.7107334686998,160.1998489758036,748.40151463618145,0.79667941584112734,89.518608115395566,1023.9155696995398,18.170586107825525,18605.146026368715,1024.6385106748817,21.275919714870973,21800.126689883746,1.1915645450548227,3195.1463899522096,10.894315825498362,34808.933880840319,3523.3569345911101,80.412220404021312,4599.1093698567147,5.7947872219056071,45.991093698567148,0.1138244852881982]
[null,"Standard",110,175,9.1675232577377326,0.81699999999999995,5949.5249206515909,180.74441459934482,791.01649448827493,0.79398151160066577,91.919605129487408,1075.3259165760994,18.879658391651116,20301.785964645882,1104.2701357735111,20.548778896285686,22691.402861781255,1.1985420688036905,3374.4112805459617,10.951414450550542,36954.576459871809,3723.9815750320431,84.881216834086942,4977.7640115639715,5.7017132840639482,45.252400105127016,0.11578029328460115]
[null,"Standard",120,175,9.6417702370225697,0.81699999999999995,6381.9101215459114,200.5794997111681,876.0233823027221,0.7902020444726251,94.448708815045194,1124.0617527945158,19.594974212786308,22025.961059587913,1181.1387614439509,19.890511274865823,23493.453851681959,1.2061544850271162,3632.9126767089674,10.748327034479974,39047.733536976004,4124.1806684486846,89.035737020411801,5305.3072395320214,5.5704855236789168,44.210893662766843,0.11655042688649569]
[null,"Standard",40,180,4.8456866974407076,0.81699999999999995,2141.291362238173,44.66684338222997,403.4918565286838,0.73989113551510366,65.369685312457619,633.44053717306497,11.656720362215163,7383.8392079177775,481.30649454487457,28.93339689497002,13925.831834793578,1.1419803957375099,1825.4300290479005,10.473530142711345,19118.696432643632,1899.5763676967977,46.097714651730712,1693.1326623272589,5.3332845164273053,42.32831655818147,7.9453721220458198E-2]
[null,"Standard",50,180,5.7253198770598317,0.81699999999999995,2903.8178080166358,65.261622668791603,485.88356630480132,0.77284504985757574,72.20344599598171,750.08074283310327,12.945184507774169,9709.9336117028288,585.15586146978387,27.256176061679579,15949.111183744213,1.1528069889993617,2146.2784495103692,10.572674730428426,22691.903927601383,2287.4636131329889,54.183475427209643,2352.6726190430431,5.928642323451669,47.053452380860861,9.1689797410560769E-2]
[null,"Standard",60,180,6.5329918221017564,0.81699999999999995,3623.1805026984189,87.376975872329993,563.34516704479165,0.7889103941307809,77.750393117320669,851.58197617427209,14.095509718288563,12003.48202108383,684.35832998015803,25.849333999890455,17690.20704726435,1.1632144542030398,2443.5417032029122,10.638917987845828,25996.639780256894,2652.1406785775307,61.50459281245476,2972.4583597812971,6.2420649795809631,49.54097266302162,0.10010404409298447]
[null,"Standard",70,180,7.2777532712717168,0.81699999999999995,4286.0866208898842,110.50637759416807,629.76598090918378,0.79753361533939371,82.070952121926396,940.56259611068481,15.123250417732176,14224.363674534174,779.37473374838567,24.64114819661328,19204.688314989988,1.1730339232386171,2708.3990584465632,10.730233838273652,29061.755224491812,2964.839451299893,68.182092159271065,3545.8142623865324,6.3823659031519604,50.654489462664749,0.10606984198946781]
[null,"Standard",80,180,7.9667597633517131,0.81699999999999995,4908.2308094207592,134.18858736606808,691.55828934174747,0.79910010048541757,86.067111095784071,1019.7166117264587,16.057957177064779,16374.565683845067,870.57546880844268,23.585936252661003,20533.337510446396,1.1819635119658376,2955.7050635386263,10.797179945360391,31913.279436439414,3255.7479464892754,74.307801921899227,4082.4839327129439,6.4298116832066547,51.031049158911799,0.11061273004922104]
[null,"Standard",90,180,8.6058391983918643,0.81699999999999995,5475.0142624597365,158.0594139279757,755.95504242727361,0.79693966237491731,89.467380402803926,1091.0240490059514,16.921785044084011,18462.07443520489,958.27160838428301,22.652643904919703,21707.385508923828,1.190968640744275,3200.5927341282995,10.812158408028488,34605.315640980181,3558.9177585644675,79.954505306554822,4560.9998061044871,6.3852999135380335,50.677775623383191,0.11354396629798694]
[null,"Standard",100,180,9.201174720105092,0.81699999999999995,5970.2871003250257,182.2013684700363,786.61585926802491,0.79371542719681587,91.954438961418262,1153.8169280335881,17.678085315911417,20397.274092720592,1042.6836699764217,21.817279339636062,22748.52089075249,1.1989406919763133,3371.6202723825854,10.999703611484712,37086.823686681797,3703.2640747108276,85.173705957450096,5001.4698725869648,6.301753530448388,50.01469872586965,0.11592021596780795]
[null,"Standard",110,180,9.7560000000000002,0.81699999999999995,6426.3779298860918,206.0120394416594,833.96914827137766,0.78930727423087321,94.174295071807634,1211.7506338808412,18.401814704474901,22298.410632705243,1124.0717611407654,21.064767872973967,23678.310720995261,1.207215382470707,3570.5269553225653,11.052551850689175,39463.434307986005,3926.1959313717089,90.019299227872466,5386.3967421730549,6.1697761860023421,48.967243110664135,0.11715486845474081]
[null,"Standard",120,180,10.273785600000002,0.81699999999999995,6928.3161520484236,228.97076668848695,940.73034032693192,0.78519960482265017,97.186227747360547,1267.2777692767322,19.147315601632805,24264.967403274793,1202.6553217139342,20.382806699736449,24513.490948904469,1.2148905834354184,3883.0160679368691,10.755139981633052,41762.381361591382,4428.8108767156009,94.534590642527235,5758.6150450330051,6.0464512791582594,47.988458708608377,0.11805652002070148]
[null,"Standard",40,185,5.0812802798136882,0.81699999999999995,2345.0552202781887,49.812718522546646,427.02081302385682,0.75104875544735794,67.341431929406113,720.49022372337356,11.093459846379622,7992.7293665843154,488.06635393583616,29.672355049384141,14482.078141642516,1.1448200716825547,1914.6542520193038,10.485504183938417,20076.115170343892,2010.347004059367,48.278130540214093,1868.2216887317852,5.8848063282126013,46.705542218294632,8.312514748114877E-2]
[null,"Standard",50,185,6.0200000000000031,0.81699999999999995,3179.7156135340765,72.907041587537208,524.18893412549915,0.78100711193835826,74.539853570443981,852.78701874974479,12.378427260819464,10556.1620805648,593.75429144081136,27.95530204408599,16598.580557200141,1.1565557240929554,2274.8966807492729,10.509020702586479,23906.936314239378,2467.7992761476853,56.871227766461985,2582.6196378210402,6.5080997526936875,51.652392756420802,9.5107498247076414E-2]
[null,"Standard",60,185,6.8862759957450965,0.81699999999999995,3940.3168218095402,98.027105864464232,594.70979573024988,0.79355082873966509,79.934890287176799,966.01202650170819,13.502011480866656,13043.105472481329,694.78395841988618,26.510358113592858,18418.971549290793,1.1677075939813277,2568.8806383934984,10.68326029871101,27444.020536276657,2799.8004304869132,64.679679408302135,3247.579920214826,6.8198112251620628,54.12633200358043,0.10322204468469971]
[null,"Standard",70,185,7.6865782272000009,0.81699999999999995,4697.9150120925788,124.06834500109596,697.68302097530091,0.8,85.119127074254735,1068.332986674664,14.568819915382308,15564.350892525707,791.65548445383092,25.269546644896437,20004.775191094166,1.1783009176057562,2916.1008005403346,10.556816999619414,30784.742503747984,3284.5822222778284,71.834960347539891,3876.1636461161825,6.9769854987718123,55.373766373088323,0.1089755097441434]
[null,"Standard",80,185,8.4305024418611225,0.81699999999999995,5347.3017177496613,151.12604991892229,764.64414408763605,0.79781390602112368,88.996151255600992,1157.323405373777,15.504658874086608,17943.904607316665,884.66535681181165,24.182161059817144,21393.120142463831,1.188766009428329,3184.6552069949339,10.644752355825519,33899.866017151326,3599.8246861851148,78.416907437698242,4431.5315237431032,6.9795530455221808,55.394144046788789,0.11265548301966664]
[null,"Standard",90,185,9.1235183869920728,0.81699999999999995,5922.4543615269968,178.84453829373524,797.05352766839087,0.7943300487625975,91.875914066248114,1235.5402301175566,16.330732451151093,20177.276930683471,974.10938210616541,23.217464256886803,22616.349761347985,1.1980207824919415,3378.4206131503279,10.887205328972158,36781.558902999634,3752.4029802584319,84.498092804726667,4946.5562955648711,6.9250705610878089,54.961736617387459,0.11559095776488519]
[null,"Standard",100,185,9.7694837596402344,0.81699999999999995,6460.8406123868881,206.43125889693496,857.11190524574386,0.78919432612040841,94.562450653059543,1307.8140365534714,17.12759776879734,22399.71277447508,1060.2768543616066,22.354692601137199,23702.163151354431,1.2076340337128375,3620.1130045134405,10.925920685695882,39553.067560570074,4035.1484009706364,90.14345567348677,5397.2974482442096,6.8004884795517917,53.972974482442098,0.11707327174554874]
[null,"Standard",110,185,10.373785501920286,0.81699999999999995,6978.2903418191454,233.93697458598905,913.23800319102031,0.78441707796090387,97.101351149531652,1373.4047508244564,17.867067466134895,24538.715341290746,1143.348540080166,21.575413459762288,24668.217480845178,1.2159015577505425,3848.1253754627915,10.951595788745035,42143.113656481211,4299.3812660032017,95.394771068319628,5831.1153640421353,6.6791731899765949,53.010139673110324,0.11850190673577171]
[null,"Standard",120,185,10.940254474400172,0.81699999999999995,7437.8626467411477,261.43467398356489,940.22395784368314,0.77996243537757337,99.005274149229564,1432.0486031413043,18.527781198573919,26532.683184725502,1223.5084158174359,20.866684765141436,25530.564420360024,1.2231566638724365,4011.1602803027554,11.105184403309128,44544.674583991226,4426.4269074170124,100.29146732425529,6236.2040149139002,6.5479118587014202,51.968366790949169,0.11978131026741308]
[null,"Standard",40,190,5.3235184372088851,0.81699999999999995,2560.8215325216561,55.343147425554974,456.6330139038771,0.76032252890347563,69.426969648717062,826.64130063823825,10.459880030574945,8646.5688329944078,494.67785419573795,30.412134916582925,15044.209642046519,1.1480078130800826,2016.6882287327376,10.448914786516868,21072.203453000013,2149.7566007513833,50.512759295368411,2048.8453711922239,6.4537620340473891,51.221134279805597,8.6482821716929018E-2]
[null,"Standard",50,190,6.3253198770598331,0.81699999999999995,3438.6444570437948,81.387264728879018,544.92919034603244,0.78571382634002029,76.419062505808469,974.74789898314123,11.699698698040592,11404.256724650861,602.14050635231479,28.652156743171386,17252.624169419109,1.1605433302273929,2370.0385519050028,10.610291257156002,25146.799326400323,2565.4411490604307,59.630578307056389,2812.3280019688832,7.0869557816688067,56.246560039377663,9.813796596931261E-2]
[null,"Standard",60,190,7.2516147497671097,0.81699999999999995,4295.0127720805031,109.48814171131565,650.27869560204476,0.79727983387795343,82.538212824272435,1105.2629846047671,12.847708625113926,14200.096780325826,704.99191212859944,27.171733617855644,19155.852439101,1.1726511696346547,2744.0345506895464,10.560536901101296,28978.47813045387,3061.4100943931462,67.958919914348797,3535.2459347671429,7.4239004125997505,58.920765579452379,0.10598546938391973]
[null,"Standard",70,190,8.1131280021095886,0.81699999999999995,5048.471842833038,139.42269867787743,715.77464353621849,0.79880421308818139,87.0352323507134,1217.569059789223,13.855119689738903,16869.565053902548,803.61701088634186,25.89349935794348,20808.45655541795,1.1841368871246762,3030.3633233906239,10.738612822458411,32541.898441270241,3369.7547433930495,75.608800314584528,4193.2745006189416,7.5477761142778768,59.903921437413452,0.11129232166429996]
[null,"Standard",80,190,8.9154085253577566,0.81699999999999995,5751.6071165654075,170.27308665622138,789.57996565346946,0.7953916518394194,91.069039925024299,1318.4459674105753,14.793225032255615,19504.067888774593,898.38741400325523,24.773329734283269,22256.047636232695,1.195308142233712,3324.738272910618,10.803416006396104,35918.530674640308,3717.2186226156359,82.677107536125234,4791.7540642557169,7.5468946781451463,59.89692580319646,0.11474475115822563]
[null,"Standard",90,190,9.6648102370225697,0.81699999999999995,6386.6029602796407,201.70500273877576,862.72627594403548,0.79002264553591817,94.330694410080952,1409.1841265244686,15.662050158729786,22070.712472512048,989.57313306004858,23.778490703940005,23530.555545337149,1.2063258873669911,3611.3204876079035,10.834173615967753,39125.673145645349,4061.5799775325941,89.232938498478433,5322.1716815968293,7.4509238813934475,59.135240906631438,0.11671104583130518]
[null,"Standard",100,190,10.366990214836079,0.81699999999999995,6937.7309741143918,233.89898255123649,879.34835019046909,0.78447735052640111,96.596647933587292,1488.3532594781718,16.415583715902709,24432.187529800598,1077.3805029458072,22.884872970406654,24655.715950707632,1.2154813165405918,3777.3529570417613,11.136444938892184,42066.283220857149,4139.8340957006076,95.328517392455666,5824.4836413726862,7.3387346690292388,58.244836413726858,0.11865415363859377]
[null,"Standard",110,190,11.024615605017404,0.81699999999999995,7518.7107919475693,265.55032302562472,956.15883461130397,0.7792983859759004,99.442952906200361,1563.7072531120682,17.179109908419075,26863.098765804305,1162.0732725444632,22.077907810955658,25656.146580812205,1.2243285411217508,4060.1226241628092,11.063717070612666,44920.047985730766,4501.4458076504579,101.02141325327236,6297.0016343106408,7.2128163940099537,57.245469402824007,0.11989893595674672]
[null,"Standard",120,190,11.643080973831008,0.81699999999999995,8021.0946745545998,297.44968198476363,986.62209611719834,0.77445793978832711,101.40935526094594,1630.3660235187649,17.850597399986615,29103.007500450582,1243.7761442329438,21.342397735937201,26545.165164689879,1.2319686415806805,4241.0291500337444,11.212714547634828,47553.44924752674,4644.8620642693841,106.34219809299069,6737.0228964526377,7.0737634642047968,56.141857470438644,0.12106458440229959]

{"sheet":"GETEM-Excel Max BE vs. Temp","index":9,"n_rows":14,"n_cols":4,"rows_kept":14,"cut":false,"hidden":false,"merged":[]}
[]
[null,"Maximum brine effectiveness (Plant Efficiency = 100%) vs. Plant Brine Efficiency (W/lb/hr) from SAM for Binary Plant"]
[null,"Plant Efficiency (%)","Resource Temperature ('C)","Plant Brine Efficiency"]
[null,100,150,7.2186300000000001]
[null,100,155,7.5897399999999999]
[null,100,160,7.9600499999999998]
[null,100,165,8.3300699999999992]
[null,100,170,8.70031]
[null,100,175,9.0712299999999999]
[null,100,180,10.2996]
[null,100,185,10.701700000000001]
[null,100,190,11.097799999999999]
[null,100,195,11.488300000000001]
[null,100,200,11.8736]